{"id":22638,"date":"2025-08-01T16:53:43","date_gmt":"2025-08-01T14:53:43","guid":{"rendered":"https:\/\/uj.adatbank.ro\/lexikon\/termek\/tamas-ibolya-%c2%a7\/"},"modified":"2025-08-01T16:53:43","modified_gmt":"2025-08-01T14:53:43","slug":"tamas-ibolya-%c2%a7","status":"publish","type":"product","link":"https:\/\/uj.adatbank.ro\/lexikon\/termek\/tamas-ibolya-%c2%a7\/","title":{"rendered":"TAM\u00c1S Ibolya, \u00a7"},"content":{"rendered":"<p>? \u2020 Sz\u00e1szr\u00e9gen, 2010. m\u00e1rc. 15?: n\u00e9pm\u0171vel\u0151. \u2013 A sz\u00e1szr\u00e9geni m\u0171vel\u0151d\u00e9si h\u00e1z el\u0151ad\u00f3ja, szakreferense. A sz\u00e1szr\u00e9geni n\u00e9psz\u00ednh\u00e1z kezdem\u00e9nyez\u00e9s\u00e9re j\u00f6tt l\u00e9tre a Humana Regun Egyes\u00fclet \u00e9s a Kem\u00e9ny J\u00e1nos nev\u00e9t visel\u0151 sz\u00ednj\u00e1tsz\u00f3 csoport, ahol a b\u00e1bosok \u00e9s a t\u00e1nccsoport vezet\u0151 m\u0171k\u00f6dtet\u0151je, szervez\u0151je. <br \/><strong>\u2013 Irod.:<\/strong> B\u00f6l\u00f6ni Domokos: Lobog\u00e1sra sz\u00fcletett (N\u00fa., 2010. m\u00e1rc. 23).<\/br><\/p>\n","protected":false},"excerpt":{"rendered":"<p>? \u2020 Sz\u00e1szr\u00e9gen, 2010. m\u00e1rc. 15?: n\u00e9pm\u0171vel\u0151. \u2013 A sz\u00e1szr\u00e9geni m\u0171vel\u0151d\u00e9si h\u00e1z el\u0151ad\u00f3ja, szakreferense. A sz\u00e1szr\u00e9geni n\u00e9psz\u00ednh\u00e1z kezdem\u00e9nyez\u00e9s\u00e9re j\u00f6tt l\u00e9tre a Humana Regun Egyes\u00fclet \u00e9s a Kem\u00e9ny J\u00e1nos nev\u00e9t visel\u0151 sz\u00ednj\u00e1tsz\u00f3 csoport, ahol a b\u00e1bosok \u00e9s a t\u00e1nccsoport vezet\u0151 m\u0171k\u00f6dtet\u0151je, szervez\u0151je. \u2013 Irod.: B\u00f6l\u00f6ni Domokos: Lobog\u00e1sra sz\u00fcletett (N\u00fa., 2010. m\u00e1rc. 23).<\/p>\n","protected":false},"featured_media":0,"comment_status":"open","ping_status":"closed","template":"","meta":[],"product_brand":[],"product_cat":[137],"product_tag":[],"class_list":{"0":"post-22638","1":"product","2":"type-product","3":"status-publish","5":"product_cat-maros-megyei-eletrajzi-lexikon","7":"first","8":"instock","9":"shipping-taxable","10":"product-type-simple"},"_links":{"self":[{"href":"https:\/\/uj.adatbank.ro\/lexikon\/wp-json\/wp\/v2\/product\/22638","targetHints":{"allow":["GET"]}}],"collection":[{"href":"https:\/\/uj.adatbank.ro\/lexikon\/wp-json\/wp\/v2\/product"}],"about":[{"href":"https:\/\/uj.adatbank.ro\/lexikon\/wp-json\/wp\/v2\/types\/product"}],"replies":[{"embeddable":true,"href":"https:\/\/uj.adatbank.ro\/lexikon\/wp-json\/wp\/v2\/comments?post=22638"}],"wp:attachment":[{"href":"https:\/\/uj.adatbank.ro\/lexikon\/wp-json\/wp\/v2\/media?parent=22638"}],"wp:term":[{"taxonomy":"product_brand","embeddable":true,"href":"https:\/\/uj.adatbank.ro\/lexikon\/wp-json\/wp\/v2\/product_brand?post=22638"},{"taxonomy":"product_cat","embeddable":true,"href":"https:\/\/uj.adatbank.ro\/lexikon\/wp-json\/wp\/v2\/product_cat?post=22638"},{"taxonomy":"product_tag","embeddable":true,"href":"https:\/\/uj.adatbank.ro\/lexikon\/wp-json\/wp\/v2\/product_tag?post=22638"}],"curies":[{"name":"wp","href":"https:\/\/api.w.org\/{rel}","templated":true}]}}

TAMÁS Ibolya, §

<p>? † Szászrégen, 2010. márc. 15?: népművelő. – A szászrégeni művelődési ház előadója, szakreferense. A szászrégeni népszínház kezdeményezésére jött létre a Humana Regun Egyesület és a Kemény János nevét viselő színjátszó csoport, ahol a bábosok és a tánccsoport vezető működtetője, szervezője. <br /><strong>– Irod.:</strong> Bölöni Domokos: Lobogásra született (Nú., 2010. márc. 23).</br></p>

<p>? † Szászrégen, 2010. márc. 15?: népművelő. – A szászrégeni művelődési ház előadója, szakreferense. A szászrégeni népszínház kezdeményezésére jött létre a Humana Regun Egyesület és a Kemény János nevét viselő színjátszó csoport, ahol a bábosok és a tánccsoport vezető működtetője, szervezője. – Irod.: Bölöni Domokos: Lobogásra született (Nú., 2010. márc. 23).</p>
