{"id":22642,"date":"2025-08-01T16:53:52","date_gmt":"2025-08-01T14:53:52","guid":{"rendered":"https:\/\/uj.adatbank.ro\/lexikon\/termek\/tamas-janos-%c2%a7\/"},"modified":"2025-08-01T16:53:52","modified_gmt":"2025-08-01T14:53:52","slug":"tamas-janos-%c2%a7","status":"publish","type":"product","link":"https:\/\/uj.adatbank.ro\/lexikon\/termek\/tamas-janos-%c2%a7\/","title":{"rendered":"TAM\u00c1S J\u00e1nos, \u00a7"},"content":{"rendered":"<p>? \u2020 Debrecen., 1923: sportol\u00f3, atl\u00e9ta. \u2013 A MSE atl\u00e9tikai szakoszt\u00e1ly\u00e1ban versenyzett mint fut\u00f3 \u00e9s t\u00e1volugr\u00f3, h\u00e1rmasugr\u00f3. Az aradi orsz\u00e1gos verseny gy\u0151ztesei k\u00f6z\u00f6tt volt (1920. okt. 17.). Korai hal\u00e1la egy \u00edg\u00e9retes p\u00e1lyafut\u00e1snak vetett v\u00e9get. A mag\u00e1n\u00e9letben is kit\u0171nt nyelvtud\u00e1s\u00e1val \u00e9s intelligenci\u00e1j\u00e1val. Orvosi kezel\u00e9sen volt Debrecenben ott halt meg. Eml\u00e9k\u00e9t a r\u00f3la elnevezett \u201eTam\u00e1s J\u00e1nos v\u00e1ndord\u00edj\u201d alap\u00edt\u00e1s\u00e1val \u00f6r\u00f6k\u00edtette meg egyes\u00fclete. <br \/><strong>\u2013 Irod.:<\/strong> Illy\u00e9s.<\/br><\/p>\n","protected":false},"excerpt":{"rendered":"<p>? \u2020 Debrecen., 1923: sportol\u00f3, atl\u00e9ta. \u2013 A MSE atl\u00e9tikai szakoszt\u00e1ly\u00e1ban versenyzett mint fut\u00f3 \u00e9s t\u00e1volugr\u00f3, h\u00e1rmasugr\u00f3. Az aradi orsz\u00e1gos verseny gy\u0151ztesei k\u00f6z\u00f6tt volt (1920. okt. 17.). Korai hal\u00e1la egy \u00edg\u00e9retes p\u00e1lyafut\u00e1snak vetett v\u00e9get. A mag\u00e1n\u00e9letben is kit\u0171nt nyelvtud\u00e1s\u00e1val \u00e9s intelligenci\u00e1j\u00e1val. Orvosi kezel\u00e9sen volt Debrecenben ott halt meg. Eml\u00e9k\u00e9t a r\u00f3la elnevezett \u201eTam\u00e1s J\u00e1nos v\u00e1ndord\u00edj\u201d [&hellip;]<\/p>\n","protected":false},"featured_media":0,"comment_status":"open","ping_status":"closed","template":"","meta":[],"product_brand":[],"product_cat":[137],"product_tag":[],"class_list":{"0":"post-22642","1":"product","2":"type-product","3":"status-publish","5":"product_cat-maros-megyei-eletrajzi-lexikon","7":"first","8":"instock","9":"shipping-taxable","10":"product-type-simple"},"_links":{"self":[{"href":"https:\/\/uj.adatbank.ro\/lexikon\/wp-json\/wp\/v2\/product\/22642","targetHints":{"allow":["GET"]}}],"collection":[{"href":"https:\/\/uj.adatbank.ro\/lexikon\/wp-json\/wp\/v2\/product"}],"about":[{"href":"https:\/\/uj.adatbank.ro\/lexikon\/wp-json\/wp\/v2\/types\/product"}],"replies":[{"embeddable":true,"href":"https:\/\/uj.adatbank.ro\/lexikon\/wp-json\/wp\/v2\/comments?post=22642"}],"wp:attachment":[{"href":"https:\/\/uj.adatbank.ro\/lexikon\/wp-json\/wp\/v2\/media?parent=22642"}],"wp:term":[{"taxonomy":"product_brand","embeddable":true,"href":"https:\/\/uj.adatbank.ro\/lexikon\/wp-json\/wp\/v2\/product_brand?post=22642"},{"taxonomy":"product_cat","embeddable":true,"href":"https:\/\/uj.adatbank.ro\/lexikon\/wp-json\/wp\/v2\/product_cat?post=22642"},{"taxonomy":"product_tag","embeddable":true,"href":"https:\/\/uj.adatbank.ro\/lexikon\/wp-json\/wp\/v2\/product_tag?post=22642"}],"curies":[{"name":"wp","href":"https:\/\/api.w.org\/{rel}","templated":true}]}}

TAMÁS János, §

<p>? † Debrecen., 1923: sportoló, atléta. – A MSE atlétikai szakosztályában versenyzett mint futó és távolugró, hármasugró. Az aradi országos verseny győztesei között volt (1920. okt. 17.). Korai halála egy ígéretes pályafutásnak vetett véget. A magánéletben is kitűnt nyelvtudásával és intelligenciájával. Orvosi kezelésen volt Debrecenben ott halt meg. Emlékét a róla elnevezett „Tamás János vándordíj” alapításával örökítette meg egyesülete. <br /><strong>– Irod.:</strong> Illyés.</br></p>

<p>? † Debrecen., 1923: sportoló, atléta. – A MSE atlétikai szakosztályában versenyzett mint futó és távolugró, hármasugró. Az aradi országos verseny győztesei között volt (1920. okt. 17.). Korai halála egy ígéretes pályafutásnak vetett véget. A magánéletben is kitűnt nyelvtudásával és intelligenciájával. Orvosi kezelésen volt Debrecenben ott halt meg. Emlékét a róla elnevezett „Tamás János vándordíj” [&hellip;]</p>
