{"id":22643,"date":"2025-08-01T16:53:55","date_gmt":"2025-08-01T14:53:55","guid":{"rendered":"https:\/\/uj.adatbank.ro\/lexikon\/termek\/tamas-jeno\/"},"modified":"2025-08-01T16:53:55","modified_gmt":"2025-08-01T14:53:55","slug":"tamas-jeno","status":"publish","type":"product","link":"https:\/\/uj.adatbank.ro\/lexikon\/termek\/tamas-jeno\/","title":{"rendered":"TAM\u00c1S Jen\u0151"},"content":{"rendered":"<p>? \u2020 ?: \u00f3r\u00e1s. \u2013 Mv. k\u00f6zpontj\u00e1ban az els\u0151, h\u00edress\u00e9 v\u00e1lt vir\u00e1g\u00f3r\u00e1t k\u00e9sz\u00edtette, amelyet az\u00f3ta a v\u00e1ros egyik jelk\u00e9pek\u00e9nt tartanak sz\u00e1mon, \u00e9s minden \u00e9vben \u00fajrak\u00e9sz\u00edtik. A zsid\u00f3k gett\u00f3s\u00edt\u00e1sa ut\u00e1n (1944. m\u00e1j. 2\u20133.) a m. hat\u00f3s\u00e1gok letart\u00f3ztatt\u00e1k \u00e9s k\u00f6vetelt\u00e9k, h. adja le a zsid\u00f3k \u00e1ltal n\u00e1la let\u00e9tbe helyezett \u00e9kszereket \u00e9s \u00e9rt\u00e9keket. Lax J\u00f3zsef jelentette fel, aki n\u00e1la seg\u00e9dk\u00e9nt dolgozott (csak \u0151 tudott az eldugott \u00e9kszerekr\u0151l). A csend\u0151r\u00f6k magabiztosan fedt\u00e9k fel az \u00e9kszerek rejtekhely\u00e9t. B\u00f6rt\u00f6nre \u00edt\u00e9lt\u00e9k. <br \/><strong>\u2013 Irod.:<\/strong> B\u0103la\u015f\u2013Kocsis.<\/br><\/p>\n","protected":false},"excerpt":{"rendered":"<p>? \u2020 ?: \u00f3r\u00e1s. \u2013 Mv. k\u00f6zpontj\u00e1ban az els\u0151, h\u00edress\u00e9 v\u00e1lt vir\u00e1g\u00f3r\u00e1t k\u00e9sz\u00edtette, amelyet az\u00f3ta a v\u00e1ros egyik jelk\u00e9pek\u00e9nt tartanak sz\u00e1mon, \u00e9s minden \u00e9vben \u00fajrak\u00e9sz\u00edtik. A zsid\u00f3k gett\u00f3s\u00edt\u00e1sa ut\u00e1n (1944. m\u00e1j. 2\u20133.) a m. hat\u00f3s\u00e1gok letart\u00f3ztatt\u00e1k \u00e9s k\u00f6vetelt\u00e9k, h. adja le a zsid\u00f3k \u00e1ltal n\u00e1la let\u00e9tbe helyezett \u00e9kszereket \u00e9s \u00e9rt\u00e9keket. Lax J\u00f3zsef jelentette fel, aki [&hellip;]<\/p>\n","protected":false},"featured_media":0,"comment_status":"open","ping_status":"closed","template":"","meta":[],"product_brand":[],"product_cat":[137],"product_tag":[],"class_list":{"0":"post-22643","1":"product","2":"type-product","3":"status-publish","5":"product_cat-maros-megyei-eletrajzi-lexikon","7":"first","8":"instock","9":"shipping-taxable","10":"product-type-simple"},"_links":{"self":[{"href":"https:\/\/uj.adatbank.ro\/lexikon\/wp-json\/wp\/v2\/product\/22643","targetHints":{"allow":["GET"]}}],"collection":[{"href":"https:\/\/uj.adatbank.ro\/lexikon\/wp-json\/wp\/v2\/product"}],"about":[{"href":"https:\/\/uj.adatbank.ro\/lexikon\/wp-json\/wp\/v2\/types\/product"}],"replies":[{"embeddable":true,"href":"https:\/\/uj.adatbank.ro\/lexikon\/wp-json\/wp\/v2\/comments?post=22643"}],"wp:attachment":[{"href":"https:\/\/uj.adatbank.ro\/lexikon\/wp-json\/wp\/v2\/media?parent=22643"}],"wp:term":[{"taxonomy":"product_brand","embeddable":true,"href":"https:\/\/uj.adatbank.ro\/lexikon\/wp-json\/wp\/v2\/product_brand?post=22643"},{"taxonomy":"product_cat","embeddable":true,"href":"https:\/\/uj.adatbank.ro\/lexikon\/wp-json\/wp\/v2\/product_cat?post=22643"},{"taxonomy":"product_tag","embeddable":true,"href":"https:\/\/uj.adatbank.ro\/lexikon\/wp-json\/wp\/v2\/product_tag?post=22643"}],"curies":[{"name":"wp","href":"https:\/\/api.w.org\/{rel}","templated":true}]}}

TAMÁS Jenő

<p>? † ?: órás. – Mv. központjában az első, híressé vált virágórát készítette, amelyet azóta a város egyik jelképeként tartanak számon, és minden évben újrakészítik. A zsidók gettósítása után (1944. máj. 2–3.) a m. hatóságok letartóztatták és követelték, h. adja le a zsidók által nála letétbe helyezett ékszereket és értékeket. Lax József jelentette fel, aki nála segédként dolgozott (csak ő tudott az eldugott ékszerekről). A csendőrök magabiztosan fedték fel az ékszerek rejtekhelyét. Börtönre ítélték. <br /><strong>– Irod.:</strong> Bălaş–Kocsis.</br></p>

<p>? † ?: órás. – Mv. központjában az első, híressé vált virágórát készítette, amelyet azóta a város egyik jelképeként tartanak számon, és minden évben újrakészítik. A zsidók gettósítása után (1944. máj. 2–3.) a m. hatóságok letartóztatták és követelték, h. adja le a zsidók által nála letétbe helyezett ékszereket és értékeket. Lax József jelentette fel, aki [&hellip;]</p>
