{"id":22647,"date":"2025-08-01T16:54:06","date_gmt":"2025-08-01T14:54:06","guid":{"rendered":"https:\/\/uj.adatbank.ro\/lexikon\/termek\/tamas-karoly\/"},"modified":"2025-08-01T16:54:06","modified_gmt":"2025-08-01T14:54:06","slug":"tamas-karoly","status":"publish","type":"product","link":"https:\/\/uj.adatbank.ro\/lexikon\/termek\/tamas-karoly\/","title":{"rendered":"TAM\u00c1S K\u00e1roly"},"content":{"rendered":"<p>? \u2020 ?: tan\u00e1r. \u2013  <strong>F. m..:<\/strong> A v\u00e9r metafizik\u00e1ja: A h\u00e1bor\u00fa vil\u00e1gelvi jelent\u0151s\u00e9ge (Mv., \u00e9.n.); A polg\u00e1ri iskola \u00e9s a t\u00e1rsadalmi k\u00e9rd\u00e9s (Beszterce, 1908); T\u00f6rt\u00e9nelmi felolvas\u00e1sok (Beszterce, 1914). <br \/><strong>\u2013 Irod.:<\/strong> F\u00fcl\u00f6p\u2013Ferencz.<\/br><\/p>\n","protected":false},"excerpt":{"rendered":"<p>? \u2020 ?: tan\u00e1r. \u2013 F. m..: A v\u00e9r metafizik\u00e1ja: A h\u00e1bor\u00fa vil\u00e1gelvi jelent\u0151s\u00e9ge (Mv., \u00e9.n.); A polg\u00e1ri iskola \u00e9s a t\u00e1rsadalmi k\u00e9rd\u00e9s (Beszterce, 1908); T\u00f6rt\u00e9nelmi felolvas\u00e1sok (Beszterce, 1914). \u2013 Irod.: F\u00fcl\u00f6p\u2013Ferencz.<\/p>\n","protected":false},"featured_media":0,"comment_status":"open","ping_status":"closed","template":"","meta":[],"product_brand":[],"product_cat":[137],"product_tag":[],"class_list":{"0":"post-22647","1":"product","2":"type-product","3":"status-publish","5":"product_cat-maros-megyei-eletrajzi-lexikon","7":"first","8":"instock","9":"shipping-taxable","10":"product-type-simple"},"_links":{"self":[{"href":"https:\/\/uj.adatbank.ro\/lexikon\/wp-json\/wp\/v2\/product\/22647","targetHints":{"allow":["GET"]}}],"collection":[{"href":"https:\/\/uj.adatbank.ro\/lexikon\/wp-json\/wp\/v2\/product"}],"about":[{"href":"https:\/\/uj.adatbank.ro\/lexikon\/wp-json\/wp\/v2\/types\/product"}],"replies":[{"embeddable":true,"href":"https:\/\/uj.adatbank.ro\/lexikon\/wp-json\/wp\/v2\/comments?post=22647"}],"wp:attachment":[{"href":"https:\/\/uj.adatbank.ro\/lexikon\/wp-json\/wp\/v2\/media?parent=22647"}],"wp:term":[{"taxonomy":"product_brand","embeddable":true,"href":"https:\/\/uj.adatbank.ro\/lexikon\/wp-json\/wp\/v2\/product_brand?post=22647"},{"taxonomy":"product_cat","embeddable":true,"href":"https:\/\/uj.adatbank.ro\/lexikon\/wp-json\/wp\/v2\/product_cat?post=22647"},{"taxonomy":"product_tag","embeddable":true,"href":"https:\/\/uj.adatbank.ro\/lexikon\/wp-json\/wp\/v2\/product_tag?post=22647"}],"curies":[{"name":"wp","href":"https:\/\/api.w.org\/{rel}","templated":true}]}}