{"id":22648,"date":"2025-08-01T16:54:08","date_gmt":"2025-08-01T14:54:08","guid":{"rendered":"https:\/\/uj.adatbank.ro\/lexikon\/termek\/tamas-klara-tamas-blajer-klara\/"},"modified":"2025-08-01T16:54:08","modified_gmt":"2025-08-01T14:54:08","slug":"tamas-klara-tamas-blajer-klara","status":"publish","type":"product","link":"https:\/\/uj.adatbank.ro\/lexikon\/termek\/tamas-klara-tamas-blajer-klara\/","title":{"rendered":"TAM\u00c1S Kl\u00e1ra, Tam\u00e1s Blajer Kl\u00e1ra"},"content":{"rendered":"<p>Mv., 1946. aug. 20, \u2020 Bp., 2021. m\u00e1rc. 4.: k\u00e9pz\u0151m\u0171v\u00e9sz, grafikus. \u2013 Kv.-on a Ion Andreescu K\u00e9pz\u0151m\u0171v\u00e9szeti F\u0151iskola hallgat\u00f3ja (1964\u20131970). Grafikai szerkeszt\u0151 a buk.-i Meridiane, majd a Kriterion K\u00f6nyvkiad\u00f3ban (1970\u20131981). New Yorkban \u00e9lt (1992\u20132014), itt m\u0171k\u00f6dtette a Symbol Gallery ki\u00e1ll\u00edt\u00f3teret (2004\u20132009). Magyar \u00e1llampolg\u00e1r lett (2011) \u00e9s Bp.-re k\u00f6lt\u00f6z\u00f6tt (2014\u2013). ARTaltar n\u00e9ven nyitotta meg a lak\u00e1sgal\u00e9ri\u00e1j\u00e1t (2015). Sokoldal\u00fa m\u0171v\u00e9sz: k\u00f6nyv-, plak\u00e1t tervez\u0151, monument\u00e1lis falik\u00e1rpitokat k\u00e9sz\u00edtett, r\u00e9zkarcokat, f\u00e9nyk\u00e9peket. Tanulm\u00e1nyi \u00f6szt\u00f6nd\u00edjakat kapott: Ion Andreescu (1970), a Rom\u00e1niai K\u00e9pz\u0151m\u0171v\u00e9szek Sz\u00f6vets\u00e9ge (1973), Krakk\u00f3: v\u00e1s\u00e1rl\u00e1si d\u00edj (1976), Schechin M\u00fazeum d\u00edja (1980). Gold \u2013Hugo-d\u00edj, a Chicago Film Fesztiv\u00e1l (1984), International Visitor Grant, USA (1987). <br \/><strong>\u2013 Irod.:<\/strong> 100 \u00e9v; Elhunyt Tam\u00e1s Kl\u00e1ra m\u0171v\u00e9sz (Kr\u00f3nika, 2021. m\u00e1rc. 11.); Szab\u00f3\u2013K\u00e1llai.<\/br><\/p>\n","protected":false},"excerpt":{"rendered":"<p>Mv., 1946. aug. 20, \u2020 Bp., 2021. m\u00e1rc. 4.: k\u00e9pz\u0151m\u0171v\u00e9sz, grafikus. \u2013 Kv.-on a Ion Andreescu K\u00e9pz\u0151m\u0171v\u00e9szeti F\u0151iskola hallgat\u00f3ja (1964\u20131970). Grafikai szerkeszt\u0151 a buk.-i Meridiane, majd a Kriterion K\u00f6nyvkiad\u00f3ban (1970\u20131981). New Yorkban \u00e9lt (1992\u20132014), itt m\u0171k\u00f6dtette a Symbol Gallery ki\u00e1ll\u00edt\u00f3teret (2004\u20132009). Magyar \u00e1llampolg\u00e1r lett (2011) \u00e9s Bp.-re k\u00f6lt\u00f6z\u00f6tt (2014\u2013). ARTaltar n\u00e9ven nyitotta meg a lak\u00e1sgal\u00e9ri\u00e1j\u00e1t [&hellip;]<\/p>\n","protected":false},"featured_media":0,"comment_status":"open","ping_status":"closed","template":"","meta":[],"product_brand":[],"product_cat":[137],"product_tag":[],"class_list":{"0":"post-22648","1":"product","2":"type-product","3":"status-publish","5":"product_cat-maros-megyei-eletrajzi-lexikon","7":"first","8":"instock","9":"shipping-taxable","10":"product-type-simple"},"_links":{"self":[{"href":"https:\/\/uj.adatbank.ro\/lexikon\/wp-json\/wp\/v2\/product\/22648","targetHints":{"allow":["GET"]}}],"collection":[{"href":"https:\/\/uj.adatbank.ro\/lexikon\/wp-json\/wp\/v2\/product"}],"about":[{"href":"https:\/\/uj.adatbank.ro\/lexikon\/wp-json\/wp\/v2\/types\/product"}],"replies":[{"embeddable":true,"href":"https:\/\/uj.adatbank.ro\/lexikon\/wp-json\/wp\/v2\/comments?post=22648"}],"wp:attachment":[{"href":"https:\/\/uj.adatbank.ro\/lexikon\/wp-json\/wp\/v2\/media?parent=22648"}],"wp:term":[{"taxonomy":"product_brand","embeddable":true,"href":"https:\/\/uj.adatbank.ro\/lexikon\/wp-json\/wp\/v2\/product_brand?post=22648"},{"taxonomy":"product_cat","embeddable":true,"href":"https:\/\/uj.adatbank.ro\/lexikon\/wp-json\/wp\/v2\/product_cat?post=22648"},{"taxonomy":"product_tag","embeddable":true,"href":"https:\/\/uj.adatbank.ro\/lexikon\/wp-json\/wp\/v2\/product_tag?post=22648"}],"curies":[{"name":"wp","href":"https:\/\/api.w.org\/{rel}","templated":true}]}}

TAMÁS Klára, Tamás Blajer Klára

<p>Mv., 1946. aug. 20, † Bp., 2021. márc. 4.: képzőművész, grafikus. – Kv.-on a Ion Andreescu Képzőművészeti Főiskola hallgatója (1964–1970). Grafikai szerkesztő a buk.-i Meridiane, majd a Kriterion Könyvkiadóban (1970–1981). New Yorkban élt (1992–2014), itt működtette a Symbol Gallery kiállítóteret (2004–2009). Magyar állampolgár lett (2011) és Bp.-re költözött (2014–). ARTaltar néven nyitotta meg a lakásgalériáját (2015). Sokoldalú művész: könyv-, plakát tervező, monumentális falikárpitokat készített, rézkarcokat, fényképeket. Tanulmányi ösztöndíjakat kapott: Ion Andreescu (1970), a Romániai Képzőművészek Szövetsége (1973), Krakkó: vásárlási díj (1976), Schechin Múzeum díja (1980). Gold –Hugo-díj, a Chicago Film Fesztivál (1984), International Visitor Grant, USA (1987). <br /><strong>– Irod.:</strong> 100 év; Elhunyt Tamás Klára művész (Krónika, 2021. márc. 11.); Szabó–Kállai.</br></p>

<p>Mv., 1946. aug. 20, † Bp., 2021. márc. 4.: képzőművész, grafikus. – Kv.-on a Ion Andreescu Képzőművészeti Főiskola hallgatója (1964–1970). Grafikai szerkesztő a buk.-i Meridiane, majd a Kriterion Könyvkiadóban (1970–1981). New Yorkban élt (1992–2014), itt működtette a Symbol Gallery kiállítóteret (2004–2009). Magyar állampolgár lett (2011) és Bp.-re költözött (2014–). ARTaltar néven nyitotta meg a lakásgalériáját [&hellip;]</p>
