{"id":22649,"date":"2025-08-01T16:54:12","date_gmt":"2025-08-01T14:54:12","guid":{"rendered":"https:\/\/uj.adatbank.ro\/lexikon\/termek\/tamas-lajos\/"},"modified":"2025-08-01T16:54:12","modified_gmt":"2025-08-01T14:54:12","slug":"tamas-lajos","status":"publish","type":"product","link":"https:\/\/uj.adatbank.ro\/lexikon\/termek\/tamas-lajos\/","title":{"rendered":"TAM\u00c1S Lajos"},"content":{"rendered":"<p>G\u00f6rg\u00e9nyszentimre, 1904., \u2020 ?: t\u00e9glagy\u00e1rt\u00f3. \u2013 Munkaszolg\u00e1latos katonak\u00e9nt tanulta meg a t\u00e9glavet\u00e9s fort\u00e9lyait. (1926\u201327). Csal\u00e1dj\u00e1val Ny\u00e1r\u00e1dk\u00f6szv\u00e9nyesre k\u00f6lt\u00f6z\u00f6tt, itt hasznos\u00edtotta t\u00e9glagy\u00e1rt\u00e1si ismereteit. V\u00e9g\u00fcl Jobb\u00e1gyfalv\u00e1n t\u00e9glagy\u00e1rt\u00f3 m\u0171helyt l\u00e9tes\u00edtett (1936\u2013), 8\u201310 alkalmazottal dolgozott (1940-es \u00e9vekben). A m\u0171helyt \u00e1llamos\u00edtott\u00e1k (1948), kisg\u00e9pes\u00edtett \u00fczemm\u00e9 alakult, a munk\u00e1sok sz\u00e1ma 25\u201330, majd 87, \u00e9s \u00e9vi 12 milli\u00f3 t\u00e9gl\u00e1t termelt (1969), megsz\u0171nt a 2000 \u00e9vek elej\u00e9n. <br \/><strong>\u2013 Irod.:<\/strong> Cs\u00edkfalva.<\/br><\/p>\n","protected":false},"excerpt":{"rendered":"<p>G\u00f6rg\u00e9nyszentimre, 1904., \u2020 ?: t\u00e9glagy\u00e1rt\u00f3. \u2013 Munkaszolg\u00e1latos katonak\u00e9nt tanulta meg a t\u00e9glavet\u00e9s fort\u00e9lyait. (1926\u201327). Csal\u00e1dj\u00e1val Ny\u00e1r\u00e1dk\u00f6szv\u00e9nyesre k\u00f6lt\u00f6z\u00f6tt, itt hasznos\u00edtotta t\u00e9glagy\u00e1rt\u00e1si ismereteit. V\u00e9g\u00fcl Jobb\u00e1gyfalv\u00e1n t\u00e9glagy\u00e1rt\u00f3 m\u0171helyt l\u00e9tes\u00edtett (1936\u2013), 8\u201310 alkalmazottal dolgozott (1940-es \u00e9vekben). A m\u0171helyt \u00e1llamos\u00edtott\u00e1k (1948), kisg\u00e9pes\u00edtett \u00fczemm\u00e9 alakult, a munk\u00e1sok sz\u00e1ma 25\u201330, majd 87, \u00e9s \u00e9vi 12 milli\u00f3 t\u00e9gl\u00e1t termelt (1969), megsz\u0171nt a 2000 [&hellip;]<\/p>\n","protected":false},"featured_media":0,"comment_status":"open","ping_status":"closed","template":"","meta":[],"product_brand":[],"product_cat":[137],"product_tag":[],"class_list":{"0":"post-22649","1":"product","2":"type-product","3":"status-publish","5":"product_cat-maros-megyei-eletrajzi-lexikon","7":"first","8":"instock","9":"shipping-taxable","10":"product-type-simple"},"_links":{"self":[{"href":"https:\/\/uj.adatbank.ro\/lexikon\/wp-json\/wp\/v2\/product\/22649","targetHints":{"allow":["GET"]}}],"collection":[{"href":"https:\/\/uj.adatbank.ro\/lexikon\/wp-json\/wp\/v2\/product"}],"about":[{"href":"https:\/\/uj.adatbank.ro\/lexikon\/wp-json\/wp\/v2\/types\/product"}],"replies":[{"embeddable":true,"href":"https:\/\/uj.adatbank.ro\/lexikon\/wp-json\/wp\/v2\/comments?post=22649"}],"wp:attachment":[{"href":"https:\/\/uj.adatbank.ro\/lexikon\/wp-json\/wp\/v2\/media?parent=22649"}],"wp:term":[{"taxonomy":"product_brand","embeddable":true,"href":"https:\/\/uj.adatbank.ro\/lexikon\/wp-json\/wp\/v2\/product_brand?post=22649"},{"taxonomy":"product_cat","embeddable":true,"href":"https:\/\/uj.adatbank.ro\/lexikon\/wp-json\/wp\/v2\/product_cat?post=22649"},{"taxonomy":"product_tag","embeddable":true,"href":"https:\/\/uj.adatbank.ro\/lexikon\/wp-json\/wp\/v2\/product_tag?post=22649"}],"curies":[{"name":"wp","href":"https:\/\/api.w.org\/{rel}","templated":true}]}}

TAMÁS Lajos

<p>Görgényszentimre, 1904., † ?: téglagyártó. – Munkaszolgálatos katonaként tanulta meg a téglavetés fortélyait. (1926–27). Családjával Nyárádköszvényesre költözött, itt hasznosította téglagyártási ismereteit. Végül Jobbágyfalván téglagyártó műhelyt létesített (1936–), 8–10 alkalmazottal dolgozott (1940-es években). A műhelyt államosították (1948), kisgépesített üzemmé alakult, a munkások száma 25–30, majd 87, és évi 12 millió téglát termelt (1969), megszűnt a 2000 évek elején. <br /><strong>– Irod.:</strong> Csíkfalva.</br></p>

<p>Görgényszentimre, 1904., † ?: téglagyártó. – Munkaszolgálatos katonaként tanulta meg a téglavetés fortélyait. (1926–27). Családjával Nyárádköszvényesre költözött, itt hasznosította téglagyártási ismereteit. Végül Jobbágyfalván téglagyártó műhelyt létesített (1936–), 8–10 alkalmazottal dolgozott (1940-es években). A műhelyt államosították (1948), kisgépesített üzemmé alakult, a munkások száma 25–30, majd 87, és évi 12 millió téglát termelt (1969), megszűnt a 2000 [&hellip;]</p>
