{"id":22650,"date":"2025-08-01T16:54:14","date_gmt":"2025-08-01T14:54:14","guid":{"rendered":"https:\/\/uj.adatbank.ro\/lexikon\/termek\/tamas-lajos-%c2%a7\/"},"modified":"2025-08-01T16:54:14","modified_gmt":"2025-08-01T14:54:14","slug":"tamas-lajos-%c2%a7","status":"publish","type":"product","link":"https:\/\/uj.adatbank.ro\/lexikon\/termek\/tamas-lajos-%c2%a7\/","title":{"rendered":"TAM\u00c1S Lajos, \u00a7"},"content":{"rendered":"<p>Kolozsborsa, 1924. jan. 21., \u2020 Mv., 2010. febr. 5.: agr\u00e1rm\u00e9rn\u00f6k, tudom\u00e1nyos f\u0151kutat\u00f3. \u2013 Feles\u00e9ge: Kiss Piroska (1929\u20132009. m\u00e1j. 26.). Gyermekeik: Anik\u00f3 (1954) tan\u00e1r, Andr\u00e1s (1956) m\u00e9rn\u00f6k. \u2013 A k\u00f6z\u00e9piskola als\u00f3 h\u00e1rom oszt\u00e1ly\u00e1t Nagyenyeden a Bethlen Koll.-ban v\u00e9gezte (1941\u201344), frontszolg\u00e1latos, majd hadifogs\u00e1gba ker\u00fclt (1944\u201348), D\u00e9sen fejezte be a k\u00f6z\u00e9piskol\u00e1t (1948\u201349). A kv.-i Mez\u0151gazdas\u00e1gtudom\u00e1nyi Int\u00e9zetben v\u00e9gzett (1949\u201353). Doktor\u00e1lt (1973). A Maroscsap\u00f3i \u00c1llami Gazdas\u00e1g oszt\u00e1lyvezet\u0151 f\u0151m\u00e9rn\u00f6ke (1954\u201359); a mv.-i Mez\u0151gazdas\u00e1gi L\u00edceum tangazdas\u00e1g\u00e1nak vezet\u0151je (1960\u201362); tudom\u00e1nyos kutat\u00f3, f\u0151kutat\u00f3 a Mez\u0151gazdas\u00e1gi K\u00eds\u00e9rleti \u00c1llom\u00e1son (1962\u201386), tan\u00e1r a Szent Istv\u00e1n Egyetem Ny\u00e1r\u00e1dszeredai kihelyezett \u00e9vfolyam\u00e1n a sz\u00e1nt\u00f3f\u00f6ldi n\u00f6v\u00e9nytermeszt\u00e9s szak\u00e1gban (1994\u20132003). Az Erd\u00e9lyi Gazda szerkeszt\u0151bizotts\u00e1gi tagja. Kutat\u00e1si ter\u00fclete: burgonya \u00e9s sz\u00e1nt\u00f3f\u00f6ldi takarm\u00e1nytermeszt\u00e9s. A kutat\u00f3\u00e1llom\u00e1son a cukorr\u00e9pa termel\u00e9ssel, majd a takarm\u00e1nyn\u00f6v\u00e9nyek agrotechnik\u00e1j\u00e1val: a talajmunk\u00e1latok legel\u0151ny\u00f6sebb megold\u00e1s\u00e1val, vegyszeres gyomirt\u00e1ssal \u00e9s sz\u00e1nt\u00f3f\u00f6ldi takarm\u00e1nytermeszt\u00e9ssel foglalkozott. Publik\u00e1ci\u00f3inak java r\u00e9sze rom\u00e1n nyelven jelent meg a brass\u00f3i burgonyatermeszt\u0151 K\u00eds\u00e9rleti Int\u00e9zet \u00e9vk\u00f6nyveiben. A MTA k\u00fcltagja (2001. \u00e1pr. 2. \u2013). Tagja volt az Ifj. Kereszt\u00e9ny Egyes\u00fcletnek, a RMGE Maros megyei eln\u00f6ke, orsz\u00e1gos vezet\u0151s\u00e9gi tagja. Szerkesztette a RMGE-F\u00fczeteket. 116 dolgozat szerz\u0151je a burgonya- \u00e9s sz\u00e1nt\u00f3f\u00f6ldi takarm\u00e1nytermeszt\u00e9ssel foglalkoz\u00f3 dolgozat szerz\u0151je. Cikkei: Brass\u00f3i Burgonyatermeszt\u0151 Kut. Int \u00c9vk\u00f6nyve, Falvak Dolgoz\u00f3 N\u00e9pe \/ Falvak N\u00e9pe, Erd\u00e9lyi Gazda, V\u00f6r\u00f6s Z\u00e1szl\u00f3 \/ N\u00e9p\u00fajs\u00e1g, Anale Cartoful, Fundulea, Korunkban. \u2013  <strong>F. m..:<\/strong>  <strong>t\u00e1rssz.:<\/strong> Combaterea buruienilor la principalele culturi agricole pe cale chimic\u0103 \u015fi mecanic\u0103 (Mv., 1968); Takarm\u00e1nyn\u00f6v\u00e9nyek termeszt\u00e9se (K\u00f3sa Barn\u00e1val; Buk., 1981); Lucr\u0103ri \u015ftiin\u0163ifice. <br \/><strong>\u2013 Irod.:<\/strong> EMKK 2000; Gy\u00e1rf\u00e1s L. Mikl\u00f3s: Dr. T. L. (V. Z., 1980. nov. 2.); KKACs; Lucr\u0103ri \u015ftiin\u0163ifice; Magy. kutat\u00f3k; Ny\u00e1r\u00e1dszereda-iskola; RMIL; RMKK; Todea.<\/br><\/p>\n","protected":false},"excerpt":{"rendered":"<p>Kolozsborsa, 1924. jan. 21., \u2020 Mv., 2010. febr. 5.: agr\u00e1rm\u00e9rn\u00f6k, tudom\u00e1nyos f\u0151kutat\u00f3. \u2013 Feles\u00e9ge: Kiss Piroska (1929\u20132009. m\u00e1j. 26.). Gyermekeik: Anik\u00f3 (1954) tan\u00e1r, Andr\u00e1s (1956) m\u00e9rn\u00f6k. \u2013 A k\u00f6z\u00e9piskola als\u00f3 h\u00e1rom oszt\u00e1ly\u00e1t Nagyenyeden a Bethlen Koll.-ban v\u00e9gezte (1941\u201344), frontszolg\u00e1latos, majd hadifogs\u00e1gba ker\u00fclt (1944\u201348), D\u00e9sen fejezte be a k\u00f6z\u00e9piskol\u00e1t (1948\u201349). A kv.-i Mez\u0151gazdas\u00e1gtudom\u00e1nyi Int\u00e9zetben v\u00e9gzett (1949\u201353). [&hellip;]<\/p>\n","protected":false},"featured_media":0,"comment_status":"open","ping_status":"closed","template":"","meta":[],"product_brand":[],"product_cat":[137],"product_tag":[],"class_list":{"0":"post-22650","1":"product","2":"type-product","3":"status-publish","5":"product_cat-maros-megyei-eletrajzi-lexikon","7":"first","8":"instock","9":"shipping-taxable","10":"product-type-simple"},"_links":{"self":[{"href":"https:\/\/uj.adatbank.ro\/lexikon\/wp-json\/wp\/v2\/product\/22650","targetHints":{"allow":["GET"]}}],"collection":[{"href":"https:\/\/uj.adatbank.ro\/lexikon\/wp-json\/wp\/v2\/product"}],"about":[{"href":"https:\/\/uj.adatbank.ro\/lexikon\/wp-json\/wp\/v2\/types\/product"}],"replies":[{"embeddable":true,"href":"https:\/\/uj.adatbank.ro\/lexikon\/wp-json\/wp\/v2\/comments?post=22650"}],"wp:attachment":[{"href":"https:\/\/uj.adatbank.ro\/lexikon\/wp-json\/wp\/v2\/media?parent=22650"}],"wp:term":[{"taxonomy":"product_brand","embeddable":true,"href":"https:\/\/uj.adatbank.ro\/lexikon\/wp-json\/wp\/v2\/product_brand?post=22650"},{"taxonomy":"product_cat","embeddable":true,"href":"https:\/\/uj.adatbank.ro\/lexikon\/wp-json\/wp\/v2\/product_cat?post=22650"},{"taxonomy":"product_tag","embeddable":true,"href":"https:\/\/uj.adatbank.ro\/lexikon\/wp-json\/wp\/v2\/product_tag?post=22650"}],"curies":[{"name":"wp","href":"https:\/\/api.w.org\/{rel}","templated":true}]}}

TAMÁS Lajos, §

<p>Kolozsborsa, 1924. jan. 21., † Mv., 2010. febr. 5.: agrármérnök, tudományos főkutató. – Felesége: Kiss Piroska (1929–2009. máj. 26.). Gyermekeik: Anikó (1954) tanár, András (1956) mérnök. – A középiskola alsó három osztályát Nagyenyeden a Bethlen Koll.-ban végezte (1941–44), frontszolgálatos, majd hadifogságba került (1944–48), Désen fejezte be a középiskolát (1948–49). A kv.-i Mezőgazdaságtudományi Intézetben végzett (1949–53). Doktorált (1973). A Maroscsapói Állami Gazdaság osztályvezető főmérnöke (1954–59); a mv.-i Mezőgazdasági Líceum tangazdaságának vezetője (1960–62); tudományos kutató, főkutató a Mezőgazdasági Kísérleti Állomáson (1962–86), tanár a Szent István Egyetem Nyárádszeredai kihelyezett évfolyamán a szántóföldi növénytermesztés szakágban (1994–2003). Az Erdélyi Gazda szerkesztőbizottsági tagja. Kutatási területe: burgonya és szántóföldi takarmánytermesztés. A kutatóállomáson a cukorrépa termeléssel, majd a takarmánynövények agrotechnikájával: a talajmunkálatok legelőnyösebb megoldásával, vegyszeres gyomirtással és szántóföldi takarmánytermesztéssel foglalkozott. Publikációinak java része román nyelven jelent meg a brassói burgonyatermesztő Kísérleti Intézet évkönyveiben. A MTA kültagja (2001. ápr. 2. –). Tagja volt az Ifj. Keresztény Egyesületnek, a RMGE Maros megyei elnöke, országos vezetőségi tagja. Szerkesztette a RMGE-Füzeteket. 116 dolgozat szerzője a burgonya- és szántóföldi takarmánytermesztéssel foglalkozó dolgozat szerzője. Cikkei: Brassói Burgonyatermesztő Kut. Int Évkönyve, Falvak Dolgozó Népe / Falvak Népe, Erdélyi Gazda, Vörös Zászló / Népújság, Anale Cartoful, Fundulea, Korunkban. –  <strong>F. m..:</strong>  <strong>társsz.:</strong> Combaterea buruienilor la principalele culturi agricole pe cale chimică şi mecanică (Mv., 1968); Takarmánynövények termesztése (Kósa Barnával; Buk., 1981); Lucrări ştiinţifice. <br /><strong>– Irod.:</strong> EMKK 2000; Gyárfás L. Miklós: Dr. T. L. (V. Z., 1980. nov. 2.); KKACs; Lucrări ştiinţifice; Magy. kutatók; Nyárádszereda-iskola; RMIL; RMKK; Todea.</br></p>

<p>Kolozsborsa, 1924. jan. 21., † Mv., 2010. febr. 5.: agrármérnök, tudományos főkutató. – Felesége: Kiss Piroska (1929–2009. máj. 26.). Gyermekeik: Anikó (1954) tanár, András (1956) mérnök. – A középiskola alsó három osztályát Nagyenyeden a Bethlen Koll.-ban végezte (1941–44), frontszolgálatos, majd hadifogságba került (1944–48), Désen fejezte be a középiskolát (1948–49). A kv.-i Mezőgazdaságtudományi Intézetben végzett (1949–53). [&hellip;]</p>
