{"id":22653,"date":"2025-08-01T16:54:21","date_gmt":"2025-08-01T14:54:21","guid":{"rendered":"https:\/\/uj.adatbank.ro\/lexikon\/termek\/tamas-pal-%c2%a7\/"},"modified":"2025-08-01T16:54:21","modified_gmt":"2025-08-01T14:54:21","slug":"tamas-pal-%c2%a7","status":"publish","type":"product","link":"https:\/\/uj.adatbank.ro\/lexikon\/termek\/tamas-pal-%c2%a7\/","title":{"rendered":"TAM\u00c1S P\u00e1l, \u00a7"},"content":{"rendered":"<p>Buk., 1940. \u2020 R\u00e1d (Mo.), 2007. febr. 9.: naiv m\u0171v\u00e9sz, \u00f6tv\u00f6sm\u0171v\u00e9sz. \u2013 Le\u00e1nya: Papn\u00e9 Tam\u00e1s Orsolya. \u2013 Mv.-en szakiskola befejez\u00e9se ut\u00e1n a Vegyipari Kombin\u00e1t alkalmazottja. Folytatta tanulm\u00e1nyait \u00e9s mester lett. Grafik\u00e1kat \u00e9s f\u00e9mdombor\u00edt\u00e1sokat kezdett k\u00e9sz\u00edteni (1968). Tehets\u00e9g\u00e9t felismerve Bandi Dezs\u0151 ir\u00e1ny\u00edtotta alkot\u00f3munk\u00e1j\u00e1ban. A Maros megyei Naiv M\u0171v\u00e9szek Klubj\u00e1nak tagja (1972. szept. 15.). Alap\u00edt\u00f3 tagja az AZOMURE\u015e k\u00e9pz\u0151m\u0171v\u00e9szeti klubnak (1975). Nyugd\u00edjba vonult (1990). A csal\u00e1dj\u00e1val Mo.-ra k\u00f6lt\u00f6z\u00f6tt \u00e9s folytatta alkot\u00f3i munk\u00e1s\u00e1g\u00e1t r\u00e9z dombor\u00edt\u00e1sokat \u00e9s ker\u00e1mi\u00e1kat k\u00e9sz\u00edtett. Oroszhegyen falusi m\u00fazeumot l\u00e9tes\u00edtett (2008). Tev\u00e9kenys\u00e9g\u00e9t, munk\u00e1inak reprodukci\u00f3it k\u00f6zlik a helyi \u00e9s orsz\u00e1gos lapok: V. Z., St. r.; M\u0171vel\u0151d\u00e9s, Flac\u0103ra, Munk\u00e1s\u00e9let, \u00daj \u00c9let. A legjelent\u0151sebb r\u00e9zdombor\u00edt\u00e1sait albumba tett\u00e9k k\u00f6zz\u00e9: T. P. (2006). Oroszhegyen sz\u00e9kely n\u00e9pm\u0171v\u00e9szeti \u00f6tv\u00f6sm\u00fazeumot avattak (2006. szept. 15.), jelent\u0151s adom\u00e1nnyal j\u00e1rult a m\u00fazeum \u00e1llom\u00e1ny\u00e1nak b\u0151v\u00edt\u00e9s\u00e9hez, sz\u00e1z m\u0171v\u00e9t aj\u00e1nd\u00e9kozta a telep\u00fcl\u00e9s\u00e9nek. \u2013  <strong>F. ki\u00e1ll.:<\/strong>  <strong>csoportos:<\/strong> Maros megyei naiv m\u0171v\u00e9szek ki\u00e1ll. (1970); Buk. (1971); Teremt\u0151 \u00f6nv\u00e9delem (Bp., 1995). <br \/><strong>\u2013 Irod.:<\/strong> [Nekrol\u00f3g] (N\u00fa., 2007. febr. 20. v. 21.); Szab\u00f3\u2013K\u00e1llai.<\/br><\/p>\n","protected":false},"excerpt":{"rendered":"<p>Buk., 1940. \u2020 R\u00e1d (Mo.), 2007. febr. 9.: naiv m\u0171v\u00e9sz, \u00f6tv\u00f6sm\u0171v\u00e9sz. \u2013 Le\u00e1nya: Papn\u00e9 Tam\u00e1s Orsolya. \u2013 Mv.-en szakiskola befejez\u00e9se ut\u00e1n a Vegyipari Kombin\u00e1t alkalmazottja. Folytatta tanulm\u00e1nyait \u00e9s mester lett. Grafik\u00e1kat \u00e9s f\u00e9mdombor\u00edt\u00e1sokat kezdett k\u00e9sz\u00edteni (1968). Tehets\u00e9g\u00e9t felismerve Bandi Dezs\u0151 ir\u00e1ny\u00edtotta alkot\u00f3munk\u00e1j\u00e1ban. A Maros megyei Naiv M\u0171v\u00e9szek Klubj\u00e1nak tagja (1972. szept. 15.). Alap\u00edt\u00f3 tagja az [&hellip;]<\/p>\n","protected":false},"featured_media":0,"comment_status":"open","ping_status":"closed","template":"","meta":[],"product_brand":[],"product_cat":[137],"product_tag":[],"class_list":{"0":"post-22653","1":"product","2":"type-product","3":"status-publish","5":"product_cat-maros-megyei-eletrajzi-lexikon","7":"first","8":"instock","9":"shipping-taxable","10":"product-type-simple"},"_links":{"self":[{"href":"https:\/\/uj.adatbank.ro\/lexikon\/wp-json\/wp\/v2\/product\/22653","targetHints":{"allow":["GET"]}}],"collection":[{"href":"https:\/\/uj.adatbank.ro\/lexikon\/wp-json\/wp\/v2\/product"}],"about":[{"href":"https:\/\/uj.adatbank.ro\/lexikon\/wp-json\/wp\/v2\/types\/product"}],"replies":[{"embeddable":true,"href":"https:\/\/uj.adatbank.ro\/lexikon\/wp-json\/wp\/v2\/comments?post=22653"}],"wp:attachment":[{"href":"https:\/\/uj.adatbank.ro\/lexikon\/wp-json\/wp\/v2\/media?parent=22653"}],"wp:term":[{"taxonomy":"product_brand","embeddable":true,"href":"https:\/\/uj.adatbank.ro\/lexikon\/wp-json\/wp\/v2\/product_brand?post=22653"},{"taxonomy":"product_cat","embeddable":true,"href":"https:\/\/uj.adatbank.ro\/lexikon\/wp-json\/wp\/v2\/product_cat?post=22653"},{"taxonomy":"product_tag","embeddable":true,"href":"https:\/\/uj.adatbank.ro\/lexikon\/wp-json\/wp\/v2\/product_tag?post=22653"}],"curies":[{"name":"wp","href":"https:\/\/api.w.org\/{rel}","templated":true}]}}

TAMÁS Pál, §

<p>Buk., 1940. † Rád (Mo.), 2007. febr. 9.: naiv művész, ötvösművész. – Leánya: Papné Tamás Orsolya. – Mv.-en szakiskola befejezése után a Vegyipari Kombinát alkalmazottja. Folytatta tanulmányait és mester lett. Grafikákat és fémdomborításokat kezdett készíteni (1968). Tehetségét felismerve Bandi Dezső irányította alkotómunkájában. A Maros megyei Naiv Művészek Klubjának tagja (1972. szept. 15.). Alapító tagja az AZOMUREŞ képzőművészeti klubnak (1975). Nyugdíjba vonult (1990). A családjával Mo.-ra költözött és folytatta alkotói munkáságát réz domborításokat és kerámiákat készített. Oroszhegyen falusi múzeumot létesített (2008). Tevékenységét, munkáinak reprodukcióit közlik a helyi és országos lapok: V. Z., St. r.; Művelődés, Flacăra, Munkásélet, Új Élet. A legjelentősebb rézdomborításait albumba tették közzé: T. P. (2006). Oroszhegyen székely népművészeti ötvösmúzeumot avattak (2006. szept. 15.), jelentős adománnyal járult a múzeum állományának bővítéséhez, száz művét ajándékozta a településének. –  <strong>F. kiáll.:</strong>  <strong>csoportos:</strong> Maros megyei naiv művészek kiáll. (1970); Buk. (1971); Teremtő önvédelem (Bp., 1995). <br /><strong>– Irod.:</strong> [Nekrológ] (Nú., 2007. febr. 20. v. 21.); Szabó–Kállai.</br></p>

<p>Buk., 1940. † Rád (Mo.), 2007. febr. 9.: naiv művész, ötvösművész. – Leánya: Papné Tamás Orsolya. – Mv.-en szakiskola befejezése után a Vegyipari Kombinát alkalmazottja. Folytatta tanulmányait és mester lett. Grafikákat és fémdomborításokat kezdett készíteni (1968). Tehetségét felismerve Bandi Dezső irányította alkotómunkájában. A Maros megyei Naiv Művészek Klubjának tagja (1972. szept. 15.). Alapító tagja az [&hellip;]</p>
