{"id":22654,"date":"2025-08-01T16:54:25","date_gmt":"2025-08-01T14:54:25","guid":{"rendered":"https:\/\/uj.adatbank.ro\/lexikon\/termek\/tamas-sandor\/"},"modified":"2026-02-18T15:16:45","modified_gmt":"2026-02-18T14:16:45","slug":"tamas-sandor","status":"publish","type":"product","link":"https:\/\/uj.adatbank.ro\/lexikon\/termek\/tamas-sandor\/","title":{"rendered":"TAM\u00c1S S\u00e1ndor"},"content":{"rendered":"<p>1921 \u2020 Mv., 2001 okt.19, f\u0151vegy\u00e9sz a mv.-i cukorgy\u00e1rban.<br \/>\n<strong>\u2013 Irod.:<\/strong> [Nekrol\u00f3g] (N\u00fa., 2001. okt. 19).<\/p>\n","protected":false},"excerpt":{"rendered":"<p>1921 \u2020 Mv., 2001 okt.19, f\u0151vegy\u00e9sz a mv.-i cukorgy\u00e1rban. \u2013 Irod.: [Nekrol\u00f3g] (N\u00fa., 2001. okt. 19).<\/p>\n","protected":false},"featured_media":0,"comment_status":"open","ping_status":"closed","template":"","meta":[],"product_brand":[],"product_cat":[137],"product_tag":[],"class_list":{"0":"post-22654","1":"product","2":"type-product","3":"status-publish","5":"product_cat-maros-megyei-eletrajzi-lexikon","7":"first","8":"instock","9":"shipping-taxable","10":"product-type-simple"},"_links":{"self":[{"href":"https:\/\/uj.adatbank.ro\/lexikon\/wp-json\/wp\/v2\/product\/22654","targetHints":{"allow":["GET"]}}],"collection":[{"href":"https:\/\/uj.adatbank.ro\/lexikon\/wp-json\/wp\/v2\/product"}],"about":[{"href":"https:\/\/uj.adatbank.ro\/lexikon\/wp-json\/wp\/v2\/types\/product"}],"replies":[{"embeddable":true,"href":"https:\/\/uj.adatbank.ro\/lexikon\/wp-json\/wp\/v2\/comments?post=22654"}],"wp:attachment":[{"href":"https:\/\/uj.adatbank.ro\/lexikon\/wp-json\/wp\/v2\/media?parent=22654"}],"wp:term":[{"taxonomy":"product_brand","embeddable":true,"href":"https:\/\/uj.adatbank.ro\/lexikon\/wp-json\/wp\/v2\/product_brand?post=22654"},{"taxonomy":"product_cat","embeddable":true,"href":"https:\/\/uj.adatbank.ro\/lexikon\/wp-json\/wp\/v2\/product_cat?post=22654"},{"taxonomy":"product_tag","embeddable":true,"href":"https:\/\/uj.adatbank.ro\/lexikon\/wp-json\/wp\/v2\/product_tag?post=22654"}],"curies":[{"name":"wp","href":"https:\/\/api.w.org\/{rel}","templated":true}]}}