{"id":22657,"date":"2025-08-01T16:54:32","date_gmt":"2025-08-01T14:54:32","guid":{"rendered":"https:\/\/uj.adatbank.ro\/lexikon\/termek\/tamasfalvi-janos\/"},"modified":"2025-08-01T16:54:32","modified_gmt":"2025-08-01T14:54:32","slug":"tamasfalvi-janos","status":"publish","type":"product","link":"https:\/\/uj.adatbank.ro\/lexikon\/termek\/tamasfalvi-janos\/","title":{"rendered":"TAM\u00c1SFALVI J\u00e1nos"},"content":{"rendered":"<p>? \u2020 Fogaras, 1603.: Marossz\u00e9k f\u0151kapit\u00e1nya. \u2013 K\u00f6zsz\u00e9kely katon\u00e1b\u00f3l lett Mih\u00e1ly havasalf\u00f6ldi vajda bizalmi embere, kapit\u00e1nya \u00e9s Maros sz\u00e9k f\u0151kapit\u00e1nya. Mihai Viteazu oldal\u00e1n r\u00e9szt vett a t\u00f6r\u00f6k\u00f6k elleni harcban, meggy\u0151zte a sz\u00e9kelyeket, h. egyes\u00fcljenek a rom\u00e1n sereggel. Schellembergn\u00e9l felb\u00edztatta Mihai vajd\u00e1t, h. kezdje \u00fajra a B\u00e1thoryval szembeni vesztett csat\u00e1t, amelyet azt\u00e1n meg is nyert. Mihai vajda h\u00edv\u00e1s\u00e1ra nagysz\u00e1m\u00fa marossz\u00e9ki lovas sereggel vonult Tord\u00e1ra annak t\u00e1bor\u00e1ba, \u00e9s r\u00e9szt vett a miriszl\u00f3i csat\u00e1ban (1600. szept.18.). B\u00e1sta elfogatta \u00e9s Fogarasban megfojtotta (1603) <br \/><strong>\u2013 Irod.:<\/strong> B\u0103lcescu: Istoria rom\u00e2nilor sub Mihaiu Vod\u0103 Viteazul (Buc, 1877, 1898), Borsos Tam\u00e1s; Id\u0151t\u00e1r 1; Pokoly J\u00f3zsef: Az erd\u00e9lyi reform\u00e1tus egyh\u00e1z t\u00f6rt\u00e9nete 2. (Bp., 1904); Sz\u00e1deczky-Kardos Lajos: Erd\u00e9ly \u00e9s Mih\u00e1ly vajda t\u00f6rt\u00e9nete 1595\u20131601 oklev\u00e9lt\u00e1rral (Temesv\u00e1r, 1893); Popa, Traian: Tg. M.<\/br><\/p>\n","protected":false},"excerpt":{"rendered":"<p>? \u2020 Fogaras, 1603.: Marossz\u00e9k f\u0151kapit\u00e1nya. \u2013 K\u00f6zsz\u00e9kely katon\u00e1b\u00f3l lett Mih\u00e1ly havasalf\u00f6ldi vajda bizalmi embere, kapit\u00e1nya \u00e9s Maros sz\u00e9k f\u0151kapit\u00e1nya. Mihai Viteazu oldal\u00e1n r\u00e9szt vett a t\u00f6r\u00f6k\u00f6k elleni harcban, meggy\u0151zte a sz\u00e9kelyeket, h. egyes\u00fcljenek a rom\u00e1n sereggel. Schellembergn\u00e9l felb\u00edztatta Mihai vajd\u00e1t, h. kezdje \u00fajra a B\u00e1thoryval szembeni vesztett csat\u00e1t, amelyet azt\u00e1n meg is nyert. Mihai [&hellip;]<\/p>\n","protected":false},"featured_media":0,"comment_status":"open","ping_status":"closed","template":"","meta":[],"product_brand":[],"product_cat":[137],"product_tag":[],"class_list":{"0":"post-22657","1":"product","2":"type-product","3":"status-publish","5":"product_cat-maros-megyei-eletrajzi-lexikon","7":"first","8":"instock","9":"shipping-taxable","10":"product-type-simple"},"_links":{"self":[{"href":"https:\/\/uj.adatbank.ro\/lexikon\/wp-json\/wp\/v2\/product\/22657","targetHints":{"allow":["GET"]}}],"collection":[{"href":"https:\/\/uj.adatbank.ro\/lexikon\/wp-json\/wp\/v2\/product"}],"about":[{"href":"https:\/\/uj.adatbank.ro\/lexikon\/wp-json\/wp\/v2\/types\/product"}],"replies":[{"embeddable":true,"href":"https:\/\/uj.adatbank.ro\/lexikon\/wp-json\/wp\/v2\/comments?post=22657"}],"wp:attachment":[{"href":"https:\/\/uj.adatbank.ro\/lexikon\/wp-json\/wp\/v2\/media?parent=22657"}],"wp:term":[{"taxonomy":"product_brand","embeddable":true,"href":"https:\/\/uj.adatbank.ro\/lexikon\/wp-json\/wp\/v2\/product_brand?post=22657"},{"taxonomy":"product_cat","embeddable":true,"href":"https:\/\/uj.adatbank.ro\/lexikon\/wp-json\/wp\/v2\/product_cat?post=22657"},{"taxonomy":"product_tag","embeddable":true,"href":"https:\/\/uj.adatbank.ro\/lexikon\/wp-json\/wp\/v2\/product_tag?post=22657"}],"curies":[{"name":"wp","href":"https:\/\/api.w.org\/{rel}","templated":true}]}}

TAMÁSFALVI János

<p>? † Fogaras, 1603.: Marosszék főkapitánya. – Közszékely katonából lett Mihály havasalföldi vajda bizalmi embere, kapitánya és Maros szék főkapitánya. Mihai Viteazu oldalán részt vett a törökök elleni harcban, meggyőzte a székelyeket, h. egyesüljenek a román sereggel. Schellembergnél felbíztatta Mihai vajdát, h. kezdje újra a Báthoryval szembeni vesztett csatát, amelyet aztán meg is nyert. Mihai vajda hívására nagyszámú marosszéki lovas sereggel vonult Tordára annak táborába, és részt vett a miriszlói csatában (1600. szept.18.). Básta elfogatta és Fogarasban megfojtotta (1603) <br /><strong>– Irod.:</strong> Bălcescu: Istoria românilor sub Mihaiu Vodă Viteazul (Buc, 1877, 1898), Borsos Tamás; Időtár 1; Pokoly József: Az erdélyi református egyház története 2. (Bp., 1904); Szádeczky-Kardos Lajos: Erdély és Mihály vajda története 1595–1601 oklevéltárral (Temesvár, 1893); Popa, Traian: Tg. M.</br></p>

<p>? † Fogaras, 1603.: Marosszék főkapitánya. – Közszékely katonából lett Mihály havasalföldi vajda bizalmi embere, kapitánya és Maros szék főkapitánya. Mihai Viteazu oldalán részt vett a törökök elleni harcban, meggyőzte a székelyeket, h. egyesüljenek a román sereggel. Schellembergnél felbíztatta Mihai vajdát, h. kezdje újra a Báthoryval szembeni vesztett csatát, amelyet aztán meg is nyert. Mihai [&hellip;]</p>
