{"id":22661,"date":"2025-08-01T16:54:40","date_gmt":"2025-08-01T14:54:40","guid":{"rendered":"https:\/\/uj.adatbank.ro\/lexikon\/termek\/tamasi-akosfalvi-csalad\/"},"modified":"2025-08-01T16:54:40","modified_gmt":"2025-08-01T14:54:40","slug":"tamasi-akosfalvi-csalad","status":"publish","type":"product","link":"https:\/\/uj.adatbank.ro\/lexikon\/termek\/tamasi-akosfalvi-csalad\/","title":{"rendered":"TAM\u00c1SI, \u00e1kosfalvi csal\u00e1d"},"content":{"rendered":"<p>A csal\u00e1db\u00f3l T. J\u00e1nos lustr\u00e1lt (1614); nemeslevelet nyert Brandenburgi Katalint\u00f3l (1630. \u00e1pr. 5.); T. Mih\u00e1lyt R\u00e1k\u00f3czi Gy\u00f6rgy nemes\u00edtette (1639. dec. 7.). <br \/><strong>\u2013 Irod.:<\/strong> P\u00e1lmay.<\/br><\/p>\n","protected":false},"excerpt":{"rendered":"<p>A csal\u00e1db\u00f3l T. J\u00e1nos lustr\u00e1lt (1614); nemeslevelet nyert Brandenburgi Katalint\u00f3l (1630. \u00e1pr. 5.); T. Mih\u00e1lyt R\u00e1k\u00f3czi Gy\u00f6rgy nemes\u00edtette (1639. dec. 7.). \u2013 Irod.: P\u00e1lmay.<\/p>\n","protected":false},"featured_media":0,"comment_status":"open","ping_status":"closed","template":"","meta":[],"product_brand":[],"product_cat":[137],"product_tag":[],"class_list":{"0":"post-22661","1":"product","2":"type-product","3":"status-publish","5":"product_cat-maros-megyei-eletrajzi-lexikon","7":"first","8":"instock","9":"shipping-taxable","10":"product-type-simple"},"_links":{"self":[{"href":"https:\/\/uj.adatbank.ro\/lexikon\/wp-json\/wp\/v2\/product\/22661","targetHints":{"allow":["GET"]}}],"collection":[{"href":"https:\/\/uj.adatbank.ro\/lexikon\/wp-json\/wp\/v2\/product"}],"about":[{"href":"https:\/\/uj.adatbank.ro\/lexikon\/wp-json\/wp\/v2\/types\/product"}],"replies":[{"embeddable":true,"href":"https:\/\/uj.adatbank.ro\/lexikon\/wp-json\/wp\/v2\/comments?post=22661"}],"wp:attachment":[{"href":"https:\/\/uj.adatbank.ro\/lexikon\/wp-json\/wp\/v2\/media?parent=22661"}],"wp:term":[{"taxonomy":"product_brand","embeddable":true,"href":"https:\/\/uj.adatbank.ro\/lexikon\/wp-json\/wp\/v2\/product_brand?post=22661"},{"taxonomy":"product_cat","embeddable":true,"href":"https:\/\/uj.adatbank.ro\/lexikon\/wp-json\/wp\/v2\/product_cat?post=22661"},{"taxonomy":"product_tag","embeddable":true,"href":"https:\/\/uj.adatbank.ro\/lexikon\/wp-json\/wp\/v2\/product_tag?post=22661"}],"curies":[{"name":"wp","href":"https:\/\/api.w.org\/{rel}","templated":true}]}}