{"id":22662,"date":"2025-08-01T16:54:43","date_gmt":"2025-08-01T14:54:43","guid":{"rendered":"https:\/\/uj.adatbank.ro\/lexikon\/termek\/tamasi-aron\/"},"modified":"2025-08-01T16:54:43","modified_gmt":"2025-08-01T14:54:43","slug":"tamasi-aron","status":"publish","type":"product","link":"https:\/\/uj.adatbank.ro\/lexikon\/termek\/tamasi-aron\/","title":{"rendered":"TAM\u00c1SI \u00c1ron"},"content":{"rendered":"<p>1897.\u2020 1966: \u00edr\u00f3. \u2013 Mv.-re l\u00e1togatott, el\u0151ad\u00e1st tartott az Igaz Sz\u00f3 szervezte irodalmi esten, a volt Ref. Koll.-ban, a Iosif Ranghe\u021b \/ mai Bolyai Farkas k\u00f6z\u00e9piskola d\u00edszterm\u00e9ben (1956. okt. 11.). Majd tal\u00e1lkozott a kv.-i Bolyai Egyetem hallgat\u00f3ival (1956. okt. 18.), ahol Bartis Ferenc faggatta magyar\u2013magyar \u00fcgyekr\u0151l. A mv.-i sz\u00ednh\u00e1z m. tagozata bemutatta, Tompa Mikl\u00f3s rendez\u00e9s\u00e9ben, a Csal\u00f3ka sziv\u00e1rv\u00e1ny c. darabj\u00e1t (1986. febr. 2.). <br \/><strong>\u2013 Irod.:<\/strong> Bal\u00e1zs Imre J\u00f3zsef: Tam\u00e1si 125: a Tam\u00e1si \u00c1ron-kutat\u00e1s kuri\u00f3zumaib\u00f3l; Bertha Zolt\u00e1n: Szabads\u00e1g \u00e9s \u00f6nrendelkez\u00e9s Tam\u00e1si \u00c1ron erd\u00e9lyis\u00e9g-felfog\u00e1s\u00e1ban (Korunk, 1993, 11. sz.); F\u00e9ja G\u00e9za: Halotti besz\u00e9d (Kort\u00e1rs, 1966, 8. sz.); Id\u0151t\u00e1r 4.; Korunk 1997, 8. sz. (Visky Andr\u00e1s, Keszeg Vilmos, B\u00edr\u00f3 B\u00e9la, Klein-Varga No\u00e9mi, Selyem Zsuzsa, Sebesty\u00e9n Rita, K\u00e1ntor Lajos tanulm\u00e1nyaival); Lov\u00e1sz Krisztina: Sz\u00e9kelyek a fed\u00e9lzeten (Sz\u00e9kelyf\u00f6ld, 2023. m\u00e1j., 5. sz.); Nagy P\u00e1l: Itthon (Nagy P\u00e1l: Visszan\u00e9z\u0151, 1997.); \u00dcnnepi k\u00f6nyv.<\/br><\/p>\n","protected":false},"excerpt":{"rendered":"<p>1897.\u2020 1966: \u00edr\u00f3. \u2013 Mv.-re l\u00e1togatott, el\u0151ad\u00e1st tartott az Igaz Sz\u00f3 szervezte irodalmi esten, a volt Ref. Koll.-ban, a Iosif Ranghe\u021b \/ mai Bolyai Farkas k\u00f6z\u00e9piskola d\u00edszterm\u00e9ben (1956. okt. 11.). Majd tal\u00e1lkozott a kv.-i Bolyai Egyetem hallgat\u00f3ival (1956. okt. 18.), ahol Bartis Ferenc faggatta magyar\u2013magyar \u00fcgyekr\u0151l. A mv.-i sz\u00ednh\u00e1z m. tagozata bemutatta, Tompa Mikl\u00f3s rendez\u00e9s\u00e9ben, [&hellip;]<\/p>\n","protected":false},"featured_media":0,"comment_status":"open","ping_status":"closed","template":"","meta":[],"product_brand":[],"product_cat":[137],"product_tag":[],"class_list":{"0":"post-22662","1":"product","2":"type-product","3":"status-publish","5":"product_cat-maros-megyei-eletrajzi-lexikon","7":"first","8":"instock","9":"shipping-taxable","10":"product-type-simple"},"_links":{"self":[{"href":"https:\/\/uj.adatbank.ro\/lexikon\/wp-json\/wp\/v2\/product\/22662","targetHints":{"allow":["GET"]}}],"collection":[{"href":"https:\/\/uj.adatbank.ro\/lexikon\/wp-json\/wp\/v2\/product"}],"about":[{"href":"https:\/\/uj.adatbank.ro\/lexikon\/wp-json\/wp\/v2\/types\/product"}],"replies":[{"embeddable":true,"href":"https:\/\/uj.adatbank.ro\/lexikon\/wp-json\/wp\/v2\/comments?post=22662"}],"wp:attachment":[{"href":"https:\/\/uj.adatbank.ro\/lexikon\/wp-json\/wp\/v2\/media?parent=22662"}],"wp:term":[{"taxonomy":"product_brand","embeddable":true,"href":"https:\/\/uj.adatbank.ro\/lexikon\/wp-json\/wp\/v2\/product_brand?post=22662"},{"taxonomy":"product_cat","embeddable":true,"href":"https:\/\/uj.adatbank.ro\/lexikon\/wp-json\/wp\/v2\/product_cat?post=22662"},{"taxonomy":"product_tag","embeddable":true,"href":"https:\/\/uj.adatbank.ro\/lexikon\/wp-json\/wp\/v2\/product_tag?post=22662"}],"curies":[{"name":"wp","href":"https:\/\/api.w.org\/{rel}","templated":true}]}}

TAMÁSI Áron

<p>1897.† 1966: író. – Mv.-re látogatott, előadást tartott az Igaz Szó szervezte irodalmi esten, a volt Ref. Koll.-ban, a Iosif Rangheț / mai Bolyai Farkas középiskola dísztermében (1956. okt. 11.). Majd találkozott a kv.-i Bolyai Egyetem hallgatóival (1956. okt. 18.), ahol Bartis Ferenc faggatta magyar–magyar ügyekről. A mv.-i színház m. tagozata bemutatta, Tompa Miklós rendezésében, a Csalóka szivárvány c. darabját (1986. febr. 2.). <br /><strong>– Irod.:</strong> Balázs Imre József: Tamási 125: a Tamási Áron-kutatás kuriózumaiból; Bertha Zoltán: Szabadság és önrendelkezés Tamási Áron erdélyiség-felfogásában (Korunk, 1993, 11. sz.); Féja Géza: Halotti beszéd (Kortárs, 1966, 8. sz.); Időtár 4.; Korunk 1997, 8. sz. (Visky András, Keszeg Vilmos, Bíró Béla, Klein-Varga Noémi, Selyem Zsuzsa, Sebestyén Rita, Kántor Lajos tanulmányaival); Lovász Krisztina: Székelyek a fedélzeten (Székelyföld, 2023. máj., 5. sz.); Nagy Pál: Itthon (Nagy Pál: Visszanéző, 1997.); Ünnepi könyv.</br></p>

<p>1897.† 1966: író. – Mv.-re látogatott, előadást tartott az Igaz Szó szervezte irodalmi esten, a volt Ref. Koll.-ban, a Iosif Rangheț / mai Bolyai Farkas középiskola dísztermében (1956. okt. 11.). Majd találkozott a kv.-i Bolyai Egyetem hallgatóival (1956. okt. 18.), ahol Bartis Ferenc faggatta magyar–magyar ügyekről. A mv.-i színház m. tagozata bemutatta, Tompa Miklós rendezésében, [&hellip;]</p>
