{"id":22664,"date":"2025-08-01T16:54:49","date_gmt":"2025-08-01T14:54:49","guid":{"rendered":"https:\/\/uj.adatbank.ro\/lexikon\/termek\/tamasi-bernat-szentkiralyi\/"},"modified":"2025-08-01T16:54:49","modified_gmt":"2025-08-01T14:54:49","slug":"tamasi-bernat-szentkiralyi","status":"publish","type":"product","link":"https:\/\/uj.adatbank.ro\/lexikon\/termek\/tamasi-bernat-szentkiralyi\/","title":{"rendered":"TAM\u00c1SI Bern\u00e1t, szentkir\u00e1lyi"},"content":{"rendered":"<p>? \u2020 ?: szentkir\u00e1lyi f\u0151ember. \u2013 T\u00f6bb Marossz\u00e9ki f\u0151emberrel egy\u00fctt a sz\u00e9kely nemzeti gy\u0171l\u00e9s sz\u00e1mkivet\u00e9sre s h\u00e1zaik \u00e9s malmaik f\u00f6ld\u00fal\u00e1s\u00e1ra \u00edt\u00e9lte, a kir\u00e1ly \u00e1ltal kirendelt b\u00edr\u00e1k arra k\u00f6telezt\u00e9k, hogy k\u00f6vess\u00e9k meg a sz\u00e9kely nemzetet \u00e9s k\u00fcl\u00f6n\u00f6sen Marossz\u00e9k k\u00f6z\u00f6ns\u00e9g\u00e9t \u00e9s azut\u00e1n nemesi j\u00f3sz\u00e1gaival megel\u00e9gedve ott lakj\u00e9k, \u00e9s tartozik a megk\u00e1ros\u00edtott sz\u00e9kelyeknek el\u00e9gt\u00e9telt adni a sz\u00e9kely t\u00f6rv\u00e9nyek szerint (Mv., 1498. szept. 13). <br \/><strong>\u2013 Irod.:<\/strong> SzOkl, 3.<\/br><\/p>\n","protected":false},"excerpt":{"rendered":"<p>? \u2020 ?: szentkir\u00e1lyi f\u0151ember. \u2013 T\u00f6bb Marossz\u00e9ki f\u0151emberrel egy\u00fctt a sz\u00e9kely nemzeti gy\u0171l\u00e9s sz\u00e1mkivet\u00e9sre s h\u00e1zaik \u00e9s malmaik f\u00f6ld\u00fal\u00e1s\u00e1ra \u00edt\u00e9lte, a kir\u00e1ly \u00e1ltal kirendelt b\u00edr\u00e1k arra k\u00f6telezt\u00e9k, hogy k\u00f6vess\u00e9k meg a sz\u00e9kely nemzetet \u00e9s k\u00fcl\u00f6n\u00f6sen Marossz\u00e9k k\u00f6z\u00f6ns\u00e9g\u00e9t \u00e9s azut\u00e1n nemesi j\u00f3sz\u00e1gaival megel\u00e9gedve ott lakj\u00e9k, \u00e9s tartozik a megk\u00e1ros\u00edtott sz\u00e9kelyeknek el\u00e9gt\u00e9telt adni a sz\u00e9kely t\u00f6rv\u00e9nyek [&hellip;]<\/p>\n","protected":false},"featured_media":0,"comment_status":"open","ping_status":"closed","template":"","meta":[],"product_brand":[],"product_cat":[137],"product_tag":[],"class_list":{"0":"post-22664","1":"product","2":"type-product","3":"status-publish","5":"product_cat-maros-megyei-eletrajzi-lexikon","7":"first","8":"instock","9":"shipping-taxable","10":"product-type-simple"},"_links":{"self":[{"href":"https:\/\/uj.adatbank.ro\/lexikon\/wp-json\/wp\/v2\/product\/22664","targetHints":{"allow":["GET"]}}],"collection":[{"href":"https:\/\/uj.adatbank.ro\/lexikon\/wp-json\/wp\/v2\/product"}],"about":[{"href":"https:\/\/uj.adatbank.ro\/lexikon\/wp-json\/wp\/v2\/types\/product"}],"replies":[{"embeddable":true,"href":"https:\/\/uj.adatbank.ro\/lexikon\/wp-json\/wp\/v2\/comments?post=22664"}],"wp:attachment":[{"href":"https:\/\/uj.adatbank.ro\/lexikon\/wp-json\/wp\/v2\/media?parent=22664"}],"wp:term":[{"taxonomy":"product_brand","embeddable":true,"href":"https:\/\/uj.adatbank.ro\/lexikon\/wp-json\/wp\/v2\/product_brand?post=22664"},{"taxonomy":"product_cat","embeddable":true,"href":"https:\/\/uj.adatbank.ro\/lexikon\/wp-json\/wp\/v2\/product_cat?post=22664"},{"taxonomy":"product_tag","embeddable":true,"href":"https:\/\/uj.adatbank.ro\/lexikon\/wp-json\/wp\/v2\/product_tag?post=22664"}],"curies":[{"name":"wp","href":"https:\/\/api.w.org\/{rel}","templated":true}]}}

TAMÁSI Bernát, szentkirályi

<p>? † ?: szentkirályi főember. – Több Marosszéki főemberrel együtt a székely nemzeti gyűlés számkivetésre s házaik és malmaik földúlására ítélte, a király által kirendelt bírák arra kötelezték, hogy kövessék meg a székely nemzetet és különösen Marosszék közönségét és azután nemesi jószágaival megelégedve ott lakjék, és tartozik a megkárosított székelyeknek elégtételt adni a székely törvények szerint (Mv., 1498. szept. 13). <br /><strong>– Irod.:</strong> SzOkl, 3.</br></p>

<p>? † ?: szentkirályi főember. – Több Marosszéki főemberrel együtt a székely nemzeti gyűlés számkivetésre s házaik és malmaik földúlására ítélte, a király által kirendelt bírák arra kötelezték, hogy kövessék meg a székely nemzetet és különösen Marosszék közönségét és azután nemesi jószágaival megelégedve ott lakjék, és tartozik a megkárosított székelyeknek elégtételt adni a székely törvények [&hellip;]</p>
