{"id":22674,"date":"2025-08-01T16:55:16","date_gmt":"2025-08-01T14:55:16","guid":{"rendered":"https:\/\/uj.adatbank.ro\/lexikon\/termek\/tampa-v-czampa-gustav\/"},"modified":"2025-08-01T16:55:16","modified_gmt":"2025-08-01T14:55:16","slug":"tampa-v-czampa-gustav","status":"publish","type":"product","link":"https:\/\/uj.adatbank.ro\/lexikon\/termek\/tampa-v-czampa-gustav\/","title":{"rendered":"TAMPA v.CZAMPA Gustav"},"content":{"rendered":"<p>? \u2020 ?: t\u00e1blab\u00edr\u00f3. \u2013 Mv.-en t\u00e1blab\u00edr\u00f3 (1918 k.). <br \/><strong>\u2013 Irod.:<\/strong> Sebesty\u00e9n M.: Antalffy Endre, avagy Mv. sz\u00ednev\u00e1ltoz\u00e1sa = Mv. t\u00f6rt\u00e9net\u00e9b\u0151l.<\/br><\/p>\n","protected":false},"excerpt":{"rendered":"<p>? \u2020 ?: t\u00e1blab\u00edr\u00f3. \u2013 Mv.-en t\u00e1blab\u00edr\u00f3 (1918 k.). \u2013 Irod.: Sebesty\u00e9n M.: Antalffy Endre, avagy Mv. sz\u00ednev\u00e1ltoz\u00e1sa = Mv. t\u00f6rt\u00e9net\u00e9b\u0151l.<\/p>\n","protected":false},"featured_media":0,"comment_status":"open","ping_status":"closed","template":"","meta":[],"product_brand":[],"product_cat":[137],"product_tag":[],"class_list":{"0":"post-22674","1":"product","2":"type-product","3":"status-publish","5":"product_cat-maros-megyei-eletrajzi-lexikon","7":"first","8":"instock","9":"shipping-taxable","10":"product-type-simple"},"_links":{"self":[{"href":"https:\/\/uj.adatbank.ro\/lexikon\/wp-json\/wp\/v2\/product\/22674","targetHints":{"allow":["GET"]}}],"collection":[{"href":"https:\/\/uj.adatbank.ro\/lexikon\/wp-json\/wp\/v2\/product"}],"about":[{"href":"https:\/\/uj.adatbank.ro\/lexikon\/wp-json\/wp\/v2\/types\/product"}],"replies":[{"embeddable":true,"href":"https:\/\/uj.adatbank.ro\/lexikon\/wp-json\/wp\/v2\/comments?post=22674"}],"wp:attachment":[{"href":"https:\/\/uj.adatbank.ro\/lexikon\/wp-json\/wp\/v2\/media?parent=22674"}],"wp:term":[{"taxonomy":"product_brand","embeddable":true,"href":"https:\/\/uj.adatbank.ro\/lexikon\/wp-json\/wp\/v2\/product_brand?post=22674"},{"taxonomy":"product_cat","embeddable":true,"href":"https:\/\/uj.adatbank.ro\/lexikon\/wp-json\/wp\/v2\/product_cat?post=22674"},{"taxonomy":"product_tag","embeddable":true,"href":"https:\/\/uj.adatbank.ro\/lexikon\/wp-json\/wp\/v2\/product_tag?post=22674"}],"curies":[{"name":"wp","href":"https:\/\/api.w.org\/{rel}","templated":true}]}}