{"id":22675,"date":"2025-08-01T16:55:19","date_gmt":"2025-08-01T14:55:19","guid":{"rendered":"https:\/\/uj.adatbank.ro\/lexikon\/termek\/tanco-marioara\/"},"modified":"2025-08-01T16:55:19","modified_gmt":"2025-08-01T14:55:19","slug":"tanco-marioara","status":"publish","type":"product","link":"https:\/\/uj.adatbank.ro\/lexikon\/termek\/tanco-marioara\/","title":{"rendered":"TANCO, M\u0103rioara"},"content":{"rendered":"<p>Monor, 1939. szept. 15., \u2020 Sz\u00e1szr\u00e9gen, 1991 ?: tan\u00e1r. \u2013 Tan\u00edt\u00f3k\u00e9pz\u0151t Beszterc\u00e9n v\u00e9gzett, majd a sz\u00fcl\u0151faluj\u00e1ban tan\u00edtott, k\u00f6zben Kv.-on elv\u00e9gezte a Ped. F\u0151iskola rom\u00e1n-francia szak\u00e1t. Tan\u00edtott Vajdaszentiv\u00e1nyban \u00e9s Beresztelk\u00e9n, majd Sz\u00e1szr\u00e9genben a 3-as sz. \u00c1lt. Iskol\u00e1ban, ahol modern nyelvkabinetet l\u00e9tes\u00edtett, irodalmi k\u00f6rt vezetett, t\u00f6bb irodalmi kir\u00e1ndul\u00e1st szervezett a tanul\u00f3knak, vezette a Pion\u00edrok H\u00e1za irodalmi k\u00f6r\u00e9t, megszervezte a \u201ePatrium Carmen\u201d exped\u00edci\u00f3t a Kelemen-havasokba a n\u00e9pszok\u00e1sok felt\u00e9rk\u00e9pez\u00e9se \u00e9rdek\u00e9ben. Verseket \u00edrt \u00e9s k\u00f6z\u00f6lt a Cuv\u00e2ntul liber napilapban \u00e9s a \u015eara Marin szerkesztette R\u00e9geni k\u00f6lt\u0151k antol\u00f3gi\u00e1j\u00e1ban. Korai hal\u00e1la sok terv\u00e9t semmis\u00edtette meg. <br \/><strong>\u2013 Irod.:<\/strong> Dasc\u0103li mure\u015feni, 4.<\/br><\/p>\n","protected":false},"excerpt":{"rendered":"<p>Monor, 1939. szept. 15., \u2020 Sz\u00e1szr\u00e9gen, 1991 ?: tan\u00e1r. \u2013 Tan\u00edt\u00f3k\u00e9pz\u0151t Beszterc\u00e9n v\u00e9gzett, majd a sz\u00fcl\u0151faluj\u00e1ban tan\u00edtott, k\u00f6zben Kv.-on elv\u00e9gezte a Ped. F\u0151iskola rom\u00e1n-francia szak\u00e1t. Tan\u00edtott Vajdaszentiv\u00e1nyban \u00e9s Beresztelk\u00e9n, majd Sz\u00e1szr\u00e9genben a 3-as sz. \u00c1lt. Iskol\u00e1ban, ahol modern nyelvkabinetet l\u00e9tes\u00edtett, irodalmi k\u00f6rt vezetett, t\u00f6bb irodalmi kir\u00e1ndul\u00e1st szervezett a tanul\u00f3knak, vezette a Pion\u00edrok H\u00e1za irodalmi k\u00f6r\u00e9t, [&hellip;]<\/p>\n","protected":false},"featured_media":0,"comment_status":"open","ping_status":"closed","template":"","meta":[],"product_brand":[],"product_cat":[137],"product_tag":[],"class_list":{"0":"post-22675","1":"product","2":"type-product","3":"status-publish","5":"product_cat-maros-megyei-eletrajzi-lexikon","7":"first","8":"instock","9":"shipping-taxable","10":"product-type-simple"},"_links":{"self":[{"href":"https:\/\/uj.adatbank.ro\/lexikon\/wp-json\/wp\/v2\/product\/22675","targetHints":{"allow":["GET"]}}],"collection":[{"href":"https:\/\/uj.adatbank.ro\/lexikon\/wp-json\/wp\/v2\/product"}],"about":[{"href":"https:\/\/uj.adatbank.ro\/lexikon\/wp-json\/wp\/v2\/types\/product"}],"replies":[{"embeddable":true,"href":"https:\/\/uj.adatbank.ro\/lexikon\/wp-json\/wp\/v2\/comments?post=22675"}],"wp:attachment":[{"href":"https:\/\/uj.adatbank.ro\/lexikon\/wp-json\/wp\/v2\/media?parent=22675"}],"wp:term":[{"taxonomy":"product_brand","embeddable":true,"href":"https:\/\/uj.adatbank.ro\/lexikon\/wp-json\/wp\/v2\/product_brand?post=22675"},{"taxonomy":"product_cat","embeddable":true,"href":"https:\/\/uj.adatbank.ro\/lexikon\/wp-json\/wp\/v2\/product_cat?post=22675"},{"taxonomy":"product_tag","embeddable":true,"href":"https:\/\/uj.adatbank.ro\/lexikon\/wp-json\/wp\/v2\/product_tag?post=22675"}],"curies":[{"name":"wp","href":"https:\/\/api.w.org\/{rel}","templated":true}]}}

TANCO, Mărioara

<p>Monor, 1939. szept. 15., † Szászrégen, 1991 ?: tanár. – Tanítóképzőt Besztercén végzett, majd a szülőfalujában tanított, közben Kv.-on elvégezte a Ped. Főiskola román-francia szakát. Tanított Vajdaszentiványban és Beresztelkén, majd Szászrégenben a 3-as sz. Ált. Iskolában, ahol modern nyelvkabinetet létesített, irodalmi kört vezetett, több irodalmi kirándulást szervezett a tanulóknak, vezette a Pionírok Háza irodalmi körét, megszervezte a „Patrium Carmen” expedíciót a Kelemen-havasokba a népszokások feltérképezése érdekében. Verseket írt és közölt a Cuvântul liber napilapban és a Şara Marin szerkesztette Régeni költők antológiájában. Korai halála sok tervét semmisítette meg. <br /><strong>– Irod.:</strong> Dascăli mureşeni, 4.</br></p>

<p>Monor, 1939. szept. 15., † Szászrégen, 1991 ?: tanár. – Tanítóképzőt Besztercén végzett, majd a szülőfalujában tanított, közben Kv.-on elvégezte a Ped. Főiskola román-francia szakát. Tanított Vajdaszentiványban és Beresztelkén, majd Szászrégenben a 3-as sz. Ált. Iskolában, ahol modern nyelvkabinetet létesített, irodalmi kört vezetett, több irodalmi kirándulást szervezett a tanulóknak, vezette a Pionírok Háza irodalmi körét, [&hellip;]</p>
