{"id":22680,"date":"2025-08-01T16:55:32","date_gmt":"2025-08-01T14:55:32","guid":{"rendered":"https:\/\/uj.adatbank.ro\/lexikon\/termek\/tanislav-stefan\/"},"modified":"2025-08-01T16:55:32","modified_gmt":"2025-08-01T14:55:32","slug":"tanislav-stefan","status":"publish","type":"product","link":"https:\/\/uj.adatbank.ro\/lexikon\/termek\/tanislav-stefan\/","title":{"rendered":"TANISLAV, \u015etefan"},"content":{"rendered":"<p>Ompolygalac, 1928. j\u00fal. 13., \u2020 Mv., 2008. aug. 6: \u00e9p\u00edt\u00e9szm\u00e9rn\u00f6k. \u2013 Mv.-en az Ipari L\u00edc.-ban tanult \u00e9s \u00e9retts\u00e9gizett (1944\u201349), Ia\u015fi-ban a m\u0171szaki egyetem \u2013 \u00e9p\u00edt\u00e9szeti kar\u00e1n v\u00e9gzett (1954), ugyan ott doktor\u00e1lt (1979), m\u00e9rn\u00f6k-dr. c\u00edmet nyert. Buk.-ben a KB-ban m\u00e9rn\u00f6k gyakornok (1953), a borsz\u00e9ki viadukt \u00e9p\u00edt\u00e9s\u00e9n\u00e9l dolgozott (1954\u2013), a gyulakutai\u2013erd\u0151szentgy\u00f6rgyi \u00fat\u00e9p\u00edt\u0151telep vezet\u0151je (\u20131962), a mv.-i v\u00e1rosi tan\u00e1cs aleln\u00f6ke (1962\u201365), a Maros Megyei Tan\u00e1cs aleln\u00f6ke (1962\u201372), a Megyei \u00fat \u00e9s h\u00edd igazgat\u00f3s\u00e1g igazgat\u00f3ja (1973\u201390). M\u00e1r di\u00e1kkor\u00e1ban megjelent nyomtat\u00e1sban a mechanika alapjait ismertet\u0151 tank\u00f6nyve. Szabadalma is volt (1986). \u2013  <strong>F. m..:<\/strong> No\u0163iuni de mecanic\u0103 (s.l., 1947); Contribu\u0163ii privind folosirea materialelor locale stabilizate \u00een structurile rutiere, pentru drumurile de interes local cu aplica\u0163ii \u00een jude\u0163ul Mure\u015f: teza de coctorat (Ia\u015fi, 1979). <br \/><strong>\u2013 Irod.:<\/strong> csal\u00e1di inf.; [Nekrol\u00f3g] (N\u00fa., 2008. aug. 8?).<\/br><\/p>\n","protected":false},"excerpt":{"rendered":"<p>Ompolygalac, 1928. j\u00fal. 13., \u2020 Mv., 2008. aug. 6: \u00e9p\u00edt\u00e9szm\u00e9rn\u00f6k. \u2013 Mv.-en az Ipari L\u00edc.-ban tanult \u00e9s \u00e9retts\u00e9gizett (1944\u201349), Ia\u015fi-ban a m\u0171szaki egyetem \u2013 \u00e9p\u00edt\u00e9szeti kar\u00e1n v\u00e9gzett (1954), ugyan ott doktor\u00e1lt (1979), m\u00e9rn\u00f6k-dr. c\u00edmet nyert. Buk.-ben a KB-ban m\u00e9rn\u00f6k gyakornok (1953), a borsz\u00e9ki viadukt \u00e9p\u00edt\u00e9s\u00e9n\u00e9l dolgozott (1954\u2013), a gyulakutai\u2013erd\u0151szentgy\u00f6rgyi \u00fat\u00e9p\u00edt\u0151telep vezet\u0151je (\u20131962), a mv.-i v\u00e1rosi [&hellip;]<\/p>\n","protected":false},"featured_media":0,"comment_status":"open","ping_status":"closed","template":"","meta":[],"product_brand":[],"product_cat":[137],"product_tag":[],"class_list":{"0":"post-22680","1":"product","2":"type-product","3":"status-publish","5":"product_cat-maros-megyei-eletrajzi-lexikon","7":"first","8":"instock","9":"shipping-taxable","10":"product-type-simple"},"_links":{"self":[{"href":"https:\/\/uj.adatbank.ro\/lexikon\/wp-json\/wp\/v2\/product\/22680","targetHints":{"allow":["GET"]}}],"collection":[{"href":"https:\/\/uj.adatbank.ro\/lexikon\/wp-json\/wp\/v2\/product"}],"about":[{"href":"https:\/\/uj.adatbank.ro\/lexikon\/wp-json\/wp\/v2\/types\/product"}],"replies":[{"embeddable":true,"href":"https:\/\/uj.adatbank.ro\/lexikon\/wp-json\/wp\/v2\/comments?post=22680"}],"wp:attachment":[{"href":"https:\/\/uj.adatbank.ro\/lexikon\/wp-json\/wp\/v2\/media?parent=22680"}],"wp:term":[{"taxonomy":"product_brand","embeddable":true,"href":"https:\/\/uj.adatbank.ro\/lexikon\/wp-json\/wp\/v2\/product_brand?post=22680"},{"taxonomy":"product_cat","embeddable":true,"href":"https:\/\/uj.adatbank.ro\/lexikon\/wp-json\/wp\/v2\/product_cat?post=22680"},{"taxonomy":"product_tag","embeddable":true,"href":"https:\/\/uj.adatbank.ro\/lexikon\/wp-json\/wp\/v2\/product_tag?post=22680"}],"curies":[{"name":"wp","href":"https:\/\/api.w.org\/{rel}","templated":true}]}}

TANISLAV, Ştefan

<p>Ompolygalac, 1928. júl. 13., † Mv., 2008. aug. 6: építészmérnök. – Mv.-en az Ipari Líc.-ban tanult és érettségizett (1944–49), Iaşi-ban a műszaki egyetem – építészeti karán végzett (1954), ugyan ott doktorált (1979), mérnök-dr. címet nyert. Buk.-ben a KB-ban mérnök gyakornok (1953), a borszéki viadukt építésénél dolgozott (1954–), a gyulakutai–erdőszentgyörgyi útépítőtelep vezetője (–1962), a mv.-i városi tanács alelnöke (1962–65), a Maros Megyei Tanács alelnöke (1962–72), a Megyei út és híd igazgatóság igazgatója (1973–90). Már diákkorában megjelent nyomtatásban a mechanika alapjait ismertető tankönyve. Szabadalma is volt (1986). –  <strong>F. m..:</strong> Noţiuni de mecanică (s.l., 1947); Contribuţii privind folosirea materialelor locale stabilizate în structurile rutiere, pentru drumurile de interes local cu aplicaţii în judeţul Mureş: teza de coctorat (Iaşi, 1979). <br /><strong>– Irod.:</strong> családi inf.; [Nekrológ] (Nú., 2008. aug. 8?).</br></p>

<p>Ompolygalac, 1928. júl. 13., † Mv., 2008. aug. 6: építészmérnök. – Mv.-en az Ipari Líc.-ban tanult és érettségizett (1944–49), Iaşi-ban a műszaki egyetem – építészeti karán végzett (1954), ugyan ott doktorált (1979), mérnök-dr. címet nyert. Buk.-ben a KB-ban mérnök gyakornok (1953), a borszéki viadukt építésénél dolgozott (1954–), a gyulakutai–erdőszentgyörgyi útépítőtelep vezetője (–1962), a mv.-i városi [&hellip;]</p>
