{"id":22682,"date":"2025-08-01T16:55:35","date_gmt":"2025-08-01T14:55:35","guid":{"rendered":"https:\/\/uj.adatbank.ro\/lexikon\/termek\/tanko-arpad\/"},"modified":"2025-08-01T16:55:35","modified_gmt":"2025-08-01T14:55:35","slug":"tanko-arpad","status":"publish","type":"product","link":"https:\/\/uj.adatbank.ro\/lexikon\/termek\/tanko-arpad\/","title":{"rendered":"TANK\u00d3 \u00c1rp\u00e1d"},"content":{"rendered":"<p>?, \u2020 ?: p\u00e1rtaktivista. \u2013 A sz\u00e9kelyudvarhelyi r. k. gimn.-ban v\u00e9gzett (1948). A MAT p\u00e1rtbizotts\u00e1g\u00e1nak tagja, a kultur\u00e1lis \u00fcgyek\u00e9rt felelt (1950-es \u00e9vek), az orsz\u00e1gos Vall\u00e1s\u00fcgyi Igazgat\u00f3s\u00e1g megb\u00edzottja volt a MAT-ban (1960-as \u00e9vek), majd a MMAT-ban \u00e9s a Maros megyei Egyh\u00e1z\u00fcgyi Hivatal vezet\u0151je (1968\u2013). A t\u00f6rv\u00e9nyes el\u0151\u00edr\u00e1sok betart\u00e1s\u00e1t ellen\u0151rizte a mv.-i ref. gy\u0171jt\u0151lev\u00e9lt\u00e1rban is. <br \/><strong>\u2013 Irod.:<\/strong> Aranykorszak; Bartos 2012; Bottoni 2006; Bottoni 2008; Berekm\u00e9ri \u00c1rp\u00e1d-R\u00f3bert: A Marosv\u00e1s\u00e1rhelyi Reform\u00e1tus Vid\u00e9ki Gy\u0171jt\u0151lev\u00e9lt\u00e1r 50 \u00e9ve (1961\u20132011) (Korunk, 8. sz., 2012).<\/br><\/p>\n","protected":false},"excerpt":{"rendered":"<p>?, \u2020 ?: p\u00e1rtaktivista. \u2013 A sz\u00e9kelyudvarhelyi r. k. gimn.-ban v\u00e9gzett (1948). A MAT p\u00e1rtbizotts\u00e1g\u00e1nak tagja, a kultur\u00e1lis \u00fcgyek\u00e9rt felelt (1950-es \u00e9vek), az orsz\u00e1gos Vall\u00e1s\u00fcgyi Igazgat\u00f3s\u00e1g megb\u00edzottja volt a MAT-ban (1960-as \u00e9vek), majd a MMAT-ban \u00e9s a Maros megyei Egyh\u00e1z\u00fcgyi Hivatal vezet\u0151je (1968\u2013). A t\u00f6rv\u00e9nyes el\u0151\u00edr\u00e1sok betart\u00e1s\u00e1t ellen\u0151rizte a mv.-i ref. gy\u0171jt\u0151lev\u00e9lt\u00e1rban is. \u2013 Irod.: [&hellip;]<\/p>\n","protected":false},"featured_media":0,"comment_status":"open","ping_status":"closed","template":"","meta":[],"product_brand":[],"product_cat":[137],"product_tag":[],"class_list":{"0":"post-22682","1":"product","2":"type-product","3":"status-publish","5":"product_cat-maros-megyei-eletrajzi-lexikon","7":"first","8":"instock","9":"shipping-taxable","10":"product-type-simple"},"_links":{"self":[{"href":"https:\/\/uj.adatbank.ro\/lexikon\/wp-json\/wp\/v2\/product\/22682","targetHints":{"allow":["GET"]}}],"collection":[{"href":"https:\/\/uj.adatbank.ro\/lexikon\/wp-json\/wp\/v2\/product"}],"about":[{"href":"https:\/\/uj.adatbank.ro\/lexikon\/wp-json\/wp\/v2\/types\/product"}],"replies":[{"embeddable":true,"href":"https:\/\/uj.adatbank.ro\/lexikon\/wp-json\/wp\/v2\/comments?post=22682"}],"wp:attachment":[{"href":"https:\/\/uj.adatbank.ro\/lexikon\/wp-json\/wp\/v2\/media?parent=22682"}],"wp:term":[{"taxonomy":"product_brand","embeddable":true,"href":"https:\/\/uj.adatbank.ro\/lexikon\/wp-json\/wp\/v2\/product_brand?post=22682"},{"taxonomy":"product_cat","embeddable":true,"href":"https:\/\/uj.adatbank.ro\/lexikon\/wp-json\/wp\/v2\/product_cat?post=22682"},{"taxonomy":"product_tag","embeddable":true,"href":"https:\/\/uj.adatbank.ro\/lexikon\/wp-json\/wp\/v2\/product_tag?post=22682"}],"curies":[{"name":"wp","href":"https:\/\/api.w.org\/{rel}","templated":true}]}}

TANKÓ Árpád

<p>?, † ?: pártaktivista. – A székelyudvarhelyi r. k. gimn.-ban végzett (1948). A MAT pártbizottságának tagja, a kulturális ügyekért felelt (1950-es évek), az országos Vallásügyi Igazgatóság megbízottja volt a MAT-ban (1960-as évek), majd a MMAT-ban és a Maros megyei Egyházügyi Hivatal vezetője (1968–). A törvényes előírások betartását ellenőrizte a mv.-i ref. gyűjtőlevéltárban is. <br /><strong>– Irod.:</strong> Aranykorszak; Bartos 2012; Bottoni 2006; Bottoni 2008; Berekméri Árpád-Róbert: A Marosvásárhelyi Református Vidéki Gyűjtőlevéltár 50 éve (1961–2011) (Korunk, 8. sz., 2012).</br></p>

<p>?, † ?: pártaktivista. – A székelyudvarhelyi r. k. gimn.-ban végzett (1948). A MAT pártbizottságának tagja, a kulturális ügyekért felelt (1950-es évek), az országos Vallásügyi Igazgatóság megbízottja volt a MAT-ban (1960-as évek), majd a MMAT-ban és a Maros megyei Egyházügyi Hivatal vezetője (1968–). A törvényes előírások betartását ellenőrizte a mv.-i ref. gyűjtőlevéltárban is. – Irod.: [&hellip;]</p>
