{"id":22684,"date":"2025-08-01T16:55:41","date_gmt":"2025-08-01T14:55:41","guid":{"rendered":"https:\/\/uj.adatbank.ro\/lexikon\/termek\/tanko-janos\/"},"modified":"2025-08-01T16:55:41","modified_gmt":"2025-08-01T14:55:41","slug":"tanko-janos","status":"publish","type":"product","link":"https:\/\/uj.adatbank.ro\/lexikon\/termek\/tanko-janos\/","title":{"rendered":"TANK\u00d3 J\u00e1nos"},"content":{"rendered":"<p>Segesv\u00e1r, 1846. m\u00e1j. 18., \u2020 Bp., 1902. m\u00e1rc. 13.: b\u00f6lcseleti doktor, a budapesti VIII. ker. f\u0151re\u00e1liskola tan\u00e1ra. \u2013 A gimn\u00e1ziumot Segesv\u00e1rt, Mv-., Cs\u00edksomly\u00f3n \u00e9s Sz\u00e9kelyudvarhelyt v\u00e9gezte, a pesti egyetem hallgat\u00f3ja volt (1867\u201372), e k\u00f6zben a k\u00f6z\u00e9piskolai tan\u00e1rk\u00e9pz\u0151 tagja volt (1870\u201372); tan\u00e1ri k\u00e9pes\u00edt\u00e9st nyert Bp.-en (1874). Szakt\u00e1rgyai a magyar nyelv \u00e9s irodalom \u00e9s n\u00e9met nyelv. a Budapest j\u00f3zsefv\u00e1rosi re\u00e1liskol\u00e1hoz nevezt\u00e9k ki p\u00f3ttan\u00e1rnak (1872), majd a budapesti VIII. ker. k\u00f6zs\u00e9gi f\u0151re\u00e1liskola rendes tan\u00e1ra volt (1874\u2013). Egy \u00edzben sz\u00e9ls\u0151baloldali k\u00e9pvisel\u0151jel\u00f6lt volt. \u0150 s\u00fcrgette el\u0151sz\u00f6r a m\u00e1rcius 15. iskolai \u00fcnnepek meghonos\u00edt\u00e1s\u00e1t, s mikor terve nem siker\u00fclt, kivitte a fi\u00fakat p\u00e9czeli nyaral\u00f3j\u00e1ba \u00e9s ott \u00fcnnepelte vel\u00fck a szabads\u00e1g \u00e9vfordul\u00f3j\u00e1t. \u2013  <strong>F. m..:<\/strong> Magyarorsz\u00e1g t\u00f6rt\u00e9nete r\u00f6vid el\u0151ad\u00e1sban. A re\u00e1liskol\u00e1k I\u2013III. oszt. sz\u00e1m\u00e1ra. 1\u20132 k\u00f6t. (Bp., 1876); Magyarorsz\u00e1g pragmatikai t\u00f6rt\u00e9nete a re\u00e1liskol\u00e1k VII. oszt. sz\u00e1m\u00e1ra. (Bp., 1877.); Vil\u00e1gt\u00f6rt\u00e9nelem, a re\u00e1liskolai tanul\u00f3k haszn\u00e1lat\u00e1ra. 1\u20133 k\u00f6t. (Bp., 1875\u201377); Vil\u00e1gt\u00f6rt\u00e9nelem. A forradalmak kora \u00e9s az \u00fajabb \u00e1llami alakul\u00e1sok. A k\u00f6z\u00e9piskolai tanul\u00f3k haszn\u00e1lat\u00e1ra. A VII. oszt. sz\u00e1m\u00e1ra. (Bp., 1877, 1890); V\u00e1lasz Herman Ott\u00f3 \u00farnak a \u201eZichy Jen\u0151 gr\u00f3f harmadik \u00e1zsiai utaz\u00e1sa\u201d c. k\u00f6nyv els\u0151 k\u00f6tet\u00e9r\u0151l \u00edrt recenzi\u00f3j\u00e1ra. (Bp., 1900.). <br \/><strong>\u2013 Irod.:<\/strong> Szinnyei.<\/br><\/p>\n","protected":false},"excerpt":{"rendered":"<p>Segesv\u00e1r, 1846. m\u00e1j. 18., \u2020 Bp., 1902. m\u00e1rc. 13.: b\u00f6lcseleti doktor, a budapesti VIII. ker. f\u0151re\u00e1liskola tan\u00e1ra. \u2013 A gimn\u00e1ziumot Segesv\u00e1rt, Mv-., Cs\u00edksomly\u00f3n \u00e9s Sz\u00e9kelyudvarhelyt v\u00e9gezte, a pesti egyetem hallgat\u00f3ja volt (1867\u201372), e k\u00f6zben a k\u00f6z\u00e9piskolai tan\u00e1rk\u00e9pz\u0151 tagja volt (1870\u201372); tan\u00e1ri k\u00e9pes\u00edt\u00e9st nyert Bp.-en (1874). Szakt\u00e1rgyai a magyar nyelv \u00e9s irodalom \u00e9s n\u00e9met nyelv. a [&hellip;]<\/p>\n","protected":false},"featured_media":0,"comment_status":"open","ping_status":"closed","template":"","meta":[],"product_brand":[],"product_cat":[137],"product_tag":[],"class_list":{"0":"post-22684","1":"product","2":"type-product","3":"status-publish","5":"product_cat-maros-megyei-eletrajzi-lexikon","7":"first","8":"instock","9":"shipping-taxable","10":"product-type-simple"},"_links":{"self":[{"href":"https:\/\/uj.adatbank.ro\/lexikon\/wp-json\/wp\/v2\/product\/22684","targetHints":{"allow":["GET"]}}],"collection":[{"href":"https:\/\/uj.adatbank.ro\/lexikon\/wp-json\/wp\/v2\/product"}],"about":[{"href":"https:\/\/uj.adatbank.ro\/lexikon\/wp-json\/wp\/v2\/types\/product"}],"replies":[{"embeddable":true,"href":"https:\/\/uj.adatbank.ro\/lexikon\/wp-json\/wp\/v2\/comments?post=22684"}],"wp:attachment":[{"href":"https:\/\/uj.adatbank.ro\/lexikon\/wp-json\/wp\/v2\/media?parent=22684"}],"wp:term":[{"taxonomy":"product_brand","embeddable":true,"href":"https:\/\/uj.adatbank.ro\/lexikon\/wp-json\/wp\/v2\/product_brand?post=22684"},{"taxonomy":"product_cat","embeddable":true,"href":"https:\/\/uj.adatbank.ro\/lexikon\/wp-json\/wp\/v2\/product_cat?post=22684"},{"taxonomy":"product_tag","embeddable":true,"href":"https:\/\/uj.adatbank.ro\/lexikon\/wp-json\/wp\/v2\/product_tag?post=22684"}],"curies":[{"name":"wp","href":"https:\/\/api.w.org\/{rel}","templated":true}]}}

TANKÓ János

<p>Segesvár, 1846. máj. 18., † Bp., 1902. márc. 13.: bölcseleti doktor, a budapesti VIII. ker. főreáliskola tanára. – A gimnáziumot Segesvárt, Mv-., Csíksomlyón és Székelyudvarhelyt végezte, a pesti egyetem hallgatója volt (1867–72), e közben a középiskolai tanárképző tagja volt (1870–72); tanári képesítést nyert Bp.-en (1874). Szaktárgyai a magyar nyelv és irodalom és német nyelv. a Budapest józsefvárosi reáliskolához nevezték ki póttanárnak (1872), majd a budapesti VIII. ker. községi főreáliskola rendes tanára volt (1874–). Egy ízben szélsőbaloldali képviselőjelölt volt. Ő sürgette először a március 15. iskolai ünnepek meghonosítását, s mikor terve nem sikerült, kivitte a fiúkat péczeli nyaralójába és ott ünnepelte velük a szabadság évfordulóját. –  <strong>F. m..:</strong> Magyarország története rövid előadásban. A reáliskolák I–III. oszt. számára. 1–2 köt. (Bp., 1876); Magyarország pragmatikai története a reáliskolák VII. oszt. számára. (Bp., 1877.); Világtörténelem, a reáliskolai tanulók használatára. 1–3 köt. (Bp., 1875–77); Világtörténelem. A forradalmak kora és az újabb állami alakulások. A középiskolai tanulók használatára. A VII. oszt. számára. (Bp., 1877, 1890); Válasz Herman Ottó úrnak a „Zichy Jenő gróf harmadik ázsiai utazása” c. könyv első kötetéről írt recenziójára. (Bp., 1900.). <br /><strong>– Irod.:</strong> Szinnyei.</br></p>

<p>Segesvár, 1846. máj. 18., † Bp., 1902. márc. 13.: bölcseleti doktor, a budapesti VIII. ker. főreáliskola tanára. – A gimnáziumot Segesvárt, Mv-., Csíksomlyón és Székelyudvarhelyt végezte, a pesti egyetem hallgatója volt (1867–72), e közben a középiskolai tanárképző tagja volt (1870–72); tanári képesítést nyert Bp.-en (1874). Szaktárgyai a magyar nyelv és irodalom és német nyelv. a [&hellip;]</p>
