{"id":22688,"date":"2025-08-01T16:55:51","date_gmt":"2025-08-01T14:55:51","guid":{"rendered":"https:\/\/uj.adatbank.ro\/lexikon\/termek\/tapody-tamas\/"},"modified":"2025-08-01T16:55:51","modified_gmt":"2025-08-01T14:55:51","slug":"tapody-tamas","status":"publish","type":"product","link":"https:\/\/uj.adatbank.ro\/lexikon\/termek\/tapody-tamas\/","title":{"rendered":"TAPODY Tam\u00e1s"},"content":{"rendered":"<p>Kiskundorozsma, 1846. szept. 1., \u2020 Mv., 1901. szept. 27. a minorita-templom alatti kript\u00e1ba temett\u00e9k: minorita szerzetes, h\u00e1zf\u0151n\u00f6k, tan\u00e1r. \u2013 Szegeden v\u00e9gezte a k\u00f6z\u00e9piskol\u00e1it \u00e9s bel\u00e9pett a minoritarendbe (1867. szept. 27.), papp\u00e1 szentelt\u00e9k (1870. aug. 1.). Mint \u00e1ldoz\u00f3pap tan\u00e1r volt Nagyb\u00e1ny\u00e1n, Lugoson, Szil\u00e1gysomly\u00f3n igazgat\u00f3 (1881\u2013), a rendi papnevel\u0151int\u00e9zet igazgat\u00f3ja Egerben. Mv.-en h\u00e1zf\u0151n\u00f6k \u00e9s kereszt\u00fclvitte, hogy a rendtartom\u00e1nyi szemin\u00e1riumot Mv.-re helyezz\u00e9k (1898), majd a nov\u00edciusk\u00e9pz\u00e9st is. A mv.-i konventualis ferencesek h\u00e1zf\u0151n\u00f6ke (\u20131914). Tagja volt az Erd\u00e9lyi Irodalmi T\u00e1rsas\u00e1gnak. Tanulm\u00e1nyait, cikkeit k\u00f6z\u00f6lte a Lugosi kir. Kath. F\u0151gimn. \u00c9rtes\u00edt\u0151, Nagyb\u00e1nyai f\u0151gimn. \u00c9rtes\u00edt\u0151, Szil\u00e1gysomly\u00f3i gymn. \u00c9rtes\u00edt\u0151, stb. \u2013  <strong>F. m..:<\/strong> Nagyb\u00e1nyai t\u00f6rt\u00e9neti adatok: t\u00f6rt\u00e9neti heti napt\u00e1r (Nagyb\u00e1nya, 1880). <br \/><strong>\u2013 Irod.:<\/strong> Id\u0151t\u00e1r 2 Maros megyei t\u00f6rt.; Minorit\u00e1k; Monay: magyaro.-i \u00e9s erd\u00e9lyi minorit\u00e1k.<\/br><\/p>\n","protected":false},"excerpt":{"rendered":"<p>Kiskundorozsma, 1846. szept. 1., \u2020 Mv., 1901. szept. 27. a minorita-templom alatti kript\u00e1ba temett\u00e9k: minorita szerzetes, h\u00e1zf\u0151n\u00f6k, tan\u00e1r. \u2013 Szegeden v\u00e9gezte a k\u00f6z\u00e9piskol\u00e1it \u00e9s bel\u00e9pett a minoritarendbe (1867. szept. 27.), papp\u00e1 szentelt\u00e9k (1870. aug. 1.). Mint \u00e1ldoz\u00f3pap tan\u00e1r volt Nagyb\u00e1ny\u00e1n, Lugoson, Szil\u00e1gysomly\u00f3n igazgat\u00f3 (1881\u2013), a rendi papnevel\u0151int\u00e9zet igazgat\u00f3ja Egerben. Mv.-en h\u00e1zf\u0151n\u00f6k \u00e9s kereszt\u00fclvitte, hogy a [&hellip;]<\/p>\n","protected":false},"featured_media":0,"comment_status":"open","ping_status":"closed","template":"","meta":[],"product_brand":[],"product_cat":[137],"product_tag":[],"class_list":{"0":"post-22688","1":"product","2":"type-product","3":"status-publish","5":"product_cat-maros-megyei-eletrajzi-lexikon","7":"first","8":"instock","9":"shipping-taxable","10":"product-type-simple"},"_links":{"self":[{"href":"https:\/\/uj.adatbank.ro\/lexikon\/wp-json\/wp\/v2\/product\/22688","targetHints":{"allow":["GET"]}}],"collection":[{"href":"https:\/\/uj.adatbank.ro\/lexikon\/wp-json\/wp\/v2\/product"}],"about":[{"href":"https:\/\/uj.adatbank.ro\/lexikon\/wp-json\/wp\/v2\/types\/product"}],"replies":[{"embeddable":true,"href":"https:\/\/uj.adatbank.ro\/lexikon\/wp-json\/wp\/v2\/comments?post=22688"}],"wp:attachment":[{"href":"https:\/\/uj.adatbank.ro\/lexikon\/wp-json\/wp\/v2\/media?parent=22688"}],"wp:term":[{"taxonomy":"product_brand","embeddable":true,"href":"https:\/\/uj.adatbank.ro\/lexikon\/wp-json\/wp\/v2\/product_brand?post=22688"},{"taxonomy":"product_cat","embeddable":true,"href":"https:\/\/uj.adatbank.ro\/lexikon\/wp-json\/wp\/v2\/product_cat?post=22688"},{"taxonomy":"product_tag","embeddable":true,"href":"https:\/\/uj.adatbank.ro\/lexikon\/wp-json\/wp\/v2\/product_tag?post=22688"}],"curies":[{"name":"wp","href":"https:\/\/api.w.org\/{rel}","templated":true}]}}

TAPODY Tamás

<p>Kiskundorozsma, 1846. szept. 1., † Mv., 1901. szept. 27. a minorita-templom alatti kriptába temették: minorita szerzetes, házfőnök, tanár. – Szegeden végezte a középiskoláit és belépett a minoritarendbe (1867. szept. 27.), pappá szentelték (1870. aug. 1.). Mint áldozópap tanár volt Nagybányán, Lugoson, Szilágysomlyón igazgató (1881–), a rendi papnevelőintézet igazgatója Egerben. Mv.-en házfőnök és keresztülvitte, hogy a rendtartományi szemináriumot Mv.-re helyezzék (1898), majd a novíciusképzést is. A mv.-i konventualis ferencesek házfőnöke (–1914). Tagja volt az Erdélyi Irodalmi Társaságnak. Tanulmányait, cikkeit közölte a Lugosi kir. Kath. Főgimn. Értesítő, Nagybányai főgimn. Értesítő, Szilágysomlyói gymn. Értesítő, stb. –  <strong>F. m..:</strong> Nagybányai történeti adatok: történeti heti naptár (Nagybánya, 1880). <br /><strong>– Irod.:</strong> Időtár 2 Maros megyei tört.; Minoriták; Monay: magyaro.-i és erdélyi minoriták.</br></p>

<p>Kiskundorozsma, 1846. szept. 1., † Mv., 1901. szept. 27. a minorita-templom alatti kriptába temették: minorita szerzetes, házfőnök, tanár. – Szegeden végezte a középiskoláit és belépett a minoritarendbe (1867. szept. 27.), pappá szentelték (1870. aug. 1.). Mint áldozópap tanár volt Nagybányán, Lugoson, Szilágysomlyón igazgató (1881–), a rendi papnevelőintézet igazgatója Egerben. Mv.-en házfőnök és keresztülvitte, hogy a [&hellip;]</p>
