{"id":22691,"date":"2025-08-01T16:56:00","date_gmt":"2025-08-01T14:56:00","guid":{"rendered":"https:\/\/uj.adatbank.ro\/lexikon\/termek\/tar-janos-2\/"},"modified":"2025-08-01T16:56:00","modified_gmt":"2025-08-01T14:56:00","slug":"tar-janos-2","status":"publish","type":"product","link":"https:\/\/uj.adatbank.ro\/lexikon\/termek\/tar-janos-2\/","title":{"rendered":"TAR J\u00e1nos"},"content":{"rendered":"<p>? \u2020 Havadt\u0151, 1850 k.: megyeb\u00edr\u00f3. \u2013 A havadt\u0151i ref. templom 6 m magas torny\u00e1t \u0151 emeltette (1850). A havadt\u0151i temet\u0151ben nyugszik, Menyh\u00e1rt K\u00e1roly s\u00edrk\u0151farag\u00f3 \u00e1ltal k\u00e9sz\u00edtett s\u00edrk\u0151 alatt. <br \/><strong>\u2013 Irod.:<\/strong> Maros \u2013 m\u0171eml\u00e9kek; P\u00e9terfy 2005.<\/br><\/p>\n","protected":false},"excerpt":{"rendered":"<p>? \u2020 Havadt\u0151, 1850 k.: megyeb\u00edr\u00f3. \u2013 A havadt\u0151i ref. templom 6 m magas torny\u00e1t \u0151 emeltette (1850). A havadt\u0151i temet\u0151ben nyugszik, Menyh\u00e1rt K\u00e1roly s\u00edrk\u0151farag\u00f3 \u00e1ltal k\u00e9sz\u00edtett s\u00edrk\u0151 alatt. \u2013 Irod.: Maros \u2013 m\u0171eml\u00e9kek; P\u00e9terfy 2005.<\/p>\n","protected":false},"featured_media":0,"comment_status":"open","ping_status":"closed","template":"","meta":[],"product_brand":[],"product_cat":[137],"product_tag":[],"class_list":{"0":"post-22691","1":"product","2":"type-product","3":"status-publish","5":"product_cat-maros-megyei-eletrajzi-lexikon","7":"first","8":"instock","9":"shipping-taxable","10":"product-type-simple"},"_links":{"self":[{"href":"https:\/\/uj.adatbank.ro\/lexikon\/wp-json\/wp\/v2\/product\/22691","targetHints":{"allow":["GET"]}}],"collection":[{"href":"https:\/\/uj.adatbank.ro\/lexikon\/wp-json\/wp\/v2\/product"}],"about":[{"href":"https:\/\/uj.adatbank.ro\/lexikon\/wp-json\/wp\/v2\/types\/product"}],"replies":[{"embeddable":true,"href":"https:\/\/uj.adatbank.ro\/lexikon\/wp-json\/wp\/v2\/comments?post=22691"}],"wp:attachment":[{"href":"https:\/\/uj.adatbank.ro\/lexikon\/wp-json\/wp\/v2\/media?parent=22691"}],"wp:term":[{"taxonomy":"product_brand","embeddable":true,"href":"https:\/\/uj.adatbank.ro\/lexikon\/wp-json\/wp\/v2\/product_brand?post=22691"},{"taxonomy":"product_cat","embeddable":true,"href":"https:\/\/uj.adatbank.ro\/lexikon\/wp-json\/wp\/v2\/product_cat?post=22691"},{"taxonomy":"product_tag","embeddable":true,"href":"https:\/\/uj.adatbank.ro\/lexikon\/wp-json\/wp\/v2\/product_tag?post=22691"}],"curies":[{"name":"wp","href":"https:\/\/api.w.org\/{rel}","templated":true}]}}