{"id":22692,"date":"2025-08-01T16:56:02","date_gmt":"2025-08-01T14:56:02","guid":{"rendered":"https:\/\/uj.adatbank.ro\/lexikon\/termek\/tarczy-kovacs-erzsebet\/"},"modified":"2025-08-01T16:56:02","modified_gmt":"2025-08-01T14:56:02","slug":"tarczy-kovacs-erzsebet","status":"publish","type":"product","link":"https:\/\/uj.adatbank.ro\/lexikon\/termek\/tarczy-kovacs-erzsebet\/","title":{"rendered":"T\u00c1RCZY KOV\u00c1CS Erzs\u00e9bet"},"content":{"rendered":"<p>? 1928. okt. 21., \u2020 ?: \u00e9nekesn\u0151. \u2013 A mv.-i Szentgy\u00f6rgyi Istv\u00e1n Sz\u00ednm\u0171v\u00e9szeti Int\u00e9zet sz\u00edn\u00e9sz szak\u00e1t v\u00e9gezte. Fell\u00e9pett a Sz\u00e9kely Sz\u00ednh\u00e1zban, f\u0151leg operett el\u0151ad\u00e1sokban. Gyakran szerepelt a r\u00e1di\u00f3ban, koncertezett a mv.-i filharmonikusokkal. San Francisc\u00f3ban telepedett le (1961\u2013). K\u00e9t \u00e9ven \u00e1t saj\u00e1t r\u00e1di\u00f3m\u0171sora volt Hungarian Hour c\u00edmmel. Lemezei, kazett\u00e1i jelentek meg. M\u0171v\u00e9szi tev\u00e9kenys\u00e9g\u00e9nek 30. \u00e9vfordul\u00f3ja alkalm\u00e1b\u00f3l San Francisco d\u00edszpolg\u00e1ra lett. <br \/><strong>\u2013 Irod.:<\/strong> MSZL.<\/br><\/p>\n","protected":false},"excerpt":{"rendered":"<p>? 1928. okt. 21., \u2020 ?: \u00e9nekesn\u0151. \u2013 A mv.-i Szentgy\u00f6rgyi Istv\u00e1n Sz\u00ednm\u0171v\u00e9szeti Int\u00e9zet sz\u00edn\u00e9sz szak\u00e1t v\u00e9gezte. Fell\u00e9pett a Sz\u00e9kely Sz\u00ednh\u00e1zban, f\u0151leg operett el\u0151ad\u00e1sokban. Gyakran szerepelt a r\u00e1di\u00f3ban, koncertezett a mv.-i filharmonikusokkal. San Francisc\u00f3ban telepedett le (1961\u2013). K\u00e9t \u00e9ven \u00e1t saj\u00e1t r\u00e1di\u00f3m\u0171sora volt Hungarian Hour c\u00edmmel. Lemezei, kazett\u00e1i jelentek meg. M\u0171v\u00e9szi tev\u00e9kenys\u00e9g\u00e9nek 30. \u00e9vfordul\u00f3ja alkalm\u00e1b\u00f3l [&hellip;]<\/p>\n","protected":false},"featured_media":0,"comment_status":"open","ping_status":"closed","template":"","meta":[],"product_brand":[],"product_cat":[137],"product_tag":[],"class_list":{"0":"post-22692","1":"product","2":"type-product","3":"status-publish","5":"product_cat-maros-megyei-eletrajzi-lexikon","7":"first","8":"instock","9":"shipping-taxable","10":"product-type-simple"},"_links":{"self":[{"href":"https:\/\/uj.adatbank.ro\/lexikon\/wp-json\/wp\/v2\/product\/22692","targetHints":{"allow":["GET"]}}],"collection":[{"href":"https:\/\/uj.adatbank.ro\/lexikon\/wp-json\/wp\/v2\/product"}],"about":[{"href":"https:\/\/uj.adatbank.ro\/lexikon\/wp-json\/wp\/v2\/types\/product"}],"replies":[{"embeddable":true,"href":"https:\/\/uj.adatbank.ro\/lexikon\/wp-json\/wp\/v2\/comments?post=22692"}],"wp:attachment":[{"href":"https:\/\/uj.adatbank.ro\/lexikon\/wp-json\/wp\/v2\/media?parent=22692"}],"wp:term":[{"taxonomy":"product_brand","embeddable":true,"href":"https:\/\/uj.adatbank.ro\/lexikon\/wp-json\/wp\/v2\/product_brand?post=22692"},{"taxonomy":"product_cat","embeddable":true,"href":"https:\/\/uj.adatbank.ro\/lexikon\/wp-json\/wp\/v2\/product_cat?post=22692"},{"taxonomy":"product_tag","embeddable":true,"href":"https:\/\/uj.adatbank.ro\/lexikon\/wp-json\/wp\/v2\/product_tag?post=22692"}],"curies":[{"name":"wp","href":"https:\/\/api.w.org\/{rel}","templated":true}]}}

TÁRCZY KOVÁCS Erzsébet

<p>? 1928. okt. 21., † ?: énekesnő. – A mv.-i Szentgyörgyi István Színművészeti Intézet színész szakát végezte. Fellépett a Székely Színházban, főleg operett előadásokban. Gyakran szerepelt a rádióban, koncertezett a mv.-i filharmonikusokkal. San Franciscóban telepedett le (1961–). Két éven át saját rádióműsora volt Hungarian Hour címmel. Lemezei, kazettái jelentek meg. Művészi tevékenységének 30. évfordulója alkalmából San Francisco díszpolgára lett. <br /><strong>– Irod.:</strong> MSZL.</br></p>

<p>? 1928. okt. 21., † ?: énekesnő. – A mv.-i Szentgyörgyi István Színművészeti Intézet színész szakát végezte. Fellépett a Székely Színházban, főleg operett előadásokban. Gyakran szerepelt a rádióban, koncertezett a mv.-i filharmonikusokkal. San Franciscóban telepedett le (1961–). Két éven át saját rádióműsora volt Hungarian Hour címmel. Lemezei, kazettái jelentek meg. Művészi tevékenységének 30. évfordulója alkalmából [&hellip;]</p>
