{"id":22693,"date":"2025-08-01T16:56:04","date_gmt":"2025-08-01T14:56:04","guid":{"rendered":"https:\/\/uj.adatbank.ro\/lexikon\/termek\/tarisznyas-marton\/"},"modified":"2025-08-01T16:56:04","modified_gmt":"2025-08-01T14:56:04","slug":"tarisznyas-marton","status":"publish","type":"product","link":"https:\/\/uj.adatbank.ro\/lexikon\/termek\/tarisznyas-marton\/","title":{"rendered":"TARISZNY\u00c1S M\u00e1rton"},"content":{"rendered":"<p>Ditr\u00f3, 1927. szept. (nov?) 29., \u2020 Gyergy\u00f3szentmikl\u00f3s, 1980. okt. 9.: muzeol\u00f3gus, helyt\u00f6rt\u00e9n\u00e9sz, n\u00e9prajzkutat\u00f3. \u2013 dr. T. M\u00e1rton (1887\u20131961) \u00e9s T. Lujza fia. Feles\u00e9ge: G\u00e1ll Julianna (1930\u20132003). A kv.-i BTE-en t\u00f6rt\u00e9nelem-f\u00f6ldrajz szakos tan\u00e1ri oklevelet szerzett (1951). Egyetemistak\u00e9nt, a Bolyai-egy. megb\u00edz\u00e1s\u00e1b\u00f3l n\u00e9prajzi gy\u0171jt\u00e9st v\u00e9gzett (1948\u201351). A mv.-i tartom\u00e1nyi m\u00faz. munkat\u00e1rsa (1951\u201352), letart\u00f3ztatt\u00e1k, k\u00f6zrend elleni izgat\u00e1s v\u00e1dj\u00e1val b\u00f6rt\u00f6nb\u00fcntet\u00e9sre \u00edt\u00e9lt\u00e9k (1952\u201355). Teker\u0151patakon tan\u00edtott (1955\u201356). Az \u00e1ltala megszervezett gyergy\u00f3szentmikl\u00f3si t\u00e1jm\u00fazeum, Gyergy\u00f3i M\u00faz., igazgat\u00f3ja volt (1956. szept. 1.- hal\u00e1l\u00e1ig \u201380). Gyergy\u00f3 t\u00f6rt\u00e9net\u00e9vel, valamint az erd\u00e9lyi \u00f6rm\u00e9nys\u00e9g t\u00f6rt. n\u00e9prajz\u00e1val foglalkozott. Tanulm\u00e1nyai \u00e9s cikkei az Alut\u00e1ban, Cs\u00edki M\u00faz. K\u00f6zlm.-ben, a H\u00e9tben, a Korunkban, a Marisi\u00e1ban \u00e9s a M\u0171vel\u0151d\u00e9sben jelentek meg. \u2013  <strong>F. m..:<\/strong> Gyergy\u00f3 t\u00f6rt\u00e9neti n\u00e9prajza (Buk., 1982); <strong>gy\u0171jtem\u00e9nyes k\u00f6t.:<\/strong> A gy\u0171jt\u00f6get\u0151 gazd\u00e1lkod\u00e1s hagyom\u00e1nyai Gyergy\u00f3ban = N\u00e9pismereti Dolgozatok, (Buk., 1978); Gyergy\u00f3 n\u00e9prajzi megismer\u00e9s\u00e9nek m\u00faltj\u00e1b\u00f3l (Korunk \u00c9vk., 1979); K\u00f6vi P\u00e1l: Erd\u00e9lyi lakoma. (Buk., 1982). <br \/><strong>\u2013 Irod.:<\/strong> R\u00e9thy\u2013\u00dajv\u00e1ri\u2013V\u00e1czi, Sz\u00e1va 2012, \u00daM\u00c9L.<\/br><\/p>\n","protected":false},"excerpt":{"rendered":"<p>Ditr\u00f3, 1927. szept. (nov?) 29., \u2020 Gyergy\u00f3szentmikl\u00f3s, 1980. okt. 9.: muzeol\u00f3gus, helyt\u00f6rt\u00e9n\u00e9sz, n\u00e9prajzkutat\u00f3. \u2013 dr. T. M\u00e1rton (1887\u20131961) \u00e9s T. Lujza fia. Feles\u00e9ge: G\u00e1ll Julianna (1930\u20132003). A kv.-i BTE-en t\u00f6rt\u00e9nelem-f\u00f6ldrajz szakos tan\u00e1ri oklevelet szerzett (1951). Egyetemistak\u00e9nt, a Bolyai-egy. megb\u00edz\u00e1s\u00e1b\u00f3l n\u00e9prajzi gy\u0171jt\u00e9st v\u00e9gzett (1948\u201351). A mv.-i tartom\u00e1nyi m\u00faz. munkat\u00e1rsa (1951\u201352), letart\u00f3ztatt\u00e1k, k\u00f6zrend elleni izgat\u00e1s v\u00e1dj\u00e1val b\u00f6rt\u00f6nb\u00fcntet\u00e9sre [&hellip;]<\/p>\n","protected":false},"featured_media":0,"comment_status":"open","ping_status":"closed","template":"","meta":[],"product_brand":[],"product_cat":[137],"product_tag":[],"class_list":{"0":"post-22693","1":"product","2":"type-product","3":"status-publish","5":"product_cat-maros-megyei-eletrajzi-lexikon","7":"first","8":"instock","9":"shipping-taxable","10":"product-type-simple"},"_links":{"self":[{"href":"https:\/\/uj.adatbank.ro\/lexikon\/wp-json\/wp\/v2\/product\/22693","targetHints":{"allow":["GET"]}}],"collection":[{"href":"https:\/\/uj.adatbank.ro\/lexikon\/wp-json\/wp\/v2\/product"}],"about":[{"href":"https:\/\/uj.adatbank.ro\/lexikon\/wp-json\/wp\/v2\/types\/product"}],"replies":[{"embeddable":true,"href":"https:\/\/uj.adatbank.ro\/lexikon\/wp-json\/wp\/v2\/comments?post=22693"}],"wp:attachment":[{"href":"https:\/\/uj.adatbank.ro\/lexikon\/wp-json\/wp\/v2\/media?parent=22693"}],"wp:term":[{"taxonomy":"product_brand","embeddable":true,"href":"https:\/\/uj.adatbank.ro\/lexikon\/wp-json\/wp\/v2\/product_brand?post=22693"},{"taxonomy":"product_cat","embeddable":true,"href":"https:\/\/uj.adatbank.ro\/lexikon\/wp-json\/wp\/v2\/product_cat?post=22693"},{"taxonomy":"product_tag","embeddable":true,"href":"https:\/\/uj.adatbank.ro\/lexikon\/wp-json\/wp\/v2\/product_tag?post=22693"}],"curies":[{"name":"wp","href":"https:\/\/api.w.org\/{rel}","templated":true}]}}

TARISZNYÁS Márton

<p>Ditró, 1927. szept. (nov?) 29., † Gyergyószentmiklós, 1980. okt. 9.: muzeológus, helytörténész, néprajzkutató. – dr. T. Márton (1887–1961) és T. Lujza fia. Felesége: Gáll Julianna (1930–2003). A kv.-i BTE-en történelem-földrajz szakos tanári oklevelet szerzett (1951). Egyetemistaként, a Bolyai-egy. megbízásából néprajzi gyűjtést végzett (1948–51). A mv.-i tartományi múz. munkatársa (1951–52), letartóztatták, közrend elleni izgatás vádjával börtönbüntetésre ítélték (1952–55). Tekerőpatakon tanított (1955–56). Az általa megszervezett gyergyószentmiklósi tájmúzeum, Gyergyói Múz., igazgatója volt (1956. szept. 1.- haláláig –80). Gyergyó történetével, valamint az erdélyi örménység tört. néprajzával foglalkozott. Tanulmányai és cikkei az Alutában, Csíki Múz. Közlm.-ben, a Hétben, a Korunkban, a Marisiában és a Művelődésben jelentek meg. –  <strong>F. m..:</strong> Gyergyó történeti néprajza (Buk., 1982); <strong>gyűjteményes köt.:</strong> A gyűjtögető gazdálkodás hagyományai Gyergyóban = Népismereti Dolgozatok, (Buk., 1978); Gyergyó néprajzi megismerésének múltjából (Korunk Évk., 1979); Kövi Pál: Erdélyi lakoma. (Buk., 1982). <br /><strong>– Irod.:</strong> Réthy–Újvári–Váczi, Száva 2012, ÚMÉL.</br></p>

<p>Ditró, 1927. szept. (nov?) 29., † Gyergyószentmiklós, 1980. okt. 9.: muzeológus, helytörténész, néprajzkutató. – dr. T. Márton (1887–1961) és T. Lujza fia. Felesége: Gáll Julianna (1930–2003). A kv.-i BTE-en történelem-földrajz szakos tanári oklevelet szerzett (1951). Egyetemistaként, a Bolyai-egy. megbízásából néprajzi gyűjtést végzett (1948–51). A mv.-i tartományi múz. munkatársa (1951–52), letartóztatták, közrend elleni izgatás vádjával börtönbüntetésre [&hellip;]</p>
