{"id":22694,"date":"2025-08-01T16:56:07","date_gmt":"2025-08-01T14:56:07","guid":{"rendered":"https:\/\/uj.adatbank.ro\/lexikon\/termek\/tarkanyi-gusztav\/"},"modified":"2025-08-01T16:56:07","modified_gmt":"2025-08-01T14:56:07","slug":"tarkanyi-gusztav","status":"publish","type":"product","link":"https:\/\/uj.adatbank.ro\/lexikon\/termek\/tarkanyi-gusztav\/","title":{"rendered":"T\u00c1RK\u00c1NYI Guszt\u00e1v"},"content":{"rendered":"<p>? \u2020 ?: \u00fajs\u00e1g\u00edr\u00f3, lapszerkeszt\u0151, kiad\u00f3, szoc. dem szakszervezeti vezet\u0151. \u2013 Mv.-en tulajdonos szerkeszt\u0151je a Friss H\u00edrek (1926\u201329), a Gazeta B\u0103ilor \u2013 F\u00fcrd\u0151 \u00dajs\u00e1g (1930\u201338) c. Hetilapnak, a H\u00edrad\u00f3 c. lapnak (1913\u201341); szerkeszt\u0151 \u00e9s kiad\u00f3ja: A H\u00e1bor\u00fa mv.-i k\u00f3rh\u00e1zakban \u00e1polt sebes\u00fcltjeinek n\u00e9vsora. A h\u00e1bor\u00fa esem\u00e9nyeinek napt\u00e1ra (Mv., 1914). \u00datmutat\u00f3ja c\u00edmt\u00e1rat, telefonk\u00f6nyvet, utcan\u00e9vjegyz\u00e9ket tartalmaz. A Lak\u00e1sb\u00e9rl\u0151k Sz\u00f6vets\u00e9g\u00e9nek titk\u00e1ra (1927). Mv. \u00e9p\u00edt\u0151-, szab\u00f3, cip\u00e9sz- \u00e9s vasmunk\u00e1sai gy\u0171l\u00e9s\u00e9n \u00fajrav\u00e1lasztj\u00e1k titk\u00e1rnak (1939). A szakszervezeti munk\u00e1ss\u00e1g sz\u00f3viv\u0151je \u00e9s titk\u00e1ra (1939). \u2013  <strong>F. m..:<\/strong> \u00datmutat\u00f3. Mv.\u00e9s Marosv\u00e1rmegye telefonn\u00e9vsora, falvai \u00e9s v\u00e1rosai, utc\u00e1i magyarul, rom\u00e1nul, ny\u00e1ri- \u00e9s t\u00e9li menetrend, t\u00e9rk\u00e9p \/szerk. T. G. (Tg. M., 1926.); Marosv\u00e1s\u00e1rhelyi \u00fatmutat\u00f3 (Mv., 1926, 1941; 1945); T\u00e2rgu-Mure\u015f \u2013Marosv\u00e1s\u00e1rhely: C\u0103l\u0103uza-\u00datmutat\u00f3 (Mv., 1929, 1935). <br \/><strong>\u2013 Irod.:<\/strong> Ferenczi 1928; Ferenczi 1929; F\u00fcl\u00f6p\u2013Ferencz; Id\u0151t\u00e1r 3; \u00d6kr\u00f6s; Popt\u0103ma\u015f\u2013M\u00f3zes; T\u00f3th\u2013G\u00e1bor.<\/br><\/p>\n","protected":false},"excerpt":{"rendered":"<p>? \u2020 ?: \u00fajs\u00e1g\u00edr\u00f3, lapszerkeszt\u0151, kiad\u00f3, szoc. dem szakszervezeti vezet\u0151. \u2013 Mv.-en tulajdonos szerkeszt\u0151je a Friss H\u00edrek (1926\u201329), a Gazeta B\u0103ilor \u2013 F\u00fcrd\u0151 \u00dajs\u00e1g (1930\u201338) c. Hetilapnak, a H\u00edrad\u00f3 c. lapnak (1913\u201341); szerkeszt\u0151 \u00e9s kiad\u00f3ja: A H\u00e1bor\u00fa mv.-i k\u00f3rh\u00e1zakban \u00e1polt sebes\u00fcltjeinek n\u00e9vsora. A h\u00e1bor\u00fa esem\u00e9nyeinek napt\u00e1ra (Mv., 1914). \u00datmutat\u00f3ja c\u00edmt\u00e1rat, telefonk\u00f6nyvet, utcan\u00e9vjegyz\u00e9ket tartalmaz. A Lak\u00e1sb\u00e9rl\u0151k [&hellip;]<\/p>\n","protected":false},"featured_media":0,"comment_status":"open","ping_status":"closed","template":"","meta":[],"product_brand":[],"product_cat":[137],"product_tag":[],"class_list":{"0":"post-22694","1":"product","2":"type-product","3":"status-publish","5":"product_cat-maros-megyei-eletrajzi-lexikon","7":"first","8":"instock","9":"shipping-taxable","10":"product-type-simple"},"_links":{"self":[{"href":"https:\/\/uj.adatbank.ro\/lexikon\/wp-json\/wp\/v2\/product\/22694","targetHints":{"allow":["GET"]}}],"collection":[{"href":"https:\/\/uj.adatbank.ro\/lexikon\/wp-json\/wp\/v2\/product"}],"about":[{"href":"https:\/\/uj.adatbank.ro\/lexikon\/wp-json\/wp\/v2\/types\/product"}],"replies":[{"embeddable":true,"href":"https:\/\/uj.adatbank.ro\/lexikon\/wp-json\/wp\/v2\/comments?post=22694"}],"wp:attachment":[{"href":"https:\/\/uj.adatbank.ro\/lexikon\/wp-json\/wp\/v2\/media?parent=22694"}],"wp:term":[{"taxonomy":"product_brand","embeddable":true,"href":"https:\/\/uj.adatbank.ro\/lexikon\/wp-json\/wp\/v2\/product_brand?post=22694"},{"taxonomy":"product_cat","embeddable":true,"href":"https:\/\/uj.adatbank.ro\/lexikon\/wp-json\/wp\/v2\/product_cat?post=22694"},{"taxonomy":"product_tag","embeddable":true,"href":"https:\/\/uj.adatbank.ro\/lexikon\/wp-json\/wp\/v2\/product_tag?post=22694"}],"curies":[{"name":"wp","href":"https:\/\/api.w.org\/{rel}","templated":true}]}}

TÁRKÁNYI Gusztáv

<p>? † ?: újságíró, lapszerkesztő, kiadó, szoc. dem szakszervezeti vezető. – Mv.-en tulajdonos szerkesztője a Friss Hírek (1926–29), a Gazeta Băilor – Fürdő Újság (1930–38) c. Hetilapnak, a Híradó c. lapnak (1913–41); szerkesztő és kiadója: A Háború mv.-i kórházakban ápolt sebesültjeinek névsora. A háború eseményeinek naptára (Mv., 1914). Útmutatója címtárat, telefonkönyvet, utcanévjegyzéket tartalmaz. A Lakásbérlők Szövetségének titkára (1927). Mv. építő-, szabó, cipész- és vasmunkásai gyűlésén újraválasztják titkárnak (1939). A szakszervezeti munkásság szóvivője és titkára (1939). –  <strong>F. m..:</strong> Útmutató. Mv.és Marosvármegye telefonnévsora, falvai és városai, utcái magyarul, románul, nyári- és téli menetrend, térkép /szerk. T. G. (Tg. M., 1926.); Marosvásárhelyi útmutató (Mv., 1926, 1941; 1945); Târgu-Mureş –Marosvásárhely: Călăuza-Útmutató (Mv., 1929, 1935). <br /><strong>– Irod.:</strong> Ferenczi 1928; Ferenczi 1929; Fülöp–Ferencz; Időtár 3; Ökrös; Poptămaş–Mózes; Tóth–Gábor.</br></p>

<p>? † ?: újságíró, lapszerkesztő, kiadó, szoc. dem szakszervezeti vezető. – Mv.-en tulajdonos szerkesztője a Friss Hírek (1926–29), a Gazeta Băilor – Fürdő Újság (1930–38) c. Hetilapnak, a Híradó c. lapnak (1913–41); szerkesztő és kiadója: A Háború mv.-i kórházakban ápolt sebesültjeinek névsora. A háború eseményeinek naptára (Mv., 1914). Útmutatója címtárat, telefonkönyvet, utcanévjegyzéket tartalmaz. A Lakásbérlők [&hellip;]</p>
