{"id":22697,"date":"2025-08-01T16:56:15","date_gmt":"2025-08-01T14:56:15","guid":{"rendered":"https:\/\/uj.adatbank.ro\/lexikon\/termek\/tarnaveanu-gheorghe-%c2%a7-tarnaveanu-george\/"},"modified":"2025-08-01T16:56:15","modified_gmt":"2025-08-01T14:56:15","slug":"tarnaveanu-gheorghe-%c2%a7-tarnaveanu-george","status":"publish","type":"product","link":"https:\/\/uj.adatbank.ro\/lexikon\/termek\/tarnaveanu-gheorghe-%c2%a7-tarnaveanu-george\/","title":{"rendered":"T\u00c2RN\u0102VEANU, Gheorghe, \u00a7 T\u00e2rn\u0103veanu George"},"content":{"rendered":"<p>Als\u00f3oroszi, 1891. m\u00e1j. 13., \u2020 Mv., 1952. \u00e1pr. 29.: tan\u00e1r, g. kat. pap. \u2013 Fia: Gheorghe, \u00fcgyv\u00e9d. \u2013 Sz\u00e1szr\u00e9genben \u00e9retts\u00e9gizett, g. kat. teol\u00f3gi\u00e1t Bal\u00e1zsfalv\u00e1n v\u00e9gzett. Marosszentgy\u00f6rgy\u00f6n pl\u00e9b\u00e1nos \u00e9s az egyh\u00e1zi iskola igazgat\u00f3ja (1915. szept. 1\u20131920. nov.). A Megyei Rom\u00e1n Nemzeti Tan\u00e1cs Tagja (1918. nov. 5\u2013), megv\u00e1lasztott\u00e1k Marosszentgy\u00f6rgy Rom\u00e1n Nemzeti Tan\u00e1csa eln\u00f6k\u00e9v\u00e9 (1918. nov.18.). Majd egyetemet v\u00e9gzett Kv.-on b\u00f6lcs\u00e9sz \u00e9s filoz\u00f3fia szakon (1919), n\u00e9met-rom\u00e1n szakos tan\u00e1ri oklevelet szerzett. Mv.-en tan\u00e1r az Al. Papiu Ilarian L\u00edc.-ban (1919. okt. 1. \u2013), majd a Fels\u0151kereskedelmi Fi\u00faiskol\u00e1ban n\u00e9met nyelvet \u00e9s kereskedelmi levelez\u00e9st tan\u00edtott (1919\u201320 \u00e9s 1923\u201341), az iskola igazgat\u00f3ja (1927\u201331 \u00e9s 1938\u201340). Komoly tanul\u00f3toborz\u00f3 tev\u00e9kenys\u00e9get fejtett ki a m\u00e1r \u2013 m\u00e1r megsz\u0171n\u0151 rom\u00e1n tannyelv\u0171 kereskedelmi iskol\u00e1nak. L\u00e9trehozta a Rom\u00e1n Cserk\u00e9szegyes\u00fcletet, amelynek keret\u00e9ben kir\u00e1ndul\u00e1sokat, t\u00e1boroz\u00e1sokat szerveztek. Iskolai sz\u00f6vetkezetet l\u00e9tes\u00edtett. A mv.-i Ref. Koll.-ban \u00f3raad\u00f3 tan\u00e1r (1931\u201332). Az ASTRA tagja, a g. kat. egyh\u00e1z tan\u00e1csosa, az iskolasz\u00e9k titk\u00e1ra, az Ipari \u00e9s Kereskedelmi Kamara deleg\u00e1ltja az iskol\u00e1k r\u00e9sz\u00e9r\u0151l, a megyei bizotts\u00e1g tagja volt, azonk\u00edv\u00fcl m\u00e9g sz\u00e1mos egyes\u00fcletn\u00e9l fejtett ki hasznos tev\u00e9kenys\u00e9get. A mv.-i kir\u00e1lyi p\u00e1rt a Nemzeti \u00dajj\u00e1sz\u00fclet\u00e9si Front kinevezett eln\u00f6ke (1938). Gyulafeh\u00e9rv\u00e1rra menek\u00fclt, \u00e9s egy \u00e9vig ott tan\u00edtott (1941\u201342). Visszat\u00e9rt Mv.-re. Temesv\u00e1rra, a Diaconovici Loga Lic.-ba helyeztette mag\u00e1t (1942\u201345). Visszat\u00e9rt Mv.-re, ahol nyugd\u00edjba vonult (1951\u2013). <br \/><strong>\u2013 Irod.:<\/strong> Ciortea; Ciortea; Dasc\u0103li mure\u015feni, 1.; Id\u0151t\u00e1r 3; \u00cenv. comercial econ.; Ki kicsoda?; M\u0103rtina\u015f; Mv. t\u00f6rt. 2; S\u00e2ngeorgiu de Mure\u015f.<\/br><\/p>\n","protected":false},"excerpt":{"rendered":"<p>Als\u00f3oroszi, 1891. m\u00e1j. 13., \u2020 Mv., 1952. \u00e1pr. 29.: tan\u00e1r, g. kat. pap. \u2013 Fia: Gheorghe, \u00fcgyv\u00e9d. \u2013 Sz\u00e1szr\u00e9genben \u00e9retts\u00e9gizett, g. kat. teol\u00f3gi\u00e1t Bal\u00e1zsfalv\u00e1n v\u00e9gzett. Marosszentgy\u00f6rgy\u00f6n pl\u00e9b\u00e1nos \u00e9s az egyh\u00e1zi iskola igazgat\u00f3ja (1915. szept. 1\u20131920. nov.). A Megyei Rom\u00e1n Nemzeti Tan\u00e1cs Tagja (1918. nov. 5\u2013), megv\u00e1lasztott\u00e1k Marosszentgy\u00f6rgy Rom\u00e1n Nemzeti Tan\u00e1csa eln\u00f6k\u00e9v\u00e9 (1918. nov.18.). Majd egyetemet [&hellip;]<\/p>\n","protected":false},"featured_media":0,"comment_status":"open","ping_status":"closed","template":"","meta":[],"product_brand":[],"product_cat":[137],"product_tag":[],"class_list":{"0":"post-22697","1":"product","2":"type-product","3":"status-publish","5":"product_cat-maros-megyei-eletrajzi-lexikon","7":"first","8":"instock","9":"shipping-taxable","10":"product-type-simple"},"_links":{"self":[{"href":"https:\/\/uj.adatbank.ro\/lexikon\/wp-json\/wp\/v2\/product\/22697","targetHints":{"allow":["GET"]}}],"collection":[{"href":"https:\/\/uj.adatbank.ro\/lexikon\/wp-json\/wp\/v2\/product"}],"about":[{"href":"https:\/\/uj.adatbank.ro\/lexikon\/wp-json\/wp\/v2\/types\/product"}],"replies":[{"embeddable":true,"href":"https:\/\/uj.adatbank.ro\/lexikon\/wp-json\/wp\/v2\/comments?post=22697"}],"wp:attachment":[{"href":"https:\/\/uj.adatbank.ro\/lexikon\/wp-json\/wp\/v2\/media?parent=22697"}],"wp:term":[{"taxonomy":"product_brand","embeddable":true,"href":"https:\/\/uj.adatbank.ro\/lexikon\/wp-json\/wp\/v2\/product_brand?post=22697"},{"taxonomy":"product_cat","embeddable":true,"href":"https:\/\/uj.adatbank.ro\/lexikon\/wp-json\/wp\/v2\/product_cat?post=22697"},{"taxonomy":"product_tag","embeddable":true,"href":"https:\/\/uj.adatbank.ro\/lexikon\/wp-json\/wp\/v2\/product_tag?post=22697"}],"curies":[{"name":"wp","href":"https:\/\/api.w.org\/{rel}","templated":true}]}}

TÂRNĂVEANU, Gheorghe, § Târnăveanu George

<p>Alsóoroszi, 1891. máj. 13., † Mv., 1952. ápr. 29.: tanár, g. kat. pap. – Fia: Gheorghe, ügyvéd. – Szászrégenben érettségizett, g. kat. teológiát Balázsfalván végzett. Marosszentgyörgyön plébános és az egyházi iskola igazgatója (1915. szept. 1–1920. nov.). A Megyei Román Nemzeti Tanács Tagja (1918. nov. 5–), megválasztották Marosszentgyörgy Román Nemzeti Tanácsa elnökévé (1918. nov.18.). Majd egyetemet végzett Kv.-on bölcsész és filozófia szakon (1919), német-román szakos tanári oklevelet szerzett. Mv.-en tanár az Al. Papiu Ilarian Líc.-ban (1919. okt. 1. –), majd a Felsőkereskedelmi Fiúiskolában német nyelvet és kereskedelmi levelezést tanított (1919–20 és 1923–41), az iskola igazgatója (1927–31 és 1938–40). Komoly tanulótoborzó tevékenységet fejtett ki a már – már megszűnő román tannyelvű kereskedelmi iskolának. Létrehozta a Román Cserkészegyesületet, amelynek keretében kirándulásokat, táborozásokat szerveztek. Iskolai szövetkezetet létesített. A mv.-i Ref. Koll.-ban óraadó tanár (1931–32). Az ASTRA tagja, a g. kat. egyház tanácsosa, az iskolaszék titkára, az Ipari és Kereskedelmi Kamara delegáltja az iskolák részéről, a megyei bizottság tagja volt, azonkívül még számos egyesületnél fejtett ki hasznos tevékenységet. A mv.-i királyi párt a Nemzeti Újjászületési Front kinevezett elnöke (1938). Gyulafehérvárra menekült, és egy évig ott tanított (1941–42). Visszatért Mv.-re. Temesvárra, a Diaconovici Loga Lic.-ba helyeztette magát (1942–45). Visszatért Mv.-re, ahol nyugdíjba vonult (1951–). <br /><strong>– Irod.:</strong> Ciortea; Ciortea; Dascăli mureşeni, 1.; Időtár 3; Înv. comercial econ.; Ki kicsoda?; Mărtinaş; Mv. tört. 2; Sângeorgiu de Mureş.</br></p>

<p>Alsóoroszi, 1891. máj. 13., † Mv., 1952. ápr. 29.: tanár, g. kat. pap. – Fia: Gheorghe, ügyvéd. – Szászrégenben érettségizett, g. kat. teológiát Balázsfalván végzett. Marosszentgyörgyön plébános és az egyházi iskola igazgatója (1915. szept. 1–1920. nov.). A Megyei Román Nemzeti Tanács Tagja (1918. nov. 5–), megválasztották Marosszentgyörgy Román Nemzeti Tanácsa elnökévé (1918. nov.18.). Majd egyetemet [&hellip;]</p>
