{"id":22700,"date":"2025-08-01T16:56:23","date_gmt":"2025-08-01T14:56:23","guid":{"rendered":"https:\/\/uj.adatbank.ro\/lexikon\/termek\/tarnoczy-peter-zagori-tarnoczy-peter\/"},"modified":"2025-08-01T16:56:23","modified_gmt":"2025-08-01T14:56:23","slug":"tarnoczy-peter-zagori-tarnoczy-peter","status":"publish","type":"product","link":"https:\/\/uj.adatbank.ro\/lexikon\/termek\/tarnoczy-peter-zagori-tarnoczy-peter\/","title":{"rendered":"TARN\u00d3CZY P\u00e9ter, Z\u00e1gori Tarn\u00f3czy P\u00e9ter"},"content":{"rendered":"<p>? \u2020 1585? m\u00e1r nem \u00e9lt: birtokos. \u2013 Harangl\u00e1bi Tarn\u00f3czy Andr\u00e1s fia. Feles\u00e9ge: Herencs\u00e9nyi Petronella, aki Barcsay Boldizs\u00e1r vajdai udvari famili\u00e1ris feles\u00e9ge (1588. m\u00e1j. 29.). \u2013 Feh\u00e9r \u00e9s K\u00fck\u00fcll\u0151 megy\u00e9ben, Z\u00e1gor \u00e9s K\u00e9zdiszentl\u00e9lek v\u00e1rak voltak birtokai. Apor P\u00e9ter, erd\u00e9lyi nemes csal\u00e1dokr\u00f3l sz\u00f3l\u00f3 vers\u00e9ben (150. \u00e9vvel k\u00e9s\u0151bb) eml\u00edtette, hogy K\u00e9zdiszentl\u00e9leken lakott. <br \/><strong>\u2013 Irod.:<\/strong> Jak\u00f3 Kl\u00e1ra = Tonk S. 2020.<\/br><\/p>\n","protected":false},"excerpt":{"rendered":"<p>? \u2020 1585? m\u00e1r nem \u00e9lt: birtokos. \u2013 Harangl\u00e1bi Tarn\u00f3czy Andr\u00e1s fia. Feles\u00e9ge: Herencs\u00e9nyi Petronella, aki Barcsay Boldizs\u00e1r vajdai udvari famili\u00e1ris feles\u00e9ge (1588. m\u00e1j. 29.). \u2013 Feh\u00e9r \u00e9s K\u00fck\u00fcll\u0151 megy\u00e9ben, Z\u00e1gor \u00e9s K\u00e9zdiszentl\u00e9lek v\u00e1rak voltak birtokai. Apor P\u00e9ter, erd\u00e9lyi nemes csal\u00e1dokr\u00f3l sz\u00f3l\u00f3 vers\u00e9ben (150. \u00e9vvel k\u00e9s\u0151bb) eml\u00edtette, hogy K\u00e9zdiszentl\u00e9leken lakott. \u2013 Irod.: Jak\u00f3 Kl\u00e1ra = [&hellip;]<\/p>\n","protected":false},"featured_media":0,"comment_status":"open","ping_status":"closed","template":"","meta":[],"product_brand":[],"product_cat":[137],"product_tag":[],"class_list":{"0":"post-22700","1":"product","2":"type-product","3":"status-publish","5":"product_cat-maros-megyei-eletrajzi-lexikon","7":"first","8":"instock","9":"shipping-taxable","10":"product-type-simple"},"_links":{"self":[{"href":"https:\/\/uj.adatbank.ro\/lexikon\/wp-json\/wp\/v2\/product\/22700","targetHints":{"allow":["GET"]}}],"collection":[{"href":"https:\/\/uj.adatbank.ro\/lexikon\/wp-json\/wp\/v2\/product"}],"about":[{"href":"https:\/\/uj.adatbank.ro\/lexikon\/wp-json\/wp\/v2\/types\/product"}],"replies":[{"embeddable":true,"href":"https:\/\/uj.adatbank.ro\/lexikon\/wp-json\/wp\/v2\/comments?post=22700"}],"wp:attachment":[{"href":"https:\/\/uj.adatbank.ro\/lexikon\/wp-json\/wp\/v2\/media?parent=22700"}],"wp:term":[{"taxonomy":"product_brand","embeddable":true,"href":"https:\/\/uj.adatbank.ro\/lexikon\/wp-json\/wp\/v2\/product_brand?post=22700"},{"taxonomy":"product_cat","embeddable":true,"href":"https:\/\/uj.adatbank.ro\/lexikon\/wp-json\/wp\/v2\/product_cat?post=22700"},{"taxonomy":"product_tag","embeddable":true,"href":"https:\/\/uj.adatbank.ro\/lexikon\/wp-json\/wp\/v2\/product_tag?post=22700"}],"curies":[{"name":"wp","href":"https:\/\/api.w.org\/{rel}","templated":true}]}}

TARNÓCZY Péter, Zágori Tarnóczy Péter

<p>? † 1585? már nem élt: birtokos. – Haranglábi Tarnóczy András fia. Felesége: Herencsényi Petronella, aki Barcsay Boldizsár vajdai udvari familiáris felesége (1588. máj. 29.). – Fehér és Küküllő megyében, Zágor és Kézdiszentlélek várak voltak birtokai. Apor Péter, erdélyi nemes családokról szóló versében (150. évvel később) említette, hogy Kézdiszentléleken lakott. <br /><strong>– Irod.:</strong> Jakó Klára = Tonk S. 2020.</br></p>

<p>? † 1585? már nem élt: birtokos. – Haranglábi Tarnóczy András fia. Felesége: Herencsényi Petronella, aki Barcsay Boldizsár vajdai udvari familiáris felesége (1588. máj. 29.). – Fehér és Küküllő megyében, Zágor és Kézdiszentlélek várak voltak birtokai. Apor Péter, erdélyi nemes családokról szóló versében (150. évvel később) említette, hogy Kézdiszentléleken lakott. – Irod.: Jakó Klára = [&hellip;]</p>
