{"id":22717,"date":"2025-08-01T16:57:04","date_gmt":"2025-08-01T14:57:04","guid":{"rendered":"https:\/\/uj.adatbank.ro\/lexikon\/termek\/tataru-emil-tatar-emil\/"},"modified":"2025-08-01T16:57:04","modified_gmt":"2025-08-01T14:57:04","slug":"tataru-emil-tatar-emil","status":"publish","type":"product","link":"https:\/\/uj.adatbank.ro\/lexikon\/termek\/tataru-emil-tatar-emil\/","title":{"rendered":"T\u0102TARU, Emil, T\u0103tar, Emil"},"content":{"rendered":"<p>1899., \u2020 Dics\u0151szentm\u00e1rton, 1940.: g. kat pap, esperes. \u2013 Lic.-ot Bal\u00e1zsfalv\u00e1n, egyetemet Kv.-on v\u00e9gzett (1908\u201309). Dics\u0151szentm\u00e1rtonban szolg\u00e1lt (1918\u201340). Rom\u00e1nia Erd\u00e9llyel val\u00f3 egyes\u00fcl\u00e9st el\u0151k\u00e9sz\u00edt\u0151 dics\u0151iszentm\u00e1rtoni Rom\u00e1n Nemzeti G\u00e1rda parancsnok\u00e1v\u00e1 v\u00e1lasztott\u00e1k (1918). Szolg\u00e1lata idej\u00e9ben rakt\u00e1k le a Sf. Treime (Szenth\u00e1roms\u00e1g) templom alapjait (1937). N\u00e9gy \u00e9vi f\u00e1radoz\u00e1ssal siker\u00fclt a p\u00e9nzalapokat megteremteni a munk\u00e1latok megkezd\u00e9s\u00e9hez. A templom terveit a mil\u00e1n\u00f3i d\u00f3m kicsiny\u00edtett m\u00e1sak\u00e9nt Boil\u0103 Zaharie k\u00e9sz\u00edtette. Az \u00e9p\u00edtkez\u00e9shez nekifogtak (1939\u201340), de a h\u00e1bor\u00fa kit\u00f6r\u00e9se \u00e9s az esperes v\u00e1ratlan hal\u00e1la miatt az \u00e9p\u00edtkez\u00e9s le\u00e1llt. A h\u00e1bor\u00fa ut\u00e1n, a g. kat. egyh\u00e1z betilt\u00e1sa ut\u00e1n, a 70%-ban fel\u00e9p\u00edtett \u00e9p\u00fcletet rakt\u00e1rnak, moziteremnek, b\u00e1lteremnek haszn\u00e1lt\u00e1k, s\u0151t le is akart\u00e1k bontani. Ioan Popa lelk\u00e9sz megszerezte az \u00fajabb \u00e9p\u00edt\u00e9si enged\u00e9lyt (1968), a h\u00edvek seg\u00edts\u00e9g\u00e9vel, az egyh\u00e1zi f\u00f6ldek \u00e9rt\u00e9kes\u00edt\u00e9s\u00e9b\u0151l szerzett p\u00e9nzb\u0151l befejezt\u00e9k a templomot (1970), felszentelt\u00e9k (1971. okt. 24.). Ikonjait \u00e9s falfestm\u00e9nyeit Virginia Videa k\u00e9sz\u00edtette (1980\u201383). N\u00e9gy egyh\u00e1zi m\u0171vet ford\u00edtott rom\u00e1n nyelvre, amelyeket ki is adott. <br \/><strong>\u2013 Irod.:<\/strong> Dics\u0151szentm\u00e1rton r\u00e9gi arca; Fola; T\u00e2rn\u0103veni, cult.- ist.<\/br><\/p>\n","protected":false},"excerpt":{"rendered":"<p>1899., \u2020 Dics\u0151szentm\u00e1rton, 1940.: g. kat pap, esperes. \u2013 Lic.-ot Bal\u00e1zsfalv\u00e1n, egyetemet Kv.-on v\u00e9gzett (1908\u201309). Dics\u0151szentm\u00e1rtonban szolg\u00e1lt (1918\u201340). Rom\u00e1nia Erd\u00e9llyel val\u00f3 egyes\u00fcl\u00e9st el\u0151k\u00e9sz\u00edt\u0151 dics\u0151iszentm\u00e1rtoni Rom\u00e1n Nemzeti G\u00e1rda parancsnok\u00e1v\u00e1 v\u00e1lasztott\u00e1k (1918). Szolg\u00e1lata idej\u00e9ben rakt\u00e1k le a Sf. Treime (Szenth\u00e1roms\u00e1g) templom alapjait (1937). N\u00e9gy \u00e9vi f\u00e1radoz\u00e1ssal siker\u00fclt a p\u00e9nzalapokat megteremteni a munk\u00e1latok megkezd\u00e9s\u00e9hez. A templom terveit a [&hellip;]<\/p>\n","protected":false},"featured_media":0,"comment_status":"open","ping_status":"closed","template":"","meta":[],"product_brand":[],"product_cat":[137],"product_tag":[],"class_list":{"0":"post-22717","1":"product","2":"type-product","3":"status-publish","5":"product_cat-maros-megyei-eletrajzi-lexikon","7":"first","8":"instock","9":"shipping-taxable","10":"product-type-simple"},"_links":{"self":[{"href":"https:\/\/uj.adatbank.ro\/lexikon\/wp-json\/wp\/v2\/product\/22717","targetHints":{"allow":["GET"]}}],"collection":[{"href":"https:\/\/uj.adatbank.ro\/lexikon\/wp-json\/wp\/v2\/product"}],"about":[{"href":"https:\/\/uj.adatbank.ro\/lexikon\/wp-json\/wp\/v2\/types\/product"}],"replies":[{"embeddable":true,"href":"https:\/\/uj.adatbank.ro\/lexikon\/wp-json\/wp\/v2\/comments?post=22717"}],"wp:attachment":[{"href":"https:\/\/uj.adatbank.ro\/lexikon\/wp-json\/wp\/v2\/media?parent=22717"}],"wp:term":[{"taxonomy":"product_brand","embeddable":true,"href":"https:\/\/uj.adatbank.ro\/lexikon\/wp-json\/wp\/v2\/product_brand?post=22717"},{"taxonomy":"product_cat","embeddable":true,"href":"https:\/\/uj.adatbank.ro\/lexikon\/wp-json\/wp\/v2\/product_cat?post=22717"},{"taxonomy":"product_tag","embeddable":true,"href":"https:\/\/uj.adatbank.ro\/lexikon\/wp-json\/wp\/v2\/product_tag?post=22717"}],"curies":[{"name":"wp","href":"https:\/\/api.w.org\/{rel}","templated":true}]}}

TĂTARU, Emil, Tătar, Emil

<p>1899., † Dicsőszentmárton, 1940.: g. kat pap, esperes. – Lic.-ot Balázsfalván, egyetemet Kv.-on végzett (1908–09). Dicsőszentmártonban szolgált (1918–40). Románia Erdéllyel való egyesülést előkészítő dicsőiszentmártoni Román Nemzeti Gárda parancsnokává választották (1918). Szolgálata idejében rakták le a Sf. Treime (Szentháromság) templom alapjait (1937). Négy évi fáradozással sikerült a pénzalapokat megteremteni a munkálatok megkezdéséhez. A templom terveit a milánói dóm kicsinyített másaként Boilă Zaharie készítette. Az építkezéshez nekifogtak (1939–40), de a háború kitörése és az esperes váratlan halála miatt az építkezés leállt. A háború után, a g. kat. egyház betiltása után, a 70%-ban felépített épületet raktárnak, moziteremnek, bálteremnek használták, sőt le is akarták bontani. Ioan Popa lelkész megszerezte az újabb építési engedélyt (1968), a hívek segítségével, az egyházi földek értékesítéséből szerzett pénzből befejezték a templomot (1970), felszentelték (1971. okt. 24.). Ikonjait és falfestményeit Virginia Videa készítette (1980–83). Négy egyházi művet fordított román nyelvre, amelyeket ki is adott. <br /><strong>– Irod.:</strong> Dicsőszentmárton régi arca; Fola; Târnăveni, cult.- ist.</br></p>

<p>1899., † Dicsőszentmárton, 1940.: g. kat pap, esperes. – Lic.-ot Balázsfalván, egyetemet Kv.-on végzett (1908–09). Dicsőszentmártonban szolgált (1918–40). Románia Erdéllyel való egyesülést előkészítő dicsőiszentmártoni Román Nemzeti Gárda parancsnokává választották (1918). Szolgálata idejében rakták le a Sf. Treime (Szentháromság) templom alapjait (1937). Négy évi fáradozással sikerült a pénzalapokat megteremteni a munkálatok megkezdéséhez. A templom terveit a [&hellip;]</p>
