{"id":22722,"date":"2025-08-01T16:57:18","date_gmt":"2025-08-01T14:57:18","guid":{"rendered":"https:\/\/uj.adatbank.ro\/lexikon\/termek\/taut-letitia-buja\/"},"modified":"2025-08-01T16:57:18","modified_gmt":"2025-08-01T14:57:18","slug":"taut-letitia-buja","status":"publish","type":"product","link":"https:\/\/uj.adatbank.ro\/lexikon\/termek\/taut-letitia-buja\/","title":{"rendered":"T\u0102UT, Leti\u0163ia, Buja"},"content":{"rendered":"<p>Marosszentgy\u00f6rgy, 1955. jan. 26., \u2020 Mv., ?: tan\u00e1r. \u2013 Mv.-en tanult, Kv.-on a BBTE filol\u00f3gia szakon, francia-rom\u00e1n tan\u00e1ri diplom\u00e1t szerzett. Tan\u00edtott Maroslekenc\u00e9n, Radn\u00f3ton, Mv. Faipari L\u00edc., Papiu L\u00edc., ahol aligazgat\u00f3 is volt \u00e9s Marosszentgy\u00f6gy\u00f6n. Verseket, cikkeket k\u00f6z\u00f6lt a helyi sajt\u00f3ban. T\u00f6bb int\u00e9zm\u00e9nynek ford\u00edtott francia nyelvb\u0151l. \u2013  <strong>F. m..:<\/strong>  <strong>ford.:<\/strong> Tache Ionescu: Amintiri (ford. Mihai Monoraruval; 2007); el\u0151sz\u00f3: Ilarie Opri\u015f, Emilia Opri\u015f, Nagy Csaba: S\u00e2ngheorgiu de Mure\u015f, \u015fcoala, 1778\u20132003, \u00eensemn\u0103ri. <br \/><strong>\u2013 Irod.:<\/strong> Dasc\u0103li mure\u015feni, 4.<\/br><\/p>\n","protected":false},"excerpt":{"rendered":"<p>Marosszentgy\u00f6rgy, 1955. jan. 26., \u2020 Mv., ?: tan\u00e1r. \u2013 Mv.-en tanult, Kv.-on a BBTE filol\u00f3gia szakon, francia-rom\u00e1n tan\u00e1ri diplom\u00e1t szerzett. Tan\u00edtott Maroslekenc\u00e9n, Radn\u00f3ton, Mv. Faipari L\u00edc., Papiu L\u00edc., ahol aligazgat\u00f3 is volt \u00e9s Marosszentgy\u00f6gy\u00f6n. Verseket, cikkeket k\u00f6z\u00f6lt a helyi sajt\u00f3ban. T\u00f6bb int\u00e9zm\u00e9nynek ford\u00edtott francia nyelvb\u0151l. \u2013 F. m..: ford.: Tache Ionescu: Amintiri (ford. Mihai Monoraruval; [&hellip;]<\/p>\n","protected":false},"featured_media":0,"comment_status":"open","ping_status":"closed","template":"","meta":[],"product_brand":[],"product_cat":[137],"product_tag":[],"class_list":{"0":"post-22722","1":"product","2":"type-product","3":"status-publish","5":"product_cat-maros-megyei-eletrajzi-lexikon","7":"first","8":"instock","9":"shipping-taxable","10":"product-type-simple"},"_links":{"self":[{"href":"https:\/\/uj.adatbank.ro\/lexikon\/wp-json\/wp\/v2\/product\/22722","targetHints":{"allow":["GET"]}}],"collection":[{"href":"https:\/\/uj.adatbank.ro\/lexikon\/wp-json\/wp\/v2\/product"}],"about":[{"href":"https:\/\/uj.adatbank.ro\/lexikon\/wp-json\/wp\/v2\/types\/product"}],"replies":[{"embeddable":true,"href":"https:\/\/uj.adatbank.ro\/lexikon\/wp-json\/wp\/v2\/comments?post=22722"}],"wp:attachment":[{"href":"https:\/\/uj.adatbank.ro\/lexikon\/wp-json\/wp\/v2\/media?parent=22722"}],"wp:term":[{"taxonomy":"product_brand","embeddable":true,"href":"https:\/\/uj.adatbank.ro\/lexikon\/wp-json\/wp\/v2\/product_brand?post=22722"},{"taxonomy":"product_cat","embeddable":true,"href":"https:\/\/uj.adatbank.ro\/lexikon\/wp-json\/wp\/v2\/product_cat?post=22722"},{"taxonomy":"product_tag","embeddable":true,"href":"https:\/\/uj.adatbank.ro\/lexikon\/wp-json\/wp\/v2\/product_tag?post=22722"}],"curies":[{"name":"wp","href":"https:\/\/api.w.org\/{rel}","templated":true}]}}

TĂUT, Letiţia, Buja

<p>Marosszentgyörgy, 1955. jan. 26., † Mv., ?: tanár. – Mv.-en tanult, Kv.-on a BBTE filológia szakon, francia-román tanári diplomát szerzett. Tanított Maroslekencén, Radnóton, Mv. Faipari Líc., Papiu Líc., ahol aligazgató is volt és Marosszentgyögyön. Verseket, cikkeket közölt a helyi sajtóban. Több intézménynek fordított francia nyelvből. –  <strong>F. m..:</strong>  <strong>ford.:</strong> Tache Ionescu: Amintiri (ford. Mihai Monoraruval; 2007); előszó: Ilarie Opriş, Emilia Opriş, Nagy Csaba: Sângheorgiu de Mureş, şcoala, 1778–2003, însemnări. <br /><strong>– Irod.:</strong> Dascăli mureşeni, 4.</br></p>

<p>Marosszentgyörgy, 1955. jan. 26., † Mv., ?: tanár. – Mv.-en tanult, Kv.-on a BBTE filológia szakon, francia-román tanári diplomát szerzett. Tanított Maroslekencén, Radnóton, Mv. Faipari Líc., Papiu Líc., ahol aligazgató is volt és Marosszentgyögyön. Verseket, cikkeket közölt a helyi sajtóban. Több intézménynek fordított francia nyelvből. – F. m..: ford.: Tache Ionescu: Amintiri (ford. Mihai Monoraruval; [&hellip;]</p>
