{"id":22723,"date":"2025-08-01T16:57:19","date_gmt":"2025-08-01T14:57:19","guid":{"rendered":"https:\/\/uj.adatbank.ro\/lexikon\/termek\/tautu-nicolae\/"},"modified":"2025-08-01T16:57:19","modified_gmt":"2025-08-01T14:57:19","slug":"tautu-nicolae","status":"publish","type":"product","link":"https:\/\/uj.adatbank.ro\/lexikon\/termek\/tautu-nicolae\/","title":{"rendered":"T\u0102UTU, Nicolae"},"content":{"rendered":"<p>?, \u2020 ?: katonatiszt, k\u00f6lt\u0151, \u00fajs\u00e1g\u00edr\u00f3. -Kapit\u00e1nyi rangban a rom. hadseregben tev\u00e9kenykedett Mv.-en (1949 \u2013 ). \u00dajs\u00e1g\u00edr\u00f3k\u00e9nt cikkei jelentek meg a Mv.-en megjelen\u0151 Armata Nou\u0103 k\u00e9tnyelv\u0171 (rom.\u2013 m.) foly\u00f3iratban (1949\u2013). A T\u0103ceri pentru ap\u0103 vie c. plakettel deb\u00fct\u00e1lt (1940\u2013). A k\u00f6vetkez\u0151 \u00e9vek folyam\u00e1n 22 k\u00f6tete \u2013 f\u0151leg versek \u2013 jelent meg (1940\u201371). A k\u00e9s\u0151bbi \u00e9vekben szinte restellte a kommunista vezet\u0151kh\u00f6z \u00edrt dicshimnuszait. <br \/><strong>\u2013 Irod.:<\/strong> Balint.<\/br><\/p>\n","protected":false},"excerpt":{"rendered":"<p>?, \u2020 ?: katonatiszt, k\u00f6lt\u0151, \u00fajs\u00e1g\u00edr\u00f3. -Kapit\u00e1nyi rangban a rom. hadseregben tev\u00e9kenykedett Mv.-en (1949 \u2013 ). \u00dajs\u00e1g\u00edr\u00f3k\u00e9nt cikkei jelentek meg a Mv.-en megjelen\u0151 Armata Nou\u0103 k\u00e9tnyelv\u0171 (rom.\u2013 m.) foly\u00f3iratban (1949\u2013). A T\u0103ceri pentru ap\u0103 vie c. plakettel deb\u00fct\u00e1lt (1940\u2013). A k\u00f6vetkez\u0151 \u00e9vek folyam\u00e1n 22 k\u00f6tete \u2013 f\u0151leg versek \u2013 jelent meg (1940\u201371). A k\u00e9s\u0151bbi \u00e9vekben [&hellip;]<\/p>\n","protected":false},"featured_media":0,"comment_status":"open","ping_status":"closed","template":"","meta":[],"product_brand":[],"product_cat":[137],"product_tag":[],"class_list":{"0":"post-22723","1":"product","2":"type-product","3":"status-publish","5":"product_cat-maros-megyei-eletrajzi-lexikon","7":"first","8":"instock","9":"shipping-taxable","10":"product-type-simple"},"_links":{"self":[{"href":"https:\/\/uj.adatbank.ro\/lexikon\/wp-json\/wp\/v2\/product\/22723","targetHints":{"allow":["GET"]}}],"collection":[{"href":"https:\/\/uj.adatbank.ro\/lexikon\/wp-json\/wp\/v2\/product"}],"about":[{"href":"https:\/\/uj.adatbank.ro\/lexikon\/wp-json\/wp\/v2\/types\/product"}],"replies":[{"embeddable":true,"href":"https:\/\/uj.adatbank.ro\/lexikon\/wp-json\/wp\/v2\/comments?post=22723"}],"wp:attachment":[{"href":"https:\/\/uj.adatbank.ro\/lexikon\/wp-json\/wp\/v2\/media?parent=22723"}],"wp:term":[{"taxonomy":"product_brand","embeddable":true,"href":"https:\/\/uj.adatbank.ro\/lexikon\/wp-json\/wp\/v2\/product_brand?post=22723"},{"taxonomy":"product_cat","embeddable":true,"href":"https:\/\/uj.adatbank.ro\/lexikon\/wp-json\/wp\/v2\/product_cat?post=22723"},{"taxonomy":"product_tag","embeddable":true,"href":"https:\/\/uj.adatbank.ro\/lexikon\/wp-json\/wp\/v2\/product_tag?post=22723"}],"curies":[{"name":"wp","href":"https:\/\/api.w.org\/{rel}","templated":true}]}}

TĂUTU, Nicolae

<p>?, † ?: katonatiszt, költő, újságíró. -Kapitányi rangban a rom. hadseregben tevékenykedett Mv.-en (1949 – ). Újságíróként cikkei jelentek meg a Mv.-en megjelenő Armata Nouă kétnyelvű (rom.– m.) folyóiratban (1949–). A Tăceri pentru apă vie c. plakettel debütált (1940–). A következő évek folyamán 22 kötete – főleg versek – jelent meg (1940–71). A későbbi években szinte restellte a kommunista vezetőkhöz írt dicshimnuszait. <br /><strong>– Irod.:</strong> Balint.</br></p>

<p>?, † ?: katonatiszt, költő, újságíró. -Kapitányi rangban a rom. hadseregben tevékenykedett Mv.-en (1949 – ). Újságíróként cikkei jelentek meg a Mv.-en megjelenő Armata Nouă kétnyelvű (rom.– m.) folyóiratban (1949–). A Tăceri pentru apă vie c. plakettel debütált (1940–). A következő évek folyamán 22 kötete – főleg versek – jelent meg (1940–71). A későbbi években [&hellip;]</p>
