{"id":22727,"date":"2025-08-01T16:57:30","date_gmt":"2025-08-01T14:57:30","guid":{"rendered":"https:\/\/uj.adatbank.ro\/lexikon\/termek\/tavaszy-gyorgy-ifj-magyarbolkenyi-es-szaszfulposi\/"},"modified":"2025-08-01T16:57:30","modified_gmt":"2025-08-01T14:57:30","slug":"tavaszy-gyorgy-ifj-magyarbolkenyi-es-szaszfulposi","status":"publish","type":"product","link":"https:\/\/uj.adatbank.ro\/lexikon\/termek\/tavaszy-gyorgy-ifj-magyarbolkenyi-es-szaszfulposi\/","title":{"rendered":"TAVASZY Gy\u00f6rgy, ifj., magyarb\u00f6lk\u00e9nyi \u00e9s sz\u00e1szf\u00fclp\u00f6si"},"content":{"rendered":"<p>? 1690\u201392, \u2020 Sz\u00e1szf\u00fclp\u00f6s, 1770 el\u0151tt 78\u201380 \u00e9ves kor\u00e1ban: birtokos., T. Gy\u00f6rgy fia. \u2013 A birtokukat visszaszerezte T\u00f6r\u00f6k P\u00e1lt\u00f3l, aki beleegyezett abba hogy az apj\u00e1t\u00f3l lefoglalt j\u00f3sz\u00e1gok hal\u00e1la ut\u00e1n vissza sz\u00e1lljanak a Tavaszy csal\u00e1dra. Igy visszaszerezte a sz\u00e1szf\u00fclp\u00f6si, szentandr\u00e1si \u00e9s tancsi r\u00e9szj\u00f3sz\u00e1gokat. Fiait \u00c1d\u00e1mot \u00e9s M\u00e1rtont a Kolozs megyei \u00e1lland\u00f3 t\u00e1bla (1773) \u201eigaz \u00e9s k\u00e9ts\u00e9gtelen nemes sz\u00fcl\u0151kt\u0151l sz\u00e1rmaz\u00f3 val\u00f3s\u00e1gos nemeseknek\u201d \u00edt\u00e9lte. <br \/><strong>\u2013 Irod.:<\/strong> Kelemen Lajos 2006.<\/br><\/p>\n","protected":false},"excerpt":{"rendered":"<p>? 1690\u201392, \u2020 Sz\u00e1szf\u00fclp\u00f6s, 1770 el\u0151tt 78\u201380 \u00e9ves kor\u00e1ban: birtokos., T. Gy\u00f6rgy fia. \u2013 A birtokukat visszaszerezte T\u00f6r\u00f6k P\u00e1lt\u00f3l, aki beleegyezett abba hogy az apj\u00e1t\u00f3l lefoglalt j\u00f3sz\u00e1gok hal\u00e1la ut\u00e1n vissza sz\u00e1lljanak a Tavaszy csal\u00e1dra. Igy visszaszerezte a sz\u00e1szf\u00fclp\u00f6si, szentandr\u00e1si \u00e9s tancsi r\u00e9szj\u00f3sz\u00e1gokat. Fiait \u00c1d\u00e1mot \u00e9s M\u00e1rtont a Kolozs megyei \u00e1lland\u00f3 t\u00e1bla (1773) \u201eigaz \u00e9s k\u00e9ts\u00e9gtelen [&hellip;]<\/p>\n","protected":false},"featured_media":0,"comment_status":"open","ping_status":"closed","template":"","meta":[],"product_brand":[],"product_cat":[137],"product_tag":[],"class_list":{"0":"post-22727","1":"product","2":"type-product","3":"status-publish","5":"product_cat-maros-megyei-eletrajzi-lexikon","7":"first","8":"instock","9":"shipping-taxable","10":"product-type-simple"},"_links":{"self":[{"href":"https:\/\/uj.adatbank.ro\/lexikon\/wp-json\/wp\/v2\/product\/22727","targetHints":{"allow":["GET"]}}],"collection":[{"href":"https:\/\/uj.adatbank.ro\/lexikon\/wp-json\/wp\/v2\/product"}],"about":[{"href":"https:\/\/uj.adatbank.ro\/lexikon\/wp-json\/wp\/v2\/types\/product"}],"replies":[{"embeddable":true,"href":"https:\/\/uj.adatbank.ro\/lexikon\/wp-json\/wp\/v2\/comments?post=22727"}],"wp:attachment":[{"href":"https:\/\/uj.adatbank.ro\/lexikon\/wp-json\/wp\/v2\/media?parent=22727"}],"wp:term":[{"taxonomy":"product_brand","embeddable":true,"href":"https:\/\/uj.adatbank.ro\/lexikon\/wp-json\/wp\/v2\/product_brand?post=22727"},{"taxonomy":"product_cat","embeddable":true,"href":"https:\/\/uj.adatbank.ro\/lexikon\/wp-json\/wp\/v2\/product_cat?post=22727"},{"taxonomy":"product_tag","embeddable":true,"href":"https:\/\/uj.adatbank.ro\/lexikon\/wp-json\/wp\/v2\/product_tag?post=22727"}],"curies":[{"name":"wp","href":"https:\/\/api.w.org\/{rel}","templated":true}]}}

TAVASZY György, ifj., magyarbölkényi és szászfülpösi

<p>? 1690–92, † Szászfülpös, 1770 előtt 78–80 éves korában: birtokos., T. György fia. – A birtokukat visszaszerezte Török Páltól, aki beleegyezett abba hogy az apjától lefoglalt jószágok halála után vissza szálljanak a Tavaszy családra. Igy visszaszerezte a szászfülpösi, szentandrási és tancsi részjószágokat. Fiait Ádámot és Mártont a Kolozs megyei állandó tábla (1773) „igaz és kétségtelen nemes szülőktől származó valóságos nemeseknek” ítélte. <br /><strong>– Irod.:</strong> Kelemen Lajos 2006.</br></p>

<p>? 1690–92, † Szászfülpös, 1770 előtt 78–80 éves korában: birtokos., T. György fia. – A birtokukat visszaszerezte Török Páltól, aki beleegyezett abba hogy az apjától lefoglalt jószágok halála után vissza szálljanak a Tavaszy családra. Igy visszaszerezte a szászfülpösi, szentandrási és tancsi részjószágokat. Fiait Ádámot és Mártont a Kolozs megyei állandó tábla (1773) „igaz és kétségtelen [&hellip;]</p>
