{"id":22728,"date":"2025-08-01T16:57:32","date_gmt":"2025-08-01T14:57:32","guid":{"rendered":"https:\/\/uj.adatbank.ro\/lexikon\/termek\/tavaszy-gyorgy-dr-magyarbolkenyi-es-szaszfulposi\/"},"modified":"2025-08-01T16:57:32","modified_gmt":"2025-08-01T14:57:32","slug":"tavaszy-gyorgy-dr-magyarbolkenyi-es-szaszfulposi","status":"publish","type":"product","link":"https:\/\/uj.adatbank.ro\/lexikon\/termek\/tavaszy-gyorgy-dr-magyarbolkenyi-es-szaszfulposi\/","title":{"rendered":"TAVASZY Gy\u00f6rgy, dr; magyarb\u00f6lk\u00e9nyi \u00e9s sz\u00e1szf\u00fclp\u00f6si"},"content":{"rendered":"<p>Maross\u00e1rpatak, 1889., \u2020 ?: jog\u00e1sz, f\u00f6ldbirtokos. \u2013 Tanulm\u00e1nyait Mv.-rn \u00e9s Kv.-on v\u00e9gezte a jogon, mint gyakornok a nagyszebeni t\u00f6rv\u00e9nysz\u00e9ken dolgozott, de onnan elbocs\u00e1tott\u00e1k, azut\u00e1n P\u00f3k\u00e1ban gazd\u00e1lkodott A kultur\u00e1lis egyes\u00fcletek m\u0171k\u00f6d\u00e9s\u00e9ben, valamint a sz\u00f6vetkezeti \u00e9letben tev\u00e9kenyen r\u00e9szt vett. <br \/><strong>\u2013 Irod.:<\/strong> Sz\u00e9kelyf\u00f6ld \u00ed. k.<\/br><\/p>\n","protected":false},"excerpt":{"rendered":"<p>Maross\u00e1rpatak, 1889., \u2020 ?: jog\u00e1sz, f\u00f6ldbirtokos. \u2013 Tanulm\u00e1nyait Mv.-rn \u00e9s Kv.-on v\u00e9gezte a jogon, mint gyakornok a nagyszebeni t\u00f6rv\u00e9nysz\u00e9ken dolgozott, de onnan elbocs\u00e1tott\u00e1k, azut\u00e1n P\u00f3k\u00e1ban gazd\u00e1lkodott A kultur\u00e1lis egyes\u00fcletek m\u0171k\u00f6d\u00e9s\u00e9ben, valamint a sz\u00f6vetkezeti \u00e9letben tev\u00e9kenyen r\u00e9szt vett. \u2013 Irod.: Sz\u00e9kelyf\u00f6ld \u00ed. k.<\/p>\n","protected":false},"featured_media":0,"comment_status":"open","ping_status":"closed","template":"","meta":[],"product_brand":[],"product_cat":[137],"product_tag":[],"class_list":{"0":"post-22728","1":"product","2":"type-product","3":"status-publish","5":"product_cat-maros-megyei-eletrajzi-lexikon","7":"first","8":"instock","9":"shipping-taxable","10":"product-type-simple"},"_links":{"self":[{"href":"https:\/\/uj.adatbank.ro\/lexikon\/wp-json\/wp\/v2\/product\/22728","targetHints":{"allow":["GET"]}}],"collection":[{"href":"https:\/\/uj.adatbank.ro\/lexikon\/wp-json\/wp\/v2\/product"}],"about":[{"href":"https:\/\/uj.adatbank.ro\/lexikon\/wp-json\/wp\/v2\/types\/product"}],"replies":[{"embeddable":true,"href":"https:\/\/uj.adatbank.ro\/lexikon\/wp-json\/wp\/v2\/comments?post=22728"}],"wp:attachment":[{"href":"https:\/\/uj.adatbank.ro\/lexikon\/wp-json\/wp\/v2\/media?parent=22728"}],"wp:term":[{"taxonomy":"product_brand","embeddable":true,"href":"https:\/\/uj.adatbank.ro\/lexikon\/wp-json\/wp\/v2\/product_brand?post=22728"},{"taxonomy":"product_cat","embeddable":true,"href":"https:\/\/uj.adatbank.ro\/lexikon\/wp-json\/wp\/v2\/product_cat?post=22728"},{"taxonomy":"product_tag","embeddable":true,"href":"https:\/\/uj.adatbank.ro\/lexikon\/wp-json\/wp\/v2\/product_tag?post=22728"}],"curies":[{"name":"wp","href":"https:\/\/api.w.org\/{rel}","templated":true}]}}