{"id":22729,"date":"2025-08-01T16:57:34","date_gmt":"2025-08-01T14:57:34","guid":{"rendered":"https:\/\/uj.adatbank.ro\/lexikon\/termek\/tavaszy-jozsef\/"},"modified":"2025-08-01T16:57:34","modified_gmt":"2025-08-01T14:57:34","slug":"tavaszy-jozsef","status":"publish","type":"product","link":"https:\/\/uj.adatbank.ro\/lexikon\/termek\/tavaszy-jozsef\/","title":{"rendered":"TAVASZY J\u00f3zsef"},"content":{"rendered":"<p>Marosfelfalu, 1852. \u00e1pr.19., \u2020 Magyarp\u00e9terlaka, 1900. dec. 1.: ref. lelk\u00e9sz. \u2013 Apja gazd\u00e1lkod\u00f3. Feles\u00e9ge: 1. meny\u0151i Tolvaly M\u00e1ria (1856? \u2013 Vaja, 1883. m\u00e1rc. 18.). Le\u00e1nyuk: Mariska.2. s\u00f3v\u00e1radgyai T\u00f3th M\u00e1lvin. \u2013 Tanult az Utrechti Egy. Hittud. Kar\u00e1n (1876\u201377), a Heidelbergi Egy. Hittud. Kar\u00e1n (1877). Mv.-en seg\u00e9dtan\u00e1r (1887). Esperes-lelk\u00e9sz volt Sz\u00e9kelyvaj\u00e1ban \u00e9s Kisg\u00f6rg\u00e9nyben (1878\u201390), Magyarp\u00e9terlak\u00e1n (1890. nov. 11.\u20131900. dec. 1.), ugyan ott a g\u00f6rg\u00e9nyi egyh\u00e1zmegye helyettes aljegyz\u0151je (1891\u2013), aljegyz\u0151 (1893), majd f\u0151jegyz\u0151 (1893. j\u00fan. \u2013 1896), a g\u00f6rg\u00e9nyi egyh\u00e1zmegye esperese (1897. jan.1. \u2013 1900. dec. 1.). Magyarp\u00e9terlak\u00e1n \u00faj iskol\u00e1t \u00e9s tan\u00edt\u00f3i lakot \u00e9p\u00edtettek (1892). A magyarp\u00e9terlaki sz\u00f6vetkezet megalap\u00edt\u00f3ja. \u2013  <strong>F. m..:<\/strong>  <strong>t\u00e1rsszerz\u0151:<\/strong> Zwingli Ulrik eml\u00e9kezete: Ima, eml\u00e9kbesz\u00e9d, \u00e9let- \u00e9s jellemrajz: A Marosi Ev. Ref. Egyh\u00e1zmegye Mv.-i Egyh\u00e1zk\u00f6zs\u00e9g \u00e9s a Ref. Koll. \u00e1ltal Mv.-en 1884 m\u00e1j. 7. tartott n\u00e9gysz\u00e1zados \u00fcnnep\u00e9ly alkalm\u00e1val. (Mv., 1884). <br \/><strong>\u2013 Irod.:<\/strong> B\u00f6jthe Andor: A G\u00f6rg\u00e9nyi ev. ref. egyh\u00e1zmegye t\u00f6rt\u00e9nete [k\u00e9zirat]; F\u00fcl\u00f6p\u2013Ferencz; Gy\u00e1szjelent\u0151; Kelemen Lajos 2006.; Szab\u00f3\u2013Simon\u2013Sz\u00f6gi.<\/br><\/p>\n","protected":false},"excerpt":{"rendered":"<p>Marosfelfalu, 1852. \u00e1pr.19., \u2020 Magyarp\u00e9terlaka, 1900. dec. 1.: ref. lelk\u00e9sz. \u2013 Apja gazd\u00e1lkod\u00f3. Feles\u00e9ge: 1. meny\u0151i Tolvaly M\u00e1ria (1856? \u2013 Vaja, 1883. m\u00e1rc. 18.). Le\u00e1nyuk: Mariska.2. s\u00f3v\u00e1radgyai T\u00f3th M\u00e1lvin. \u2013 Tanult az Utrechti Egy. Hittud. Kar\u00e1n (1876\u201377), a Heidelbergi Egy. Hittud. Kar\u00e1n (1877). Mv.-en seg\u00e9dtan\u00e1r (1887). Esperes-lelk\u00e9sz volt Sz\u00e9kelyvaj\u00e1ban \u00e9s Kisg\u00f6rg\u00e9nyben (1878\u201390), Magyarp\u00e9terlak\u00e1n (1890. nov. [&hellip;]<\/p>\n","protected":false},"featured_media":0,"comment_status":"open","ping_status":"closed","template":"","meta":[],"product_brand":[],"product_cat":[137],"product_tag":[],"class_list":{"0":"post-22729","1":"product","2":"type-product","3":"status-publish","5":"product_cat-maros-megyei-eletrajzi-lexikon","7":"first","8":"instock","9":"shipping-taxable","10":"product-type-simple"},"_links":{"self":[{"href":"https:\/\/uj.adatbank.ro\/lexikon\/wp-json\/wp\/v2\/product\/22729","targetHints":{"allow":["GET"]}}],"collection":[{"href":"https:\/\/uj.adatbank.ro\/lexikon\/wp-json\/wp\/v2\/product"}],"about":[{"href":"https:\/\/uj.adatbank.ro\/lexikon\/wp-json\/wp\/v2\/types\/product"}],"replies":[{"embeddable":true,"href":"https:\/\/uj.adatbank.ro\/lexikon\/wp-json\/wp\/v2\/comments?post=22729"}],"wp:attachment":[{"href":"https:\/\/uj.adatbank.ro\/lexikon\/wp-json\/wp\/v2\/media?parent=22729"}],"wp:term":[{"taxonomy":"product_brand","embeddable":true,"href":"https:\/\/uj.adatbank.ro\/lexikon\/wp-json\/wp\/v2\/product_brand?post=22729"},{"taxonomy":"product_cat","embeddable":true,"href":"https:\/\/uj.adatbank.ro\/lexikon\/wp-json\/wp\/v2\/product_cat?post=22729"},{"taxonomy":"product_tag","embeddable":true,"href":"https:\/\/uj.adatbank.ro\/lexikon\/wp-json\/wp\/v2\/product_tag?post=22729"}],"curies":[{"name":"wp","href":"https:\/\/api.w.org\/{rel}","templated":true}]}}