{"id":22731,"date":"2025-08-01T16:57:41","date_gmt":"2025-08-01T14:57:41","guid":{"rendered":"https:\/\/uj.adatbank.ro\/lexikon\/termek\/teban-maximilian\/"},"modified":"2025-08-01T16:57:41","modified_gmt":"2025-08-01T14:57:41","slug":"teban-maximilian","status":"publish","type":"product","link":"https:\/\/uj.adatbank.ro\/lexikon\/termek\/teban-maximilian\/","title":{"rendered":"TEBAN, Maximilian"},"content":{"rendered":"<p>Mez\u0151kapus, 1863., \u2020 Mez\u0151kapus, 1942.: polg\u00e1rmester. \u2013 Mez\u0151kapus polg\u00e1rmestere (1900. k.\u2013) 30 \u00e9ven kereszt\u00fcl. Nagy f\u00f6ldbirtokkal rendelkezett. Tagja volt a memorandista k\u00fcld\u00f6tts\u00e9gnek B\u00e9csben. Sokat tett a falu fejl\u0151d\u00e9s\u00e9\u00e9rt. Rendszeress\u00e9 tette a heti v\u00e1s\u00e1rokat. Szolg\u00e1lata idej\u00e9ben vette fel a mez\u0151kapusi iskola a Petru Maior nevet (1921). A vad\u00e1sz a t\u00e1rsas\u00e1g vezet\u0151s\u00e9gi tagja. <br \/><strong>\u2013 Irod.:<\/strong> C\u0103pu\u015ful de C\u00e2mpie; Societatea de V\u00e2n\u0103toare Apostolii T\u00e2rgu-Mure\u015f (Tg. M., 1941).<\/br><\/p>\n","protected":false},"excerpt":{"rendered":"<p>Mez\u0151kapus, 1863., \u2020 Mez\u0151kapus, 1942.: polg\u00e1rmester. \u2013 Mez\u0151kapus polg\u00e1rmestere (1900. k.\u2013) 30 \u00e9ven kereszt\u00fcl. Nagy f\u00f6ldbirtokkal rendelkezett. Tagja volt a memorandista k\u00fcld\u00f6tts\u00e9gnek B\u00e9csben. Sokat tett a falu fejl\u0151d\u00e9s\u00e9\u00e9rt. Rendszeress\u00e9 tette a heti v\u00e1s\u00e1rokat. Szolg\u00e1lata idej\u00e9ben vette fel a mez\u0151kapusi iskola a Petru Maior nevet (1921). A vad\u00e1sz a t\u00e1rsas\u00e1g vezet\u0151s\u00e9gi tagja. \u2013 Irod.: C\u0103pu\u015ful de [&hellip;]<\/p>\n","protected":false},"featured_media":0,"comment_status":"open","ping_status":"closed","template":"","meta":[],"product_brand":[],"product_cat":[137],"product_tag":[],"class_list":{"0":"post-22731","1":"product","2":"type-product","3":"status-publish","5":"product_cat-maros-megyei-eletrajzi-lexikon","7":"first","8":"instock","9":"shipping-taxable","10":"product-type-simple"},"_links":{"self":[{"href":"https:\/\/uj.adatbank.ro\/lexikon\/wp-json\/wp\/v2\/product\/22731","targetHints":{"allow":["GET"]}}],"collection":[{"href":"https:\/\/uj.adatbank.ro\/lexikon\/wp-json\/wp\/v2\/product"}],"about":[{"href":"https:\/\/uj.adatbank.ro\/lexikon\/wp-json\/wp\/v2\/types\/product"}],"replies":[{"embeddable":true,"href":"https:\/\/uj.adatbank.ro\/lexikon\/wp-json\/wp\/v2\/comments?post=22731"}],"wp:attachment":[{"href":"https:\/\/uj.adatbank.ro\/lexikon\/wp-json\/wp\/v2\/media?parent=22731"}],"wp:term":[{"taxonomy":"product_brand","embeddable":true,"href":"https:\/\/uj.adatbank.ro\/lexikon\/wp-json\/wp\/v2\/product_brand?post=22731"},{"taxonomy":"product_cat","embeddable":true,"href":"https:\/\/uj.adatbank.ro\/lexikon\/wp-json\/wp\/v2\/product_cat?post=22731"},{"taxonomy":"product_tag","embeddable":true,"href":"https:\/\/uj.adatbank.ro\/lexikon\/wp-json\/wp\/v2\/product_tag?post=22731"}],"curies":[{"name":"wp","href":"https:\/\/api.w.org\/{rel}","templated":true}]}}

<p>Mezőkapus, 1863., † Mezőkapus, 1942.: polgármester. – Mezőkapus polgármestere (1900. k.–) 30 éven keresztül. Nagy földbirtokkal rendelkezett. Tagja volt a memorandista küldöttségnek Bécsben. Sokat tett a falu fejlődéséért. Rendszeressé tette a heti vásárokat. Szolgálata idejében vette fel a mezőkapusi iskola a Petru Maior nevet (1921). A vadász a társaság vezetőségi tagja. <br /><strong>– Irod.:</strong> Căpuşul de Câmpie; Societatea de Vânătoare Apostolii Târgu-Mureş (Tg. M., 1941).</br></p>

<p>Mezőkapus, 1863., † Mezőkapus, 1942.: polgármester. – Mezőkapus polgármestere (1900. k.–) 30 éven keresztül. Nagy földbirtokkal rendelkezett. Tagja volt a memorandista küldöttségnek Bécsben. Sokat tett a falu fejlődéséért. Rendszeressé tette a heti vásárokat. Szolgálata idejében vette fel a mezőkapusi iskola a Petru Maior nevet (1921). A vadász a társaság vezetőségi tagja. – Irod.: Căpuşul de [&hellip;]</p>
