{"id":22745,"date":"2025-08-01T16:58:14","date_gmt":"2025-08-01T14:58:14","guid":{"rendered":"https:\/\/uj.adatbank.ro\/lexikon\/termek\/tecsy-sandor\/"},"modified":"2025-08-01T16:58:14","modified_gmt":"2025-08-01T14:58:14","slug":"tecsy-sandor","status":"publish","type":"product","link":"https:\/\/uj.adatbank.ro\/lexikon\/termek\/tecsy-sandor\/","title":{"rendered":"T\u00c9CSY S\u00e1ndor"},"content":{"rendered":"<p>Mv., 1946. aug. 24., \u2020 New York, 2011. dec, 15.: sz\u00edn\u00e9sz. \u2013 T. S\u00e1ndor \u00e1llatorvos fia. mv.-i Szentgy\u00f6rgyi Istv\u00e1n Sz\u00ednm\u0171v\u00e9szeti Int\u00e9zetben v\u00e9gzett (1967). A temesv\u00e1ri (1967\u201369), a mv.-i (1969\u201370), a sepsiszentgy\u00f6rgyi (1971\u201376), a mv.-i (1976\u201377), a nagyv\u00e1radi sz\u00ednh\u00e1z tagja (1977\u201380). Az USA-ba emigr\u00e1lt (1980\u2013), New Yorkban telepedett le, a New York-i Magyar Sz\u00ednh\u00e1z tagja (1985\u201389), a toront\u00f3i Magyar Sz\u00ednh\u00e1zban j\u00e1tszott (1991\u2013). \u2013 <strong>F. sz.:<\/strong>: Bal\u00e1zs (M\u00f3ricz Zs.: Nem \u00e9lhetek muzsikasz\u00f3 n\u00e9lk\u00fcl); Fejenagy, a kov\u00e1cs (Pet\u0151fi S.: A helys\u00e9g kalap\u00e1csa); Ernesto Roma (Brecht: \u00c1ll\u00edts\u00e1tok meg Arturo Uit!); Edek (Mrozek: Tang\u00f3). Film: J\u00f3 p\u00e1sztor, amerikai film, Robert de Niro a producer, rendez\u0151, f\u0151szerepl\u0151, T\u00e9csy S\u00e1ndor a KGB-tisztet alak\u00edtotta. Mv.-en a ref. tem.-ben vannak a hamvai. <br \/><strong>\u2013 Irod.:<\/strong> Csif\u00f3; Katona Szab\u00f3 Istv\u00e1n: Az \u00daj \u00c9let lexikona, 152. (\u00daj \u00c9let, 1976, 21. sz.) MSZL.<\/br><\/p>\n","protected":false},"excerpt":{"rendered":"<p>Mv., 1946. aug. 24., \u2020 New York, 2011. dec, 15.: sz\u00edn\u00e9sz. \u2013 T. S\u00e1ndor \u00e1llatorvos fia. mv.-i Szentgy\u00f6rgyi Istv\u00e1n Sz\u00ednm\u0171v\u00e9szeti Int\u00e9zetben v\u00e9gzett (1967). A temesv\u00e1ri (1967\u201369), a mv.-i (1969\u201370), a sepsiszentgy\u00f6rgyi (1971\u201376), a mv.-i (1976\u201377), a nagyv\u00e1radi sz\u00ednh\u00e1z tagja (1977\u201380). Az USA-ba emigr\u00e1lt (1980\u2013), New Yorkban telepedett le, a New York-i Magyar Sz\u00ednh\u00e1z tagja (1985\u201389), [&hellip;]<\/p>\n","protected":false},"featured_media":0,"comment_status":"open","ping_status":"closed","template":"","meta":[],"product_brand":[],"product_cat":[137],"product_tag":[],"class_list":{"0":"post-22745","1":"product","2":"type-product","3":"status-publish","5":"product_cat-maros-megyei-eletrajzi-lexikon","7":"first","8":"instock","9":"shipping-taxable","10":"product-type-simple"},"_links":{"self":[{"href":"https:\/\/uj.adatbank.ro\/lexikon\/wp-json\/wp\/v2\/product\/22745","targetHints":{"allow":["GET"]}}],"collection":[{"href":"https:\/\/uj.adatbank.ro\/lexikon\/wp-json\/wp\/v2\/product"}],"about":[{"href":"https:\/\/uj.adatbank.ro\/lexikon\/wp-json\/wp\/v2\/types\/product"}],"replies":[{"embeddable":true,"href":"https:\/\/uj.adatbank.ro\/lexikon\/wp-json\/wp\/v2\/comments?post=22745"}],"wp:attachment":[{"href":"https:\/\/uj.adatbank.ro\/lexikon\/wp-json\/wp\/v2\/media?parent=22745"}],"wp:term":[{"taxonomy":"product_brand","embeddable":true,"href":"https:\/\/uj.adatbank.ro\/lexikon\/wp-json\/wp\/v2\/product_brand?post=22745"},{"taxonomy":"product_cat","embeddable":true,"href":"https:\/\/uj.adatbank.ro\/lexikon\/wp-json\/wp\/v2\/product_cat?post=22745"},{"taxonomy":"product_tag","embeddable":true,"href":"https:\/\/uj.adatbank.ro\/lexikon\/wp-json\/wp\/v2\/product_tag?post=22745"}],"curies":[{"name":"wp","href":"https:\/\/api.w.org\/{rel}","templated":true}]}}

TÉCSY Sándor

<p>Mv., 1946. aug. 24., † New York, 2011. dec, 15.: színész. – T. Sándor állatorvos fia. mv.-i Szentgyörgyi István Színművészeti Intézetben végzett (1967). A temesvári (1967–69), a mv.-i (1969–70), a sepsiszentgyörgyi (1971–76), a mv.-i (1976–77), a nagyváradi színház tagja (1977–80). Az USA-ba emigrált (1980–), New Yorkban telepedett le, a New York-i Magyar Színház tagja (1985–89), a torontói Magyar Színházban játszott (1991–). – <strong>F. sz.:</strong>: Balázs (Móricz Zs.: Nem élhetek muzsikaszó nélkül); Fejenagy, a kovács (Petőfi S.: A helység kalapácsa); Ernesto Roma (Brecht: Állítsátok meg Arturo Uit!); Edek (Mrozek: Tangó). Film: Jó pásztor, amerikai film, Robert de Niro a producer, rendező, főszereplő, Técsy Sándor a KGB-tisztet alakította. Mv.-en a ref. tem.-ben vannak a hamvai. <br /><strong>– Irod.:</strong> Csifó; Katona Szabó István: Az Új Élet lexikona, 152. (Új Élet, 1976, 21. sz.) MSZL.</br></p>

<p>Mv., 1946. aug. 24., † New York, 2011. dec, 15.: színész. – T. Sándor állatorvos fia. mv.-i Szentgyörgyi István Színművészeti Intézetben végzett (1967). A temesvári (1967–69), a mv.-i (1969–70), a sepsiszentgyörgyi (1971–76), a mv.-i (1976–77), a nagyváradi színház tagja (1977–80). Az USA-ba emigrált (1980–), New Yorkban telepedett le, a New York-i Magyar Színház tagja (1985–89), [&hellip;]</p>
