{"id":22746,"date":"2025-08-01T16:58:16","date_gmt":"2025-08-01T14:58:16","guid":{"rendered":"https:\/\/uj.adatbank.ro\/lexikon\/termek\/tecsy-sandor-barlabasi\/"},"modified":"2025-08-01T16:58:16","modified_gmt":"2025-08-01T14:58:16","slug":"tecsy-sandor-barlabasi","status":"publish","type":"product","link":"https:\/\/uj.adatbank.ro\/lexikon\/termek\/tecsy-sandor-barlabasi\/","title":{"rendered":"T\u00c9CSY S\u00e1ndor, barlab\u00e1si"},"content":{"rendered":"<p>Vir\u00e1gosv\u00f6lgy, 1893., \u2020 ?: tan\u00edt\u00f3. \u2013 Nagyenyeden szerezte tan\u00edt\u00f3i oklevel\u00e9t (1912). Tek\u00e9n kezdte meg pedag\u00f3giai p\u00e1lyafut\u00e1s\u00e1t, majd V\u00e1rhegyen, Magyar\u00f3n, Sz\u00e1szr\u00e9genben, majd Mez\u0151madarason (1936\u2013) tan\u00edtott. Az els\u0151 vh.-ban a 22. gy. e.-ben az orosz fronton harcolt, megsebes\u00fclt, mint f\u0151hadnagy szerelt le., az I. \u00e9s II. o. ez\u00fcst, a seb., a magyar\u2013osztr\u00e1k \u00e9s bolg\u00e1r h\u00e1b. e. \u00e9rem \u00e9s a K\u00e1roly Csapatkereszt kit\u00fcntet\u00e9sekkel. Levente f\u0151oktat\u00f3, a T\u0171zharcosok \u00e9s a Dal\u00e1rda vezet\u0151je, a MP tagja volt. Mv.-en tan\u00edt\u00f3 a Ref. Koll.-ban, a V\u00e1rtemplom k\u00e1ntortan\u00edt\u00f3ja. <br \/><strong>\u2013 Irod.:<\/strong> Sz\u00e9kelyf\u00f6ld \u00ed. k.; T\u0151k\u00e9s B\u00e9la: Meghat\u00e1roz\u00f3 iskola\u00e9vek (Sz\u00e9kelyf\u00f6ld, 2011. m\u00e1j., 5. sz.).<\/br><\/p>\n","protected":false},"excerpt":{"rendered":"<p>Vir\u00e1gosv\u00f6lgy, 1893., \u2020 ?: tan\u00edt\u00f3. \u2013 Nagyenyeden szerezte tan\u00edt\u00f3i oklevel\u00e9t (1912). Tek\u00e9n kezdte meg pedag\u00f3giai p\u00e1lyafut\u00e1s\u00e1t, majd V\u00e1rhegyen, Magyar\u00f3n, Sz\u00e1szr\u00e9genben, majd Mez\u0151madarason (1936\u2013) tan\u00edtott. Az els\u0151 vh.-ban a 22. gy. e.-ben az orosz fronton harcolt, megsebes\u00fclt, mint f\u0151hadnagy szerelt le., az I. \u00e9s II. o. ez\u00fcst, a seb., a magyar\u2013osztr\u00e1k \u00e9s bolg\u00e1r h\u00e1b. e. \u00e9rem [&hellip;]<\/p>\n","protected":false},"featured_media":0,"comment_status":"open","ping_status":"closed","template":"","meta":[],"product_brand":[],"product_cat":[137],"product_tag":[],"class_list":{"0":"post-22746","1":"product","2":"type-product","3":"status-publish","5":"product_cat-maros-megyei-eletrajzi-lexikon","7":"first","8":"instock","9":"shipping-taxable","10":"product-type-simple"},"_links":{"self":[{"href":"https:\/\/uj.adatbank.ro\/lexikon\/wp-json\/wp\/v2\/product\/22746","targetHints":{"allow":["GET"]}}],"collection":[{"href":"https:\/\/uj.adatbank.ro\/lexikon\/wp-json\/wp\/v2\/product"}],"about":[{"href":"https:\/\/uj.adatbank.ro\/lexikon\/wp-json\/wp\/v2\/types\/product"}],"replies":[{"embeddable":true,"href":"https:\/\/uj.adatbank.ro\/lexikon\/wp-json\/wp\/v2\/comments?post=22746"}],"wp:attachment":[{"href":"https:\/\/uj.adatbank.ro\/lexikon\/wp-json\/wp\/v2\/media?parent=22746"}],"wp:term":[{"taxonomy":"product_brand","embeddable":true,"href":"https:\/\/uj.adatbank.ro\/lexikon\/wp-json\/wp\/v2\/product_brand?post=22746"},{"taxonomy":"product_cat","embeddable":true,"href":"https:\/\/uj.adatbank.ro\/lexikon\/wp-json\/wp\/v2\/product_cat?post=22746"},{"taxonomy":"product_tag","embeddable":true,"href":"https:\/\/uj.adatbank.ro\/lexikon\/wp-json\/wp\/v2\/product_tag?post=22746"}],"curies":[{"name":"wp","href":"https:\/\/api.w.org\/{rel}","templated":true}]}}

TÉCSY Sándor, barlabási

<p>Virágosvölgy, 1893., † ?: tanító. – Nagyenyeden szerezte tanítói oklevelét (1912). Tekén kezdte meg pedagógiai pályafutását, majd Várhegyen, Magyarón, Szászrégenben, majd Mezőmadarason (1936–) tanított. Az első vh.-ban a 22. gy. e.-ben az orosz fronton harcolt, megsebesült, mint főhadnagy szerelt le., az I. és II. o. ezüst, a seb., a magyar–osztrák és bolgár háb. e. érem és a Károly Csapatkereszt kitüntetésekkel. Levente főoktató, a Tűzharcosok és a Dalárda vezetője, a MP tagja volt. Mv.-en tanító a Ref. Koll.-ban, a Vártemplom kántortanítója. <br /><strong>– Irod.:</strong> Székelyföld í. k.; Tőkés Béla: Meghatározó iskolaévek (Székelyföld, 2011. máj., 5. sz.).</br></p>

<p>Virágosvölgy, 1893., † ?: tanító. – Nagyenyeden szerezte tanítói oklevelét (1912). Tekén kezdte meg pedagógiai pályafutását, majd Várhegyen, Magyarón, Szászrégenben, majd Mezőmadarason (1936–) tanított. Az első vh.-ban a 22. gy. e.-ben az orosz fronton harcolt, megsebesült, mint főhadnagy szerelt le., az I. és II. o. ezüst, a seb., a magyar–osztrák és bolgár háb. e. érem [&hellip;]</p>
