{"id":22749,"date":"2025-08-01T16:58:22","date_gmt":"2025-08-01T14:58:22","guid":{"rendered":"https:\/\/uj.adatbank.ro\/lexikon\/termek\/teculescu-horia-%c2%a7-alneve-toma-nour\/"},"modified":"2025-08-01T16:58:22","modified_gmt":"2025-08-01T14:58:22","slug":"teculescu-horia-%c2%a7-alneve-toma-nour","status":"publish","type":"product","link":"https:\/\/uj.adatbank.ro\/lexikon\/termek\/teculescu-horia-%c2%a7-alneve-toma-nour\/","title":{"rendered":"TECULESCU, Horia, \u00a7, \u00e1lneve: Toma Nour"},"content":{"rendered":"<p>Rozsny\u00f3, 1897. \u00e1pr. 4., \u2020 Segesv\u00e1r, 1942. aug. 2.: k\u00f6z\u00edr\u00f3, folklorista, m\u0171vel\u0151d\u00e9s-szervez\u0151. Tanult sz\u00fcl\u0151faluj\u00e1ban, Brass\u00f3ban az \u201eAndrei \u015eaguna\u201d L\u00edc.-ban (1914), 3 \u00e9vet a teol\u00f3giai szemin\u00e1riumban Szebenben (1917), majd a bp.-i \u00e9s buc.-i egyetemek Filol\u00f3gia-Filoz\u00f3fia fakult\u00e1s\u00e1n. Gyulafeh\u00e9rv\u00e1ron lett rom\u00e1n ny. \u00e9s irodalom, valamint filoz\u00f3fiatan\u00e1r. Rom\u00e1n irodalom \u00e9s nyelv\u00e9szet \u00e9s filoz\u00f3fia tan\u00e1r Segesv\u00e1ron a Principele Nicolae Fi\u00fal\u00edc.-ban hal\u00e1l\u00e1ig (1926\u201342). Segesv\u00e1ron kiadta az iskola 3 \u00e9vk\u00f6nyv\u00e9t (1927, 1929 \u00e9s 1933). Eln\u00f6ke volt az ASTRA nagyk\u00fck\u00fcll\u0151i szervezet\u00e9nek (1930\u201340). Kezdem\u00e9nyez\u0151je a Doina T\u00e2rnavelor Dalegyletnek. K\u00f6z\u00f6lt a Darul vremii, Sf\u0103tuitorul T\u00e2rnavelor, Glasul cet\u0103\u0163ii, Gazeta Transilvaniei, Familia, \u0162ara B\u00e2rsei, \u0162ara Noastr\u0103, Biruin\u0163a, G\u00e2nd Rom\u00e2nesc, Pagini literare, Alba Iulia, Gazeta Transilvaniei, Convorbiri Literare c. kiadv\u00e1nyokban. \u00cdr\u00e1sai jelentek meg a l\u00edceumi \u00e9vk\u00f6nyvekben is. A v\u00e1ros \u00e9s a megye m\u0171vel\u0151d\u00e9si \u00e9let\u00e9nek lelkes szervez\u0151je volt. A segesv\u00e1ri parkban \u00e9s a k\u00f6rnyez\u0151 falvakban t\u00f6bb szobrot \u00e9s eml\u00e9kt\u00e1bl\u00e1t az \u0151 kezdem\u00e9nyez\u00e9s\u00e9re \u00e1ll\u00edtottak fel. Megkapta a Csillagrend Lovagja \u00e9s a Rom\u00e1n Koronarend kit\u00fcntet\u00e9seket m\u0171vel\u0151d\u00e9s-szervez\u0151i \u00e9s pedag\u00f3giai munk\u00e1ss\u00e1g\u00e1\u00e9rt, a Rom\u00e1n Akad\u00e9mia d\u00edj\u00e1t Pe Mur\u0103\u015f \u015fi pe T\u00e2rnave k\u00f6tet\u00e9\u00e9rt (1932) \u00e9s a V. Oni\u0163oiu un educator deschiz\u0103tor de suflete \u015fi ziditor de idealuri c. munk\u00e1j\u00e1\u00e9rt (1938). Segesv\u00e1r d\u00edszpolg\u00e1ra post-mortem (1997). \u2013  <strong>F. m..:<\/strong> Pe Mur\u0103\u015f \u015fi pe T\u00e2rnave Flori \u00eenrourate (Sighi\u015fioara, 1929); V. Oni\u0163oiu un educator deschiz\u0103tor de suflete \u015fi ziditor de idealuri (Bra\u015fov, 1936; Buc, 1937); \u015etefan cel Mare \u015fi Ardealul (Bra\u015fov, 1936); Zile mari: conferin\u0163e pentru s\u0103rb\u0103torile na\u0163ionale (Sibiu, 1937); O. Goga (Bra\u015fov, 1938); M. Eminescu \u015fi Ardealul (Buc., 1939); Zile mari (Sibiu, 1939); Scriitori \u015fi lupt\u0103tori pentru unirea neamului (Arad, s.a.); K\u00e9ziratban: \u015ecoala \u015fi literatura noastr\u0103; Poezia prim\u0103verii; Via\u0163a \u015fi opera lui Gh. Co\u015fbuc; Octavian Goga \u015fi Ilarie Chendi; Andrei B\u00e2rseanu \u2013 un \u00eendrum\u0103tor al culturii din Ardeal; Lupt\u0103tori pentru \u00eentregirea nemului; Filozofia social\u0103 lui M. Eminescu; Bra\u015fovul \u00een cultura rom\u00e2neasc\u0103; N. Filipescu \u015fi T. Ionescu.; Oameni \u015fi locuri din T\u00e2rnava Mare <br \/><strong>\u2013 Irod.:<\/strong> Cosma; Datcu; DGLR; Monografia jude\u0163ului T\u00e2rnava Mare (Sighi\u015foara, 1943); \u015eerban 2006; Todea.<\/br><\/p>\n","protected":false},"excerpt":{"rendered":"<p>Rozsny\u00f3, 1897. \u00e1pr. 4., \u2020 Segesv\u00e1r, 1942. aug. 2.: k\u00f6z\u00edr\u00f3, folklorista, m\u0171vel\u0151d\u00e9s-szervez\u0151. Tanult sz\u00fcl\u0151faluj\u00e1ban, Brass\u00f3ban az \u201eAndrei \u015eaguna\u201d L\u00edc.-ban (1914), 3 \u00e9vet a teol\u00f3giai szemin\u00e1riumban Szebenben (1917), majd a bp.-i \u00e9s buc.-i egyetemek Filol\u00f3gia-Filoz\u00f3fia fakult\u00e1s\u00e1n. Gyulafeh\u00e9rv\u00e1ron lett rom\u00e1n ny. \u00e9s irodalom, valamint filoz\u00f3fiatan\u00e1r. Rom\u00e1n irodalom \u00e9s nyelv\u00e9szet \u00e9s filoz\u00f3fia tan\u00e1r Segesv\u00e1ron a Principele Nicolae Fi\u00fal\u00edc.-ban [&hellip;]<\/p>\n","protected":false},"featured_media":0,"comment_status":"open","ping_status":"closed","template":"","meta":[],"product_brand":[],"product_cat":[137],"product_tag":[],"class_list":{"0":"post-22749","1":"product","2":"type-product","3":"status-publish","5":"product_cat-maros-megyei-eletrajzi-lexikon","7":"first","8":"instock","9":"shipping-taxable","10":"product-type-simple"},"_links":{"self":[{"href":"https:\/\/uj.adatbank.ro\/lexikon\/wp-json\/wp\/v2\/product\/22749","targetHints":{"allow":["GET"]}}],"collection":[{"href":"https:\/\/uj.adatbank.ro\/lexikon\/wp-json\/wp\/v2\/product"}],"about":[{"href":"https:\/\/uj.adatbank.ro\/lexikon\/wp-json\/wp\/v2\/types\/product"}],"replies":[{"embeddable":true,"href":"https:\/\/uj.adatbank.ro\/lexikon\/wp-json\/wp\/v2\/comments?post=22749"}],"wp:attachment":[{"href":"https:\/\/uj.adatbank.ro\/lexikon\/wp-json\/wp\/v2\/media?parent=22749"}],"wp:term":[{"taxonomy":"product_brand","embeddable":true,"href":"https:\/\/uj.adatbank.ro\/lexikon\/wp-json\/wp\/v2\/product_brand?post=22749"},{"taxonomy":"product_cat","embeddable":true,"href":"https:\/\/uj.adatbank.ro\/lexikon\/wp-json\/wp\/v2\/product_cat?post=22749"},{"taxonomy":"product_tag","embeddable":true,"href":"https:\/\/uj.adatbank.ro\/lexikon\/wp-json\/wp\/v2\/product_tag?post=22749"}],"curies":[{"name":"wp","href":"https:\/\/api.w.org\/{rel}","templated":true}]}}

TECULESCU, Horia, §, álneve: Toma Nour

<p>Rozsnyó, 1897. ápr. 4., † Segesvár, 1942. aug. 2.: közíró, folklorista, művelődés-szervező. Tanult szülőfalujában, Brassóban az „Andrei Şaguna” Líc.-ban (1914), 3 évet a teológiai szemináriumban Szebenben (1917), majd a bp.-i és buc.-i egyetemek Filológia-Filozófia fakultásán. Gyulafehérváron lett román ny. és irodalom, valamint filozófiatanár. Román irodalom és nyelvészet és filozófia tanár Segesváron a Principele Nicolae Fiúlíc.-ban haláláig (1926–42). Segesváron kiadta az iskola 3 évkönyvét (1927, 1929 és 1933). Elnöke volt az ASTRA nagyküküllői szervezetének (1930–40). Kezdeményezője a Doina Târnavelor Dalegyletnek. Közölt a Darul vremii, Sfătuitorul Târnavelor, Glasul cetăţii, Gazeta Transilvaniei, Familia, Ţara Bârsei, Ţara Noastră, Biruinţa, Gând Românesc, Pagini literare, Alba Iulia, Gazeta Transilvaniei, Convorbiri Literare c. kiadványokban. Írásai jelentek meg a líceumi évkönyvekben is. A város és a megye művelődési életének lelkes szervezője volt. A segesvári parkban és a környező falvakban több szobrot és emléktáblát az ő kezdeményezésére állítottak fel. Megkapta a Csillagrend Lovagja és a Román Koronarend kitüntetéseket művelődés-szervezői és pedagógiai munkásságáért, a Román Akadémia díját Pe Murăş şi pe Târnave kötetéért (1932) és a V. Oniţoiu un educator deschizător de suflete şi ziditor de idealuri c. munkájáért (1938). Segesvár díszpolgára post-mortem (1997). –  <strong>F. m..:</strong> Pe Murăş şi pe Târnave Flori înrourate (Sighişioara, 1929); V. Oniţoiu un educator deschizător de suflete şi ziditor de idealuri (Braşov, 1936; Buc, 1937); Ştefan cel Mare şi Ardealul (Braşov, 1936); Zile mari: conferinţe pentru sărbătorile naţionale (Sibiu, 1937); O. Goga (Braşov, 1938); M. Eminescu şi Ardealul (Buc., 1939); Zile mari (Sibiu, 1939); Scriitori şi luptători pentru unirea neamului (Arad, s.a.); Kéziratban: Şcoala şi literatura noastră; Poezia primăverii; Viaţa şi opera lui Gh. Coşbuc; Octavian Goga şi Ilarie Chendi; Andrei Bârseanu – un îndrumător al culturii din Ardeal; Luptători pentru întregirea nemului; Filozofia socială lui M. Eminescu; Braşovul în cultura românească; N. Filipescu şi T. Ionescu.; Oameni şi locuri din Târnava Mare <br /><strong>– Irod.:</strong> Cosma; Datcu; DGLR; Monografia judeţului Târnava Mare (Sighişoara, 1943); Şerban 2006; Todea.</br></p>

<p>Rozsnyó, 1897. ápr. 4., † Segesvár, 1942. aug. 2.: közíró, folklorista, művelődés-szervező. Tanult szülőfalujában, Brassóban az „Andrei Şaguna” Líc.-ban (1914), 3 évet a teológiai szemináriumban Szebenben (1917), majd a bp.-i és buc.-i egyetemek Filológia-Filozófia fakultásán. Gyulafehérváron lett román ny. és irodalom, valamint filozófiatanár. Román irodalom és nyelvészet és filozófia tanár Segesváron a Principele Nicolae Fiúlíc.-ban [&hellip;]</p>
