{"id":22751,"date":"2025-08-01T16:58:28","date_gmt":"2025-08-01T14:58:28","guid":{"rendered":"https:\/\/uj.adatbank.ro\/lexikon\/termek\/teglas-istvan\/"},"modified":"2025-08-01T16:58:28","modified_gmt":"2025-08-01T14:58:28","slug":"teglas-istvan","status":"publish","type":"product","link":"https:\/\/uj.adatbank.ro\/lexikon\/termek\/teglas-istvan\/","title":{"rendered":"T\u00c9GL\u00c1S Istv\u00e1n,"},"content":{"rendered":"<p>Sepsiszentgy\u00f6rgy, 1853., \u2020 ?: m. kir. nyug. tanfel\u00fcgyel\u0151, T. G\u00e1bor, f\u0151re\u00e1liskolai igazgat\u00f3nak testv\u00e9r\u00f6ccse. \u2013 K\u00f6z\u00e9piskol\u00e1it sz\u00fcl\u0151v\u00e1rosa koll\u00e9gium\u00e1ban \u00e9s a nagyenyedi Bethlen-f\u0151iskol\u00e1ban v\u00e9gezte, majd az \u00fajonnan szervezett d\u00e9vai \u00c1llami Tan\u00edt\u00f3k\u00e9pz\u0151be oklevelet szerzett (1871\u201375). A fogarasi ref. n\u00e9piskol\u00e1n\u00e1l, n\u00e9gy \u00e9vig a brass\u00f3i \u00e1llami elemi n\u00e9piskol\u00e1n\u00e1l, egy \u00e9vig a petrozs\u00e9nyin\u00e9l szolg\u00e1lt, a nagyszebeni \u00e1llami n\u00e9piskol\u00e1k igazgat\u00f3j\u00e1v\u00e1 (1880), majd Nagy- \u00e9s Kisk\u00fck\u00fcll\u0151 v\u00e1rmegy\u00e9k seg\u00e9dtanfel\u00fcgyel\u0151j\u00e9v\u00e9 (1891), Torda-Aranyos v\u00e1rmegye (1894) tanfel\u00fcgyel\u0151j\u00e9v\u00e9 nevezt\u00e9k ki. A M\u0171eml\u00e9kek Orsz\u00e1gos Bizotts\u00e1g\u00e1nak levelez\u0151 tagja. A n\u00e9pismerettel, r\u00e9g\u00e9szettel \u00e9s t\u00e1jismerettel foglalkoz\u00f3 sz\u00e1mos cikke a Nemzet, F\u0151v\u00e1rosi Lapok \u00e9s Kolozsv\u00e1r c. h\u00edrlapokban, az Archaeologiai \u00c9rtes\u00edt\u0151ben, tov\u00e1bb\u00e1 a K\u00e1rp\u00e1t-Egyes\u00fcletnek Erd\u00e9ly c. k\u00f6zl\u00f6ny\u00e9ben, a M. Rom\u00e1n Szeml\u00e9ben \u00e9s a M\u0171v\u00e9szetben megfelel\u0151 illusztr\u00e1ci\u00f3kkal jelentek meg. <br \/><strong>\u2013 Irod.:<\/strong> Szinnyei.<\/br><\/p>\n","protected":false},"excerpt":{"rendered":"<p>Sepsiszentgy\u00f6rgy, 1853., \u2020 ?: m. kir. nyug. tanfel\u00fcgyel\u0151, T. G\u00e1bor, f\u0151re\u00e1liskolai igazgat\u00f3nak testv\u00e9r\u00f6ccse. \u2013 K\u00f6z\u00e9piskol\u00e1it sz\u00fcl\u0151v\u00e1rosa koll\u00e9gium\u00e1ban \u00e9s a nagyenyedi Bethlen-f\u0151iskol\u00e1ban v\u00e9gezte, majd az \u00fajonnan szervezett d\u00e9vai \u00c1llami Tan\u00edt\u00f3k\u00e9pz\u0151be oklevelet szerzett (1871\u201375). A fogarasi ref. n\u00e9piskol\u00e1n\u00e1l, n\u00e9gy \u00e9vig a brass\u00f3i \u00e1llami elemi n\u00e9piskol\u00e1n\u00e1l, egy \u00e9vig a petrozs\u00e9nyin\u00e9l szolg\u00e1lt, a nagyszebeni \u00e1llami n\u00e9piskol\u00e1k igazgat\u00f3j\u00e1v\u00e1 (1880), majd [&hellip;]<\/p>\n","protected":false},"featured_media":0,"comment_status":"open","ping_status":"closed","template":"","meta":[],"product_brand":[],"product_cat":[137],"product_tag":[],"class_list":{"0":"post-22751","1":"product","2":"type-product","3":"status-publish","5":"product_cat-maros-megyei-eletrajzi-lexikon","7":"first","8":"instock","9":"shipping-taxable","10":"product-type-simple"},"_links":{"self":[{"href":"https:\/\/uj.adatbank.ro\/lexikon\/wp-json\/wp\/v2\/product\/22751","targetHints":{"allow":["GET"]}}],"collection":[{"href":"https:\/\/uj.adatbank.ro\/lexikon\/wp-json\/wp\/v2\/product"}],"about":[{"href":"https:\/\/uj.adatbank.ro\/lexikon\/wp-json\/wp\/v2\/types\/product"}],"replies":[{"embeddable":true,"href":"https:\/\/uj.adatbank.ro\/lexikon\/wp-json\/wp\/v2\/comments?post=22751"}],"wp:attachment":[{"href":"https:\/\/uj.adatbank.ro\/lexikon\/wp-json\/wp\/v2\/media?parent=22751"}],"wp:term":[{"taxonomy":"product_brand","embeddable":true,"href":"https:\/\/uj.adatbank.ro\/lexikon\/wp-json\/wp\/v2\/product_brand?post=22751"},{"taxonomy":"product_cat","embeddable":true,"href":"https:\/\/uj.adatbank.ro\/lexikon\/wp-json\/wp\/v2\/product_cat?post=22751"},{"taxonomy":"product_tag","embeddable":true,"href":"https:\/\/uj.adatbank.ro\/lexikon\/wp-json\/wp\/v2\/product_tag?post=22751"}],"curies":[{"name":"wp","href":"https:\/\/api.w.org\/{rel}","templated":true}]}}

TÉGLÁS István,

<p>Sepsiszentgyörgy, 1853., † ?: m. kir. nyug. tanfelügyelő, T. Gábor, főreáliskolai igazgatónak testvéröccse. – Középiskoláit szülővárosa kollégiumában és a nagyenyedi Bethlen-főiskolában végezte, majd az újonnan szervezett dévai Állami Tanítóképzőbe oklevelet szerzett (1871–75). A fogarasi ref. népiskolánál, négy évig a brassói állami elemi népiskolánál, egy évig a petrozsényinél szolgált, a nagyszebeni állami népiskolák igazgatójává (1880), majd Nagy- és Kisküküllő vármegyék segédtanfelügyelőjévé (1891), Torda-Aranyos vármegye (1894) tanfelügyelőjévé nevezték ki. A Műemlékek Országos Bizottságának levelező tagja. A népismerettel, régészettel és tájismerettel foglalkozó számos cikke a Nemzet, Fővárosi Lapok és Kolozsvár c. hírlapokban, az Archaeologiai Értesítőben, továbbá a Kárpát-Egyesületnek Erdély c. közlönyében, a M. Román Szemlében és a Művészetben megfelelő illusztrációkkal jelentek meg. <br /><strong>– Irod.:</strong> Szinnyei.</br></p>

<p>Sepsiszentgyörgy, 1853., † ?: m. kir. nyug. tanfelügyelő, T. Gábor, főreáliskolai igazgatónak testvéröccse. – Középiskoláit szülővárosa kollégiumában és a nagyenyedi Bethlen-főiskolában végezte, majd az újonnan szervezett dévai Állami Tanítóképzőbe oklevelet szerzett (1871–75). A fogarasi ref. népiskolánál, négy évig a brassói állami elemi népiskolánál, egy évig a petrozsényinél szolgált, a nagyszebeni állami népiskolák igazgatójává (1880), majd [&hellip;]</p>
