{"id":22754,"date":"2025-08-01T16:58:36","date_gmt":"2025-08-01T14:58:36","guid":{"rendered":"https:\/\/uj.adatbank.ro\/lexikon\/termek\/teglasi-karoly\/"},"modified":"2025-08-01T16:58:36","modified_gmt":"2025-08-01T14:58:36","slug":"teglasi-karoly","status":"publish","type":"product","link":"https:\/\/uj.adatbank.ro\/lexikon\/termek\/teglasi-karoly\/","title":{"rendered":"T\u00c9GL\u00c1SI K\u00e1roly"},"content":{"rendered":"<p>Nagykend, 1806. m\u00e1j. 5., \u2020 ?: b\u00e1nyatiszt. \u2013 A selmecb\u00e1nyai akad. elv\u00e9gz\u00e9se ut\u00e1n b\u00e1nyatiszt lett. \u00c9rdekes \u00f6n\u00e9let\u00edr\u00e1sa maradt k\u00e9ziratban. <br \/><strong>\u2013 Irod.:<\/strong> Rugonfalvi Kiss.<\/br><\/p>\n","protected":false},"excerpt":{"rendered":"<p>Nagykend, 1806. m\u00e1j. 5., \u2020 ?: b\u00e1nyatiszt. \u2013 A selmecb\u00e1nyai akad. elv\u00e9gz\u00e9se ut\u00e1n b\u00e1nyatiszt lett. \u00c9rdekes \u00f6n\u00e9let\u00edr\u00e1sa maradt k\u00e9ziratban. \u2013 Irod.: Rugonfalvi Kiss.<\/p>\n","protected":false},"featured_media":0,"comment_status":"open","ping_status":"closed","template":"","meta":[],"product_brand":[],"product_cat":[137],"product_tag":[],"class_list":{"0":"post-22754","1":"product","2":"type-product","3":"status-publish","5":"product_cat-maros-megyei-eletrajzi-lexikon","7":"first","8":"instock","9":"shipping-taxable","10":"product-type-simple"},"_links":{"self":[{"href":"https:\/\/uj.adatbank.ro\/lexikon\/wp-json\/wp\/v2\/product\/22754","targetHints":{"allow":["GET"]}}],"collection":[{"href":"https:\/\/uj.adatbank.ro\/lexikon\/wp-json\/wp\/v2\/product"}],"about":[{"href":"https:\/\/uj.adatbank.ro\/lexikon\/wp-json\/wp\/v2\/types\/product"}],"replies":[{"embeddable":true,"href":"https:\/\/uj.adatbank.ro\/lexikon\/wp-json\/wp\/v2\/comments?post=22754"}],"wp:attachment":[{"href":"https:\/\/uj.adatbank.ro\/lexikon\/wp-json\/wp\/v2\/media?parent=22754"}],"wp:term":[{"taxonomy":"product_brand","embeddable":true,"href":"https:\/\/uj.adatbank.ro\/lexikon\/wp-json\/wp\/v2\/product_brand?post=22754"},{"taxonomy":"product_cat","embeddable":true,"href":"https:\/\/uj.adatbank.ro\/lexikon\/wp-json\/wp\/v2\/product_cat?post=22754"},{"taxonomy":"product_tag","embeddable":true,"href":"https:\/\/uj.adatbank.ro\/lexikon\/wp-json\/wp\/v2\/product_tag?post=22754"}],"curies":[{"name":"wp","href":"https:\/\/api.w.org\/{rel}","templated":true}]}}