{"id":22762,"date":"2025-08-01T16:58:55","date_gmt":"2025-08-01T14:58:55","guid":{"rendered":"https:\/\/uj.adatbank.ro\/lexikon\/termek\/telegdi-mihaly\/"},"modified":"2025-08-01T16:58:55","modified_gmt":"2025-08-01T14:58:55","slug":"telegdi-mihaly","status":"publish","type":"product","link":"https:\/\/uj.adatbank.ro\/lexikon\/termek\/telegdi-mihaly\/","title":{"rendered":"TELEGDI Mih\u00e1ly"},"content":{"rendered":"<p>? \u2020 ?: sz\u00e9ki kapit\u00e1ny. \u2013 6 sz\u00e9kely sz\u00e9k \u00e9s a Sz\u00e9kelyt\u00e1madt v\u00e1r kapit\u00e1nya (1567\u201368). II. J\u00e1nos kir\u00e1ly Telegdi Mih\u00e1lynak, a 6 sz\u00e9kely sz\u00e9k kapit\u00e1ny\u00e1nak, Sz\u00e9kelyt\u00e1madt (Udvarhely) v\u00e1ra parancsnok\u00e1nak, Maros, Udvarhely-, Cs\u00edk- s Gyergy\u00f3sz\u00e9k f\u0151kir\u00e1lyb\u00edr\u00e1j\u00e1nak megparancsolja, hogy az egyenk\u00e9nt megnevezett el\u0151kel\u0151 sz\u00e9kelyek r\u00e9sz\u00e9re, Sepsi, K\u00e9zdi \u00e9s Orbai sz\u00e9kben, az illet\u0151 kir\u00e1lyb\u00edr\u00e1kat maga mell\u00e9 v\u00e9ve, szakasszon ki a sz\u00e9kely k\u00f6zs\u00e9g k\u00f6z\u00fcl annyi h\u00e1z jobb\u00e1gyot, amennyit kinek kinek adom\u00e1nyozott, s e parancs\u00e1ban sz\u00e1m szerint kijel\u00f6lt. (Kelt Tord\u00e1n, 1567. mart. 5-dik\u00e9n.). II. J\u00e1nos kir\u00e1ly megparancsolja Telegdi Mikl\u00f3snak, a 6 sz\u00e9kely sz\u00e9k kapit\u00e1ny\u00e1nak, hogy Marossz\u00e9ki Havad helys\u00e9g\u00e9t, melyet az ottani v\u00e1logatott darabontokon k\u00edv\u00fcl Mor\u00e9 L\u00e1szl\u00f3nak adom\u00e1nyozott, bocs\u00e1ssa \u00e1t az adom\u00e1nyos birtok\u00e1ba. (Kelt Gyula-Fej\u00e9rv\u00e1rtt 1569. nov. 23-dik\u00e1n); II. J\u00e1nos kir\u00e1ly parancsa Telegdi Mih\u00e1lyhoz, Udvarhely v\u00e1r tiszttart\u00f3j\u00e1hoz s Maros-, Udvarhely- \u00e9s Cs\u00edksz\u00e9k kapit\u00e1ny\u00e1hoz, hogy B\u00e1nfi P\u00e1lt a neki adom\u00e1nyozott Marossz\u00e9ki Udvarfalva helys\u00e9g\u00e9be iktassa be. (Kelt Gyula Fej\u00e9rv\u00e1rt 1569. m\u00e1jus 26-dik\u00e1n). <br \/><strong>\u2013 Irod.:<\/strong> SzOkl, 2.<\/br><\/p>\n","protected":false},"excerpt":{"rendered":"<p>? \u2020 ?: sz\u00e9ki kapit\u00e1ny. \u2013 6 sz\u00e9kely sz\u00e9k \u00e9s a Sz\u00e9kelyt\u00e1madt v\u00e1r kapit\u00e1nya (1567\u201368). II. J\u00e1nos kir\u00e1ly Telegdi Mih\u00e1lynak, a 6 sz\u00e9kely sz\u00e9k kapit\u00e1ny\u00e1nak, Sz\u00e9kelyt\u00e1madt (Udvarhely) v\u00e1ra parancsnok\u00e1nak, Maros, Udvarhely-, Cs\u00edk- s Gyergy\u00f3sz\u00e9k f\u0151kir\u00e1lyb\u00edr\u00e1j\u00e1nak megparancsolja, hogy az egyenk\u00e9nt megnevezett el\u0151kel\u0151 sz\u00e9kelyek r\u00e9sz\u00e9re, Sepsi, K\u00e9zdi \u00e9s Orbai sz\u00e9kben, az illet\u0151 kir\u00e1lyb\u00edr\u00e1kat maga mell\u00e9 v\u00e9ve, szakasszon [&hellip;]<\/p>\n","protected":false},"featured_media":0,"comment_status":"open","ping_status":"closed","template":"","meta":[],"product_brand":[],"product_cat":[137],"product_tag":[],"class_list":{"0":"post-22762","1":"product","2":"type-product","3":"status-publish","5":"product_cat-maros-megyei-eletrajzi-lexikon","7":"first","8":"instock","9":"shipping-taxable","10":"product-type-simple"},"_links":{"self":[{"href":"https:\/\/uj.adatbank.ro\/lexikon\/wp-json\/wp\/v2\/product\/22762","targetHints":{"allow":["GET"]}}],"collection":[{"href":"https:\/\/uj.adatbank.ro\/lexikon\/wp-json\/wp\/v2\/product"}],"about":[{"href":"https:\/\/uj.adatbank.ro\/lexikon\/wp-json\/wp\/v2\/types\/product"}],"replies":[{"embeddable":true,"href":"https:\/\/uj.adatbank.ro\/lexikon\/wp-json\/wp\/v2\/comments?post=22762"}],"wp:attachment":[{"href":"https:\/\/uj.adatbank.ro\/lexikon\/wp-json\/wp\/v2\/media?parent=22762"}],"wp:term":[{"taxonomy":"product_brand","embeddable":true,"href":"https:\/\/uj.adatbank.ro\/lexikon\/wp-json\/wp\/v2\/product_brand?post=22762"},{"taxonomy":"product_cat","embeddable":true,"href":"https:\/\/uj.adatbank.ro\/lexikon\/wp-json\/wp\/v2\/product_cat?post=22762"},{"taxonomy":"product_tag","embeddable":true,"href":"https:\/\/uj.adatbank.ro\/lexikon\/wp-json\/wp\/v2\/product_tag?post=22762"}],"curies":[{"name":"wp","href":"https:\/\/api.w.org\/{rel}","templated":true}]}}

TELEGDI Mihály

<p>? † ?: széki kapitány. – 6 székely szék és a Székelytámadt vár kapitánya (1567–68). II. János király Telegdi Mihálynak, a 6 székely szék kapitányának, Székelytámadt (Udvarhely) vára parancsnokának, Maros, Udvarhely-, Csík- s Gyergyószék főkirálybírájának megparancsolja, hogy az egyenként megnevezett előkelő székelyek részére, Sepsi, Kézdi és Orbai székben, az illető királybírákat maga mellé véve, szakasszon ki a székely község közül annyi ház jobbágyot, amennyit kinek kinek adományozott, s e parancsában szám szerint kijelölt. (Kelt Tordán, 1567. mart. 5-dikén.). II. János király megparancsolja Telegdi Miklósnak, a 6 székely szék kapitányának, hogy Marosszéki Havad helységét, melyet az ottani válogatott darabontokon kívül Moré Lászlónak adományozott, bocsássa át az adományos birtokába. (Kelt Gyula-Fejérvártt 1569. nov. 23-dikán); II. János király parancsa Telegdi Mihályhoz, Udvarhely vár tiszttartójához s Maros-, Udvarhely- és Csíkszék kapitányához, hogy Bánfi Pált a neki adományozott Marosszéki Udvarfalva helységébe iktassa be. (Kelt Gyula Fejérvárt 1569. május 26-dikán). <br /><strong>– Irod.:</strong> SzOkl, 2.</br></p>

<p>? † ?: széki kapitány. – 6 székely szék és a Székelytámadt vár kapitánya (1567–68). II. János király Telegdi Mihálynak, a 6 székely szék kapitányának, Székelytámadt (Udvarhely) vára parancsnokának, Maros, Udvarhely-, Csík- s Gyergyószék főkirálybírájának megparancsolja, hogy az egyenként megnevezett előkelő székelyek részére, Sepsi, Kézdi és Orbai székben, az illető királybírákat maga mellé véve, szakasszon [&hellip;]</p>
