{"id":22763,"date":"2025-08-01T16:58:59","date_gmt":"2025-08-01T14:58:59","guid":{"rendered":"https:\/\/uj.adatbank.ro\/lexikon\/termek\/telegdi-zsofia-telegdi-kovacsoczy-istvanne\/"},"modified":"2025-08-01T16:58:59","modified_gmt":"2025-08-01T14:58:59","slug":"telegdi-zsofia-telegdi-kovacsoczy-istvanne","status":"publish","type":"product","link":"https:\/\/uj.adatbank.ro\/lexikon\/termek\/telegdi-zsofia-telegdi-kovacsoczy-istvanne\/","title":{"rendered":"TELEGDI Zs\u00f3fia, telegdi, Kov\u00e1cs\u00f3czy Istv\u00e1nn\u00e9"},"content":{"rendered":"<p>? \u2020 ?: Telegdi J\u00e1nos \u00e9s Segnyey Anna le\u00e1nya. Testv\u00e9rei: T. Ferenc, G\u00e1sp\u00e1r, Erzs\u00e9bet. F\u00e9rje Kovacs\u00f3czy Istv\u00e1n, Bethlen G\u00e1bor titk\u00e1ra, kancell\u00e1rja. Le\u00e1nya: Kovacs\u00f3czy Kata, dersi Petki Ferencn\u00e9, majd B\u00e1linthi Gy\u00f6rgyn\u00e9. G\u00f6rg\u00e9nyben k\u00e9sz\u00edtett v\u00e9grendelete szerint (1637. j\u00fan. 25.) f\u00e9rje teljes vagyon\u00e1t le\u00e1ny\u00e1ra, Kovacs\u00f3czy Kat\u00e1ra, hagyta. I. R\u00e1k\u00f3czi Gy\u00f6rgyt\u0151l adom\u00e1nyk\u00e9nt kapott G\u00f6rg\u00e9ny v\u00e1r\u00e1t, amennyiben a fejedelem visszav\u00e1ltotta volna, annak \u00e1ra is ugyancsak a le\u00e1ny\u00e1t kellett volna illesse. G\u00f6rg\u00e9ny v\u00e1r\u00e1nak v\u00e1lts\u00e1gd\u00edj\u00e1b\u00f3l 2000 forintot az egyh\u00e1zak, a p\u00e1terek, a de\u00e1kok valamint a szeg\u00e9nyek megseg\u00edt\u00e9s\u00e9re sz\u00e1nt. <br \/><strong>\u2013 Irod.:<\/strong> Erd\u00e9lyi testamentumok, 3.<\/br><\/p>\n","protected":false},"excerpt":{"rendered":"<p>? \u2020 ?: Telegdi J\u00e1nos \u00e9s Segnyey Anna le\u00e1nya. Testv\u00e9rei: T. Ferenc, G\u00e1sp\u00e1r, Erzs\u00e9bet. F\u00e9rje Kovacs\u00f3czy Istv\u00e1n, Bethlen G\u00e1bor titk\u00e1ra, kancell\u00e1rja. Le\u00e1nya: Kovacs\u00f3czy Kata, dersi Petki Ferencn\u00e9, majd B\u00e1linthi Gy\u00f6rgyn\u00e9. G\u00f6rg\u00e9nyben k\u00e9sz\u00edtett v\u00e9grendelete szerint (1637. j\u00fan. 25.) f\u00e9rje teljes vagyon\u00e1t le\u00e1ny\u00e1ra, Kovacs\u00f3czy Kat\u00e1ra, hagyta. I. R\u00e1k\u00f3czi Gy\u00f6rgyt\u0151l adom\u00e1nyk\u00e9nt kapott G\u00f6rg\u00e9ny v\u00e1r\u00e1t, amennyiben a fejedelem visszav\u00e1ltotta [&hellip;]<\/p>\n","protected":false},"featured_media":0,"comment_status":"open","ping_status":"closed","template":"","meta":[],"product_brand":[],"product_cat":[137],"product_tag":[],"class_list":{"0":"post-22763","1":"product","2":"type-product","3":"status-publish","5":"product_cat-maros-megyei-eletrajzi-lexikon","7":"first","8":"instock","9":"shipping-taxable","10":"product-type-simple"},"_links":{"self":[{"href":"https:\/\/uj.adatbank.ro\/lexikon\/wp-json\/wp\/v2\/product\/22763","targetHints":{"allow":["GET"]}}],"collection":[{"href":"https:\/\/uj.adatbank.ro\/lexikon\/wp-json\/wp\/v2\/product"}],"about":[{"href":"https:\/\/uj.adatbank.ro\/lexikon\/wp-json\/wp\/v2\/types\/product"}],"replies":[{"embeddable":true,"href":"https:\/\/uj.adatbank.ro\/lexikon\/wp-json\/wp\/v2\/comments?post=22763"}],"wp:attachment":[{"href":"https:\/\/uj.adatbank.ro\/lexikon\/wp-json\/wp\/v2\/media?parent=22763"}],"wp:term":[{"taxonomy":"product_brand","embeddable":true,"href":"https:\/\/uj.adatbank.ro\/lexikon\/wp-json\/wp\/v2\/product_brand?post=22763"},{"taxonomy":"product_cat","embeddable":true,"href":"https:\/\/uj.adatbank.ro\/lexikon\/wp-json\/wp\/v2\/product_cat?post=22763"},{"taxonomy":"product_tag","embeddable":true,"href":"https:\/\/uj.adatbank.ro\/lexikon\/wp-json\/wp\/v2\/product_tag?post=22763"}],"curies":[{"name":"wp","href":"https:\/\/api.w.org\/{rel}","templated":true}]}}

TELEGDI Zsófia, telegdi, Kovácsóczy Istvánné

<p>? † ?: Telegdi János és Segnyey Anna leánya. Testvérei: T. Ferenc, Gáspár, Erzsébet. Férje Kovacsóczy István, Bethlen Gábor titkára, kancellárja. Leánya: Kovacsóczy Kata, dersi Petki Ferencné, majd Bálinthi Györgyné. Görgényben készített végrendelete szerint (1637. jún. 25.) férje teljes vagyonát leányára, Kovacsóczy Katára, hagyta. I. Rákóczi Györgytől adományként kapott Görgény várát, amennyiben a fejedelem visszaváltotta volna, annak ára is ugyancsak a leányát kellett volna illesse. Görgény várának váltságdíjából 2000 forintot az egyházak, a páterek, a deákok valamint a szegények megsegítésére szánt. <br /><strong>– Irod.:</strong> Erdélyi testamentumok, 3.</br></p>

<p>? † ?: Telegdi János és Segnyey Anna leánya. Testvérei: T. Ferenc, Gáspár, Erzsébet. Férje Kovacsóczy István, Bethlen Gábor titkára, kancellárja. Leánya: Kovacsóczy Kata, dersi Petki Ferencné, majd Bálinthi Györgyné. Görgényben készített végrendelete szerint (1637. jún. 25.) férje teljes vagyonát leányára, Kovacsóczy Katára, hagyta. I. Rákóczi Györgytől adományként kapott Görgény várát, amennyiben a fejedelem visszaváltotta [&hellip;]</p>
