{"id":22764,"date":"2025-08-01T16:59:01","date_gmt":"2025-08-01T14:59:01","guid":{"rendered":"https:\/\/uj.adatbank.ro\/lexikon\/termek\/telegdy-istvan\/"},"modified":"2025-08-01T16:59:01","modified_gmt":"2025-08-01T14:59:01","slug":"telegdy-istvan","status":"publish","type":"product","link":"https:\/\/uj.adatbank.ro\/lexikon\/termek\/telegdy-istvan\/","title":{"rendered":"TELEGDY Istv\u00e1n"},"content":{"rendered":"<p>Szil\u00e1gysomly\u00f3, 1883., \u2020 Debrecen, 1934. m\u00e1j. 6., Mv. eltemetve: \u00fcgyv\u00e9d. \u2013 Testv\u00e9rei: T. Kl\u00e1ra dr. Petruska Le\u00f3n\u00e9; dr. T. Lajos, feles\u00e9ge Cs\u00e1sz\u00e1r Karola; T. Anna Bendig Gyul\u00e1n\u00e9; dr. T. M\u00e1rton, feles\u00e9ge M\u00e1rk Mariska; T. Ilonka. Feles\u00e9ge. 1. Kondray Roz\u00e1lia. Le\u00e1nyuk: Erzsike (1913? \u2013 Mv., 1924. febr. 15.); 2. Ger\u00e9b M\u00e1rta (1892\u20131983. j\u00fal. 20.), le\u00e1nyaik: M\u00e1rta K\u00f3nya Istv\u00e1nn\u00e9 \u00e9s Kl\u00e1ra. \u2013 A kv.-i Gid\u00f3falvy Istv\u00e1nn\u00e1l volt \u00fcgyv\u00e9dbojt\u00e1r, Kv.-on jogot v\u00e9gzett, \u00fcgyv\u00e9di irod\u00e1ja volt Mv.-en. Virilista (1913). A Ref. Koll. f\u0151gondnoka (1931\u201334) \u00e9s a Teleki csal\u00e1d \u00fcgyv\u00e9dje, a mv.-i Takar\u00e9kp\u00e9nzt\u00e1r jogtan\u00e1csosa. Testv\u00e9r\u00e9vel M\u00e1rtonnal megvett\u00e9k Beregi Oszk\u00e1rt\u00f3l a folyfalvi birtokot, ahol le\u00e1nya M\u00e1rta \u00e9lt f\u00e9rj\u00e9vel, K\u00f3nya Istv\u00e1n \u00fcgyv\u00e9ddel. A mv.-i Ref. Koll. el\u00f6lj\u00e1r\u00f3s\u00e1g\u00e1nak tagja, az erd\u00e9lyi ref. egyh\u00e1zker\u00fclet \u00e9s a marosi ref. egyh\u00e1zmegye vil\u00e1gi k\u00e9pvisel\u0151je, a ref. egyh\u00e1zk\u00f6zs\u00e9g k\u00e9pvisel\u0151test\u00fclet\u00e9nek tagja, az \u00dcgyv\u00e9di Kamara v\u00e1lasztm\u00e1ny\u00e1nak tagja, a Ref. Dalk\u00f6r eln\u00f6ke, a mv.-i Kaszin\u00f3 titk\u00e1ra (1919\u2013), majd \u00fcgyv\u00e9dje (1926), az OMP helyi tagozat\u00e1nak \u00fcgy\u00e9sze (1927). Debrecenben halt meg sz\u00edvsz\u00e9lh\u0171d\u00e9sben. A Ref. Koll.-ban ravatalozt\u00e1k fel. Az akkori Reggeli \u00dajs\u00e1g r\u00e9szletesen besz\u00e1molt a temet\u00e9sr\u0151l. \u2013  <strong>F. m..:<\/strong> Telekk\u00f6nyvi rendtart\u00e1s \/ Dr. Jancs\u00f3 Gy\u00f6rgy egyetemi ny. r. tan\u00e1r el\u0151ad\u00e1sai nyom\u00e1n \u00f6ssze\u00e1ll\u00edtotta T. I. (Kv., 1905.). <br \/><strong>\u2013 Irod.:<\/strong> Bi\u00e1s Istv\u00e1n; Csekme; csal\u00e1di inf.; Gy\u00e1szjelent\u0151; Id\u0151t\u00e1r 2; Id\u0151t\u00e1r 3; Mez\u0151panit; MMK; Nagy-Bod\u00f3 Tibor: A v\u00e1s\u00e1rhelyi Telegdy-h\u00e1z (K\u00f6zpont, 2015. \u00e1pr. 23\u201329); Sebesty\u00e9n; Sipos.<\/br><\/p>\n","protected":false},"excerpt":{"rendered":"<p>Szil\u00e1gysomly\u00f3, 1883., \u2020 Debrecen, 1934. m\u00e1j. 6., Mv. eltemetve: \u00fcgyv\u00e9d. \u2013 Testv\u00e9rei: T. Kl\u00e1ra dr. Petruska Le\u00f3n\u00e9; dr. T. Lajos, feles\u00e9ge Cs\u00e1sz\u00e1r Karola; T. Anna Bendig Gyul\u00e1n\u00e9; dr. T. M\u00e1rton, feles\u00e9ge M\u00e1rk Mariska; T. Ilonka. Feles\u00e9ge. 1. Kondray Roz\u00e1lia. Le\u00e1nyuk: Erzsike (1913? \u2013 Mv., 1924. febr. 15.); 2. Ger\u00e9b M\u00e1rta (1892\u20131983. j\u00fal. 20.), le\u00e1nyaik: M\u00e1rta [&hellip;]<\/p>\n","protected":false},"featured_media":0,"comment_status":"open","ping_status":"closed","template":"","meta":[],"product_brand":[],"product_cat":[137],"product_tag":[],"class_list":{"0":"post-22764","1":"product","2":"type-product","3":"status-publish","5":"product_cat-maros-megyei-eletrajzi-lexikon","7":"first","8":"instock","9":"shipping-taxable","10":"product-type-simple"},"_links":{"self":[{"href":"https:\/\/uj.adatbank.ro\/lexikon\/wp-json\/wp\/v2\/product\/22764","targetHints":{"allow":["GET"]}}],"collection":[{"href":"https:\/\/uj.adatbank.ro\/lexikon\/wp-json\/wp\/v2\/product"}],"about":[{"href":"https:\/\/uj.adatbank.ro\/lexikon\/wp-json\/wp\/v2\/types\/product"}],"replies":[{"embeddable":true,"href":"https:\/\/uj.adatbank.ro\/lexikon\/wp-json\/wp\/v2\/comments?post=22764"}],"wp:attachment":[{"href":"https:\/\/uj.adatbank.ro\/lexikon\/wp-json\/wp\/v2\/media?parent=22764"}],"wp:term":[{"taxonomy":"product_brand","embeddable":true,"href":"https:\/\/uj.adatbank.ro\/lexikon\/wp-json\/wp\/v2\/product_brand?post=22764"},{"taxonomy":"product_cat","embeddable":true,"href":"https:\/\/uj.adatbank.ro\/lexikon\/wp-json\/wp\/v2\/product_cat?post=22764"},{"taxonomy":"product_tag","embeddable":true,"href":"https:\/\/uj.adatbank.ro\/lexikon\/wp-json\/wp\/v2\/product_tag?post=22764"}],"curies":[{"name":"wp","href":"https:\/\/api.w.org\/{rel}","templated":true}]}}

TELEGDY István

<p>Szilágysomlyó, 1883., † Debrecen, 1934. máj. 6., Mv. eltemetve: ügyvéd. – Testvérei: T. Klára dr. Petruska Leóné; dr. T. Lajos, felesége Császár Karola; T. Anna Bendig Gyuláné; dr. T. Márton, felesége Márk Mariska; T. Ilonka. Felesége. 1. Kondray Rozália. Leányuk: Erzsike (1913? – Mv., 1924. febr. 15.); 2. Geréb Márta (1892–1983. júl. 20.), leányaik: Márta Kónya Istvánné és Klára. – A kv.-i Gidófalvy Istvánnál volt ügyvédbojtár, Kv.-on jogot végzett, ügyvédi irodája volt Mv.-en. Virilista (1913). A Ref. Koll. főgondnoka (1931–34) és a Teleki család ügyvédje, a mv.-i Takarékpénztár jogtanácsosa. Testvérével Mártonnal megvették Beregi Oszkártól a folyfalvi birtokot, ahol leánya Márta élt férjével, Kónya István ügyvéddel. A mv.-i Ref. Koll. elöljáróságának tagja, az erdélyi ref. egyházkerület és a marosi ref. egyházmegye világi képviselője, a ref. egyházközség képviselőtestületének tagja, az Ügyvédi Kamara választmányának tagja, a Ref. Dalkör elnöke, a mv.-i Kaszinó titkára (1919–), majd ügyvédje (1926), az OMP helyi tagozatának ügyésze (1927). Debrecenben halt meg szívszélhűdésben. A Ref. Koll.-ban ravatalozták fel. Az akkori Reggeli Újság részletesen beszámolt a temetésről. –  <strong>F. m..:</strong> Telekkönyvi rendtartás / Dr. Jancsó György egyetemi ny. r. tanár előadásai nyomán összeállította T. I. (Kv., 1905.). <br /><strong>– Irod.:</strong> Biás István; Csekme; családi inf.; Gyászjelentő; Időtár 2; Időtár 3; Mezőpanit; MMK; Nagy-Bodó Tibor: A vásárhelyi Telegdy-ház (Központ, 2015. ápr. 23–29); Sebestyén; Sipos.</br></p>

<p>Szilágysomlyó, 1883., † Debrecen, 1934. máj. 6., Mv. eltemetve: ügyvéd. – Testvérei: T. Klára dr. Petruska Leóné; dr. T. Lajos, felesége Császár Karola; T. Anna Bendig Gyuláné; dr. T. Márton, felesége Márk Mariska; T. Ilonka. Felesége. 1. Kondray Rozália. Leányuk: Erzsike (1913? – Mv., 1924. febr. 15.); 2. Geréb Márta (1892–1983. júl. 20.), leányaik: Márta [&hellip;]</p>
