{"id":22766,"date":"2025-08-01T16:59:05","date_gmt":"2025-08-01T14:59:05","guid":{"rendered":"https:\/\/uj.adatbank.ro\/lexikon\/termek\/telegdy-marton\/"},"modified":"2025-08-01T16:59:05","modified_gmt":"2025-08-01T14:59:05","slug":"telegdy-marton","status":"publish","type":"product","link":"https:\/\/uj.adatbank.ro\/lexikon\/termek\/telegdy-marton\/","title":{"rendered":"TELEGDY M\u00e1rton"},"content":{"rendered":"<p>1891., \u2020 Mv., 1974.: jog\u00e1sz, tisztvisel\u0151. \u2013 Mv.-en v\u00e1rosi tan\u00e1csnok, tisztvisel\u0151 volt (\u20131918), amikor onnan kiker\u00fclt a b\u00e1tyja irod\u00e1j\u00e1ban helyezkedett el, miut\u00e1n Buk.-ben egy \u00e9vig tanulta a rom\u00e1n jogi nyelvet. Testv\u00e9r\u00e9vel Istv\u00e1nnal a helyi Nagytakar\u00e9kp\u00e9nzt\u00e1r jogtan\u00e1csosa volt. Visszaker\u00fclt a v\u00e1roshoz mint tan\u00e1csos (1940). Seg\u00edtett, ahol lehetett a zsid\u00f3knak is. Feles\u00e9ge: M\u00e1rk M\u00e1ria (\u2020 Mv., 1997. j\u00fal. 4.). K\u00e9t fia volt, az egyik M\u00e1rk Simon, k\u00f6rtv\u00e9lyf\u00e1ji nagybirtokos le\u00e1ny\u00e1t vette feles\u00e9g\u00fcl, k\u00e9t fia sz\u00fcletett: M\u00e1rton, k\u00f6zgazd\u00e1sz \u00e9s Istv\u00e1n, m\u00e9rn\u00f6k \u00e9s fizika-sz\u00e1mtan szakos tan\u00e1r. <br \/><strong>\u2013 Irod.:<\/strong> Csekme; Id\u0151t\u00e1r 3; Nagy-Bod\u00f3 Tibor: A v\u00e1s\u00e1rhelyi Telegdy-h\u00e1z (K\u00f6zpont, 2015. \u00e1pr. 23\u201329); Sipos.<\/br><\/p>\n","protected":false},"excerpt":{"rendered":"<p>1891., \u2020 Mv., 1974.: jog\u00e1sz, tisztvisel\u0151. \u2013 Mv.-en v\u00e1rosi tan\u00e1csnok, tisztvisel\u0151 volt (\u20131918), amikor onnan kiker\u00fclt a b\u00e1tyja irod\u00e1j\u00e1ban helyezkedett el, miut\u00e1n Buk.-ben egy \u00e9vig tanulta a rom\u00e1n jogi nyelvet. Testv\u00e9r\u00e9vel Istv\u00e1nnal a helyi Nagytakar\u00e9kp\u00e9nzt\u00e1r jogtan\u00e1csosa volt. Visszaker\u00fclt a v\u00e1roshoz mint tan\u00e1csos (1940). Seg\u00edtett, ahol lehetett a zsid\u00f3knak is. Feles\u00e9ge: M\u00e1rk M\u00e1ria (\u2020 Mv., 1997. [&hellip;]<\/p>\n","protected":false},"featured_media":0,"comment_status":"open","ping_status":"closed","template":"","meta":[],"product_brand":[],"product_cat":[137],"product_tag":[],"class_list":{"0":"post-22766","1":"product","2":"type-product","3":"status-publish","5":"product_cat-maros-megyei-eletrajzi-lexikon","7":"first","8":"instock","9":"shipping-taxable","10":"product-type-simple"},"_links":{"self":[{"href":"https:\/\/uj.adatbank.ro\/lexikon\/wp-json\/wp\/v2\/product\/22766","targetHints":{"allow":["GET"]}}],"collection":[{"href":"https:\/\/uj.adatbank.ro\/lexikon\/wp-json\/wp\/v2\/product"}],"about":[{"href":"https:\/\/uj.adatbank.ro\/lexikon\/wp-json\/wp\/v2\/types\/product"}],"replies":[{"embeddable":true,"href":"https:\/\/uj.adatbank.ro\/lexikon\/wp-json\/wp\/v2\/comments?post=22766"}],"wp:attachment":[{"href":"https:\/\/uj.adatbank.ro\/lexikon\/wp-json\/wp\/v2\/media?parent=22766"}],"wp:term":[{"taxonomy":"product_brand","embeddable":true,"href":"https:\/\/uj.adatbank.ro\/lexikon\/wp-json\/wp\/v2\/product_brand?post=22766"},{"taxonomy":"product_cat","embeddable":true,"href":"https:\/\/uj.adatbank.ro\/lexikon\/wp-json\/wp\/v2\/product_cat?post=22766"},{"taxonomy":"product_tag","embeddable":true,"href":"https:\/\/uj.adatbank.ro\/lexikon\/wp-json\/wp\/v2\/product_tag?post=22766"}],"curies":[{"name":"wp","href":"https:\/\/api.w.org\/{rel}","templated":true}]}}

TELEGDY Márton

<p>1891., † Mv., 1974.: jogász, tisztviselő. – Mv.-en városi tanácsnok, tisztviselő volt (–1918), amikor onnan kikerült a bátyja irodájában helyezkedett el, miután Buk.-ben egy évig tanulta a román jogi nyelvet. Testvérével Istvánnal a helyi Nagytakarékpénztár jogtanácsosa volt. Visszakerült a városhoz mint tanácsos (1940). Segített, ahol lehetett a zsidóknak is. Felesége: Márk Mária († Mv., 1997. júl. 4.). Két fia volt, az egyik Márk Simon, körtvélyfáji nagybirtokos leányát vette feleségül, két fia született: Márton, közgazdász és István, mérnök és fizika-számtan szakos tanár. <br /><strong>– Irod.:</strong> Csekme; Időtár 3; Nagy-Bodó Tibor: A vásárhelyi Telegdy-ház (Központ, 2015. ápr. 23–29); Sipos.</br></p>

<p>1891., † Mv., 1974.: jogász, tisztviselő. – Mv.-en városi tanácsnok, tisztviselő volt (–1918), amikor onnan kikerült a bátyja irodájában helyezkedett el, miután Buk.-ben egy évig tanulta a román jogi nyelvet. Testvérével Istvánnal a helyi Nagytakarékpénztár jogtanácsosa volt. Visszakerült a városhoz mint tanácsos (1940). Segített, ahol lehetett a zsidóknak is. Felesége: Márk Mária († Mv., 1997. [&hellip;]</p>
