{"id":22768,"date":"2025-08-01T16:59:11","date_gmt":"2025-08-01T14:59:11","guid":{"rendered":"https:\/\/uj.adatbank.ro\/lexikon\/termek\/teleki-adam-szeki-gr\/"},"modified":"2025-08-01T16:59:11","modified_gmt":"2025-08-01T14:59:11","slug":"teleki-adam-szeki-gr","status":"publish","type":"product","link":"https:\/\/uj.adatbank.ro\/lexikon\/termek\/teleki-adam-szeki-gr\/","title":{"rendered":"TELEKI \u00c1d\u00e1m, sz\u00e9ki, gr."},"content":{"rendered":"<p>Kv., ? 1703. aug. 1., \u2020 ? 1769. okt. 7.: t\u00e1bornok. \u2013 T. P\u00e1l \u00e9s vajai Vay Kata fia. Feles\u00e9ge br. Wessel\u00e9nyi Zsuzs\u00e1nna (\u2020 1739. m\u00e1j. 28. temet\u00e9se). Kv.-on befejezte tanulm\u00e1nyait, a hall\u00e9i egyetemen tanult tov\u00e1bb (1722), majd k\u00e9t \u00e9ven \u00e1t a sz\u00e1sz v\u00e1laszt\u00f3fejedelem, Er\u0151s \u00c1gost, drezdai udvar\u00e1ban teljes\u00edtett szolg\u00e1latot (1725. m\u00e1j.-ig). Hazat\u00e9rte ut\u00e1n tiszt a cs\u00e1sz\u00e1ri hadseregben, tan\u00e1csos (1738\u2013), ezredes (1745\u20139, t\u00e1bornok (1751\u2013). \u2013 Harangot rendelt a rettegi Prodan harang\u00f6nt\u0151t\u0151l (1757). T. S\u00e1muel levele (1756. aug. 13.). <br \/><strong>\u2013 Irod.:<\/strong> \u00c1rva Bethlen K.; Berekm\u00e9ri; Bir\u00f3 Vencel 2009; D\u00e1vid L\u00e1szl\u00f3: Harangok, harang\u00f6nt\u0151k (Sz\u00e9kelyf\u00f6ld, 1998. \u00e1pr., 4. sz.); De\u00e9 Nagy Anik\u00f3 2001; Halotti besz\u00e9dek.<\/br><\/p>\n","protected":false},"excerpt":{"rendered":"<p>Kv., ? 1703. aug. 1., \u2020 ? 1769. okt. 7.: t\u00e1bornok. \u2013 T. P\u00e1l \u00e9s vajai Vay Kata fia. Feles\u00e9ge br. Wessel\u00e9nyi Zsuzs\u00e1nna (\u2020 1739. m\u00e1j. 28. temet\u00e9se). Kv.-on befejezte tanulm\u00e1nyait, a hall\u00e9i egyetemen tanult tov\u00e1bb (1722), majd k\u00e9t \u00e9ven \u00e1t a sz\u00e1sz v\u00e1laszt\u00f3fejedelem, Er\u0151s \u00c1gost, drezdai udvar\u00e1ban teljes\u00edtett szolg\u00e1latot (1725. m\u00e1j.-ig). Hazat\u00e9rte ut\u00e1n tiszt [&hellip;]<\/p>\n","protected":false},"featured_media":0,"comment_status":"open","ping_status":"closed","template":"","meta":[],"product_brand":[],"product_cat":[137],"product_tag":[],"class_list":{"0":"post-22768","1":"product","2":"type-product","3":"status-publish","5":"product_cat-maros-megyei-eletrajzi-lexikon","7":"first","8":"instock","9":"shipping-taxable","10":"product-type-simple"},"_links":{"self":[{"href":"https:\/\/uj.adatbank.ro\/lexikon\/wp-json\/wp\/v2\/product\/22768","targetHints":{"allow":["GET"]}}],"collection":[{"href":"https:\/\/uj.adatbank.ro\/lexikon\/wp-json\/wp\/v2\/product"}],"about":[{"href":"https:\/\/uj.adatbank.ro\/lexikon\/wp-json\/wp\/v2\/types\/product"}],"replies":[{"embeddable":true,"href":"https:\/\/uj.adatbank.ro\/lexikon\/wp-json\/wp\/v2\/comments?post=22768"}],"wp:attachment":[{"href":"https:\/\/uj.adatbank.ro\/lexikon\/wp-json\/wp\/v2\/media?parent=22768"}],"wp:term":[{"taxonomy":"product_brand","embeddable":true,"href":"https:\/\/uj.adatbank.ro\/lexikon\/wp-json\/wp\/v2\/product_brand?post=22768"},{"taxonomy":"product_cat","embeddable":true,"href":"https:\/\/uj.adatbank.ro\/lexikon\/wp-json\/wp\/v2\/product_cat?post=22768"},{"taxonomy":"product_tag","embeddable":true,"href":"https:\/\/uj.adatbank.ro\/lexikon\/wp-json\/wp\/v2\/product_tag?post=22768"}],"curies":[{"name":"wp","href":"https:\/\/api.w.org\/{rel}","templated":true}]}}

TELEKI Ádám, széki, gr.

<p>Kv., ? 1703. aug. 1., † ? 1769. okt. 7.: tábornok. – T. Pál és vajai Vay Kata fia. Felesége br. Wesselényi Zsuzsánna († 1739. máj. 28. temetése). Kv.-on befejezte tanulmányait, a halléi egyetemen tanult tovább (1722), majd két éven át a szász választófejedelem, Erős Ágost, drezdai udvarában teljesített szolgálatot (1725. máj.-ig). Hazatérte után tiszt a császári hadseregben, tanácsos (1738–), ezredes (1745–9, tábornok (1751–). – Harangot rendelt a rettegi Prodan harangöntőtől (1757). T. Sámuel levele (1756. aug. 13.). <br /><strong>– Irod.:</strong> Árva Bethlen K.; Berekméri; Biró Vencel 2009; Dávid László: Harangok, harangöntők (Székelyföld, 1998. ápr., 4. sz.); Deé Nagy Anikó 2001; Halotti beszédek.</br></p>

<p>Kv., ? 1703. aug. 1., † ? 1769. okt. 7.: tábornok. – T. Pál és vajai Vay Kata fia. Felesége br. Wesselényi Zsuzsánna († 1739. máj. 28. temetése). Kv.-on befejezte tanulmányait, a halléi egyetemen tanult tovább (1722), majd két éven át a szász választófejedelem, Erős Ágost, drezdai udvarában teljesített szolgálatot (1725. máj.-ig). Hazatérte után tiszt [&hellip;]</p>
