{"id":22769,"date":"2025-08-01T16:59:13","date_gmt":"2025-08-01T14:59:13","guid":{"rendered":"https:\/\/uj.adatbank.ro\/lexikon\/termek\/teleki-adam-szeki-gr-ifj\/"},"modified":"2025-08-01T16:59:13","modified_gmt":"2025-08-01T14:59:13","slug":"teleki-adam-szeki-gr-ifj","status":"publish","type":"product","link":"https:\/\/uj.adatbank.ro\/lexikon\/termek\/teleki-adam-szeki-gr-ifj\/","title":{"rendered":"TELEKI \u00c1d\u00e1m, sz\u00e9ki gr., ifj."},"content":{"rendered":"<p>? 1740, \u2020 Kv., 1792. \u00e1pr. 20. Kendilon\u00e1n temett\u00e9k el.: f\u0151isp\u00e1n, guberniumi tan\u00e1csos. \u2013 T. \u00c1d\u00e1m (1703\u20131769) \u00e9s Toroczkai Kl\u00e1ra fia. Feles\u00e9ge br. Wessel\u00e9nyi M\u00e1ria, h\u00e1zass\u00e1guknak k\u00f6sz\u00f6nhet\u0151en Kutyfalva Teleki birtok lett, majd a kendil\u00f3nai birtokos \u00e1g tulajdon\u00e1ba ker\u00fclt (\u2020 1785. aug. 21. temet\u00e9se) Le\u00e1nyuk Anna, Degenfeld-Schonburg Maximilian Miksa feles\u00e9ge. \u2013 B\u00e1zelben (1759\u201361) egy\u00fctt T. J\u00f3zseffel \u00e9s S\u00e1muellel, valamint Utrechtben jogot tanult. Doboka vm. f\u0151isp\u00e1nja (1775\u201385), korm\u00e1nysz\u00e9ki tan\u00e1csos, t\u00f6bb v\u00e1rmegye adminisztr\u00e1tora. A cs\u00e1sz\u00e1r aranykulcsos h\u00edve \u00e9s K\u0151v\u00e1r vid\u00e9ke f\u0151kapit\u00e1nya volt (1765\u201375). II. J\u00f3zsef alatt a kv.-i ker\u00fcletben kir\u00e1lyi biztos, Bels\u0151-Szolnok \u00e9s Doboka f\u0151isp\u00e1ni helytart\u00f3ja (1775\u201385), Kolozs, Torda \u00e9s K\u00f6z\u00e9p-Szolnok v\u00e1rmegy\u00e9k adminisztr\u00e1tora (1785\u201390). A somk\u00fati h\u00e1z\u00e1ban ford\u00edtotta a Corneille: Cid -j\u00e9t.(Kv., 1773). \u2013 Halotti c\u00edmere a kv.-i Farkas utcai templomban. <br \/><strong>\u2013 Irod.:<\/strong> Bozac\u2013Pavel; Entz\u2013Kov\u00e1cs; Erd\u00e9lyi arcok; Erd\u00e9lyi f\u00e9niks; Halotti besz\u00e9dek; R\u00f3th: Sz\u00fcletett nyelv\u00fcnk\u00f6n, Szinnyei; Teleki S\u00e1muel peregrin\u00e1ci\u00f3s napl\u00f3ja.<\/br><\/p>\n","protected":false},"excerpt":{"rendered":"<p>? 1740, \u2020 Kv., 1792. \u00e1pr. 20. Kendilon\u00e1n temett\u00e9k el.: f\u0151isp\u00e1n, guberniumi tan\u00e1csos. \u2013 T. \u00c1d\u00e1m (1703\u20131769) \u00e9s Toroczkai Kl\u00e1ra fia. Feles\u00e9ge br. Wessel\u00e9nyi M\u00e1ria, h\u00e1zass\u00e1guknak k\u00f6sz\u00f6nhet\u0151en Kutyfalva Teleki birtok lett, majd a kendil\u00f3nai birtokos \u00e1g tulajdon\u00e1ba ker\u00fclt (\u2020 1785. aug. 21. temet\u00e9se) Le\u00e1nyuk Anna, Degenfeld-Schonburg Maximilian Miksa feles\u00e9ge. \u2013 B\u00e1zelben (1759\u201361) egy\u00fctt T. J\u00f3zseffel [&hellip;]<\/p>\n","protected":false},"featured_media":0,"comment_status":"open","ping_status":"closed","template":"","meta":[],"product_brand":[],"product_cat":[137],"product_tag":[],"class_list":{"0":"post-22769","1":"product","2":"type-product","3":"status-publish","5":"product_cat-maros-megyei-eletrajzi-lexikon","7":"first","8":"instock","9":"shipping-taxable","10":"product-type-simple"},"_links":{"self":[{"href":"https:\/\/uj.adatbank.ro\/lexikon\/wp-json\/wp\/v2\/product\/22769","targetHints":{"allow":["GET"]}}],"collection":[{"href":"https:\/\/uj.adatbank.ro\/lexikon\/wp-json\/wp\/v2\/product"}],"about":[{"href":"https:\/\/uj.adatbank.ro\/lexikon\/wp-json\/wp\/v2\/types\/product"}],"replies":[{"embeddable":true,"href":"https:\/\/uj.adatbank.ro\/lexikon\/wp-json\/wp\/v2\/comments?post=22769"}],"wp:attachment":[{"href":"https:\/\/uj.adatbank.ro\/lexikon\/wp-json\/wp\/v2\/media?parent=22769"}],"wp:term":[{"taxonomy":"product_brand","embeddable":true,"href":"https:\/\/uj.adatbank.ro\/lexikon\/wp-json\/wp\/v2\/product_brand?post=22769"},{"taxonomy":"product_cat","embeddable":true,"href":"https:\/\/uj.adatbank.ro\/lexikon\/wp-json\/wp\/v2\/product_cat?post=22769"},{"taxonomy":"product_tag","embeddable":true,"href":"https:\/\/uj.adatbank.ro\/lexikon\/wp-json\/wp\/v2\/product_tag?post=22769"}],"curies":[{"name":"wp","href":"https:\/\/api.w.org\/{rel}","templated":true}]}}

TELEKI Ádám, széki gr., ifj.

<p>? 1740, † Kv., 1792. ápr. 20. Kendilonán temették el.: főispán, guberniumi tanácsos. – T. Ádám (1703–1769) és Toroczkai Klára fia. Felesége br. Wesselényi Mária, házasságuknak köszönhetően Kutyfalva Teleki birtok lett, majd a kendilónai birtokos ág tulajdonába került († 1785. aug. 21. temetése) Leányuk Anna, Degenfeld-Schonburg Maximilian Miksa felesége. – Bázelben (1759–61) együtt T. Józseffel és Sámuellel, valamint Utrechtben jogot tanult. Doboka vm. főispánja (1775–85), kormányszéki tanácsos, több vármegye adminisztrátora. A császár aranykulcsos híve és Kővár vidéke főkapitánya volt (1765–75). II. József alatt a kv.-i kerületben királyi biztos, Belső-Szolnok és Doboka főispáni helytartója (1775–85), Kolozs, Torda és Közép-Szolnok vármegyék adminisztrátora (1785–90). A somkúti házában fordította a Corneille: Cid -jét.(Kv., 1773). – Halotti címere a kv.-i Farkas utcai templomban. <br /><strong>– Irod.:</strong> Bozac–Pavel; Entz–Kovács; Erdélyi arcok; Erdélyi féniks; Halotti beszédek; Róth: Született nyelvünkön, Szinnyei; Teleki Sámuel peregrinációs naplója.</br></p>

<p>? 1740, † Kv., 1792. ápr. 20. Kendilonán temették el.: főispán, guberniumi tanácsos. – T. Ádám (1703–1769) és Toroczkai Klára fia. Felesége br. Wesselényi Mária, házasságuknak köszönhetően Kutyfalva Teleki birtok lett, majd a kendilónai birtokos ág tulajdonába került († 1785. aug. 21. temetése) Leányuk Anna, Degenfeld-Schonburg Maximilian Miksa felesége. – Bázelben (1759–61) együtt T. Józseffel [&hellip;]</p>
