{"id":22772,"date":"2025-08-01T16:59:21","date_gmt":"2025-08-01T14:59:21","guid":{"rendered":"https:\/\/uj.adatbank.ro\/lexikon\/termek\/teleki-adam-szeki-gr-4\/"},"modified":"2025-08-01T16:59:21","modified_gmt":"2025-08-01T14:59:21","slug":"teleki-adam-szeki-gr-4","status":"publish","type":"product","link":"https:\/\/uj.adatbank.ro\/lexikon\/termek\/teleki-adam-szeki-gr-4\/","title":{"rendered":"TELEKI \u00c1d\u00e1m, sz\u00e9ki gr."},"content":{"rendered":"<p>Kv., 1900. nov. 24., \u2020 Mv., 1972. jan. 8., temetve feles\u00e9g\u00e9vel Kv-t a H\u00e1zsong\u00e1rdi temet\u0151be: f\u00f6ldbirtokos. \u2013 \u00c1d\u00e1m Ferenc (1867\u20131918) \u00e9s br. Zeyk \u00c1gnes fia. Testv\u00e9re T. K\u00e1roly. Feles\u00e9ge Kr\u00e9mer Margit sz\u00ednm\u0171v\u00e9szn\u0151. \u2013 K\u00f6z\u00e9piskolai tanulm\u00e1nyait Kv.-on, a Ref. Koll.-ban v\u00e9gezte, majd a Ref. Teol\u00f3gi\u00e1n \u00e9s a Mez\u0151gazdas\u00e1gi Akad. agr\u00e1rm\u00e9rn\u00f6ki szak\u00e1n tanult, jogot is hallgatott. A maros\u00fajv\u00e1ri birtok\u00e1n gazd\u00e1lkodott. T\u00e9gla \u00e9s Cser\u00e9pgy\u00e1ra volt (alap\u00edt\u00e1si \u00e9v 1925). Az Erd\u00e9lyi M. Gazdas\u00e1gi Egyes\u00fclet, az EMGE egyik vezet\u0151je. A kisebbs\u00e9gi k\u00f6z\u00e9letben k\u00f6zgazdas\u00e1gi \u00e9s politikai cikkeivel jelentkezett (1927). Az OMP k\u00e9pvisel\u0151jel\u00f6ltje (1939). Megszervezte az Orsz\u00e1gos M. Ipartest\u00fcletet, amelynek egy ideig eln\u00f6ke volt. Vezet\u0151 tiszts\u00e9geket t\u00f6lt\u00f6tt be az Erd\u00e9lyi Ref. Egyh\u00e1zker\u00fcletben, az EME \u00e9s az EMKE keret\u00e9ben. A Hitelt l\u00e9trehoz\u00f3fiatal \u00e9rtelmis\u00e9ghez tartozott. Az Erd\u00e9lyi Gazda f\u0151szerkeszt\u0151je (1936\u201342), az Ellenz\u00e9kben is k\u00f6z\u00f6lt szakcikkeket. Kiadta az Erd\u00e9lyi Gazda Napt\u00e1ra (1938\u201340) \u00e9s a Gazd\u00e1k zsebnapt\u00e1ra (1937) \u00e9vk\u00f6nyveket. A Teleki T\u00e9ka alap\u00edtv\u00e1nnyal is foglalkozott (1936. jan. 1.\u2013): \u201eGr. Teleki S\u00e1muel K\u00f6nyvt\u00e1r- M\u00fazeum \u00e9s Lev\u00e9lt\u00e1r Alap\u00edtv\u00e1ny\u201d els\u0151 int\u00e9z\u0151bizotts\u00e1g\u00e1nak tagja (1942). Kiss\u00e9 boh\u00e9m, a kort\u00e1rsak szerint kicsit \u201ekelek\u00f3ty\u00e1nak\u201d tartott arisztokrat\u00e1t, kit\u0171n\u0151 zongorista, aki t\u00f6bb hangversenyt is adott pl. Kiss L\u00e1szl\u00f3 k\u00f6lt\u0151vel a tordai Helikon-esten. Birtokait kisaj\u00e1t\u00edtott\u00e1k, Mv.-en \u00e9lt (1945 ut\u00e1n). Az \u00e1llamos\u00edt\u00e1s ut\u00e1n cukorgy\u00e1ri kamp\u00e1nymunk\u00e1s Mv.-en. A securitate megfigyeltette (1951. k.\u2013). M\u00e1rton \u00c1ron-perben tart\u00f3ztatt\u00e1k le (1950. febr. 17.), a buk.-i Katonai B\u00edr\u00f3s\u00e1g 10 \u00e9v neh\u00e9zb\u00f6rt\u00f6nre \u00e9s 15 \u00e9v k\u00e9nyszermunk\u00e1ra \u00edt\u00e9lte (1951. aug. 17.). H\u00e9t \u00e9v m\u00falva egy\u00e9ni kegyelemmel szabadult. Neve szerepel a rend\u0151rs\u00e9gi jelent\u00e9sben \u201eaz erd\u00e9lyi reakci\u00f3s m. nemess\u00e9g\u201d k\u00e9pvisel\u0151jek\u00e9nt. Kv.-on kapcsolatot teremtett az angol misszi\u00f3val, t\u00e1j\u00e9koztatta Reuben H. Markham amerikai \u00fajs\u00e1g\u00edr\u00f3t az erd\u00e9lyi magyars\u00e1g helyzet\u00e9r\u0151l. Egy\u00e9ni kegyelemmel szabadult a b\u00f6rt\u00f6nb\u0151l (1955). M\u00e1sodszor is letart\u00f3ztatt\u00e1k (1961. \u00e1prilis 29.), a n\u00e9pi demokratikus t\u00e1rsadalmi rend elleni szervezked\u00e9s v\u00e1dj\u00e1val \u00e1ll\u00edtotta b\u00edr\u00f3s\u00e1g el\u00e9, A v\u00e1d szerint kapcsolatba l\u00e9pett B\u00fckk\u00f6si Gy\u00f6rggyel \u00e9s Sipos J\u00e1nossal (1960), akikkel rendszer elleni besz\u00e9lget\u00e9seket folytatott, irredenta \u00e9nekeket \u00e9nekelt, hallgatta a Szabad Eur\u00f3pa r\u00e1di\u00f3t. A kegyelmi t\u00f6rv\u00e9nnyel szabadult (1964). <br \/><strong>\u2013 Irod.:<\/strong> 1956 Erd\u00e9lyben; \u00c1ldozatok; Auton\u00f3m magyarok; B\u00e1nffy \u2013 Marosi; Bartos 2012; Bicsok\u2013Orb\u00e1n; Bottoni 2006; EBKL; Gudenus; Id\u0151t\u00e1r 3; L\u0151wy 2013; Marosi-KZST; Mik\u00f3; Mv. Molter; Osv\u00e1th; Sas P\u00e9ter, Teleki T\u00e9ka; T\u00f3falvi Zolt\u00e1n: Az \u00e9rmih\u00e1lyfalvi csoport pere (II. r\u00e9sz) (Sz\u00e9kelyf\u00f6ld, 7. sz., 2007. j\u00fal.); Vincze G\u00e1bor: A M\u00e1rton \u00c1ron-per t\u00f6rt\u00e9net\u00e9r\u0151l (Sz\u00e9kelyf\u00f6ld, 1999, 11. sz.).<\/br><\/p>\n","protected":false},"excerpt":{"rendered":"<p>Kv., 1900. nov. 24., \u2020 Mv., 1972. jan. 8., temetve feles\u00e9g\u00e9vel Kv-t a H\u00e1zsong\u00e1rdi temet\u0151be: f\u00f6ldbirtokos. \u2013 \u00c1d\u00e1m Ferenc (1867\u20131918) \u00e9s br. Zeyk \u00c1gnes fia. Testv\u00e9re T. K\u00e1roly. Feles\u00e9ge Kr\u00e9mer Margit sz\u00ednm\u0171v\u00e9szn\u0151. \u2013 K\u00f6z\u00e9piskolai tanulm\u00e1nyait Kv.-on, a Ref. Koll.-ban v\u00e9gezte, majd a Ref. Teol\u00f3gi\u00e1n \u00e9s a Mez\u0151gazdas\u00e1gi Akad. agr\u00e1rm\u00e9rn\u00f6ki szak\u00e1n tanult, jogot is hallgatott. A [&hellip;]<\/p>\n","protected":false},"featured_media":0,"comment_status":"open","ping_status":"closed","template":"","meta":[],"product_brand":[],"product_cat":[137],"product_tag":[],"class_list":{"0":"post-22772","1":"product","2":"type-product","3":"status-publish","5":"product_cat-maros-megyei-eletrajzi-lexikon","7":"first","8":"instock","9":"shipping-taxable","10":"product-type-simple"},"_links":{"self":[{"href":"https:\/\/uj.adatbank.ro\/lexikon\/wp-json\/wp\/v2\/product\/22772","targetHints":{"allow":["GET"]}}],"collection":[{"href":"https:\/\/uj.adatbank.ro\/lexikon\/wp-json\/wp\/v2\/product"}],"about":[{"href":"https:\/\/uj.adatbank.ro\/lexikon\/wp-json\/wp\/v2\/types\/product"}],"replies":[{"embeddable":true,"href":"https:\/\/uj.adatbank.ro\/lexikon\/wp-json\/wp\/v2\/comments?post=22772"}],"wp:attachment":[{"href":"https:\/\/uj.adatbank.ro\/lexikon\/wp-json\/wp\/v2\/media?parent=22772"}],"wp:term":[{"taxonomy":"product_brand","embeddable":true,"href":"https:\/\/uj.adatbank.ro\/lexikon\/wp-json\/wp\/v2\/product_brand?post=22772"},{"taxonomy":"product_cat","embeddable":true,"href":"https:\/\/uj.adatbank.ro\/lexikon\/wp-json\/wp\/v2\/product_cat?post=22772"},{"taxonomy":"product_tag","embeddable":true,"href":"https:\/\/uj.adatbank.ro\/lexikon\/wp-json\/wp\/v2\/product_tag?post=22772"}],"curies":[{"name":"wp","href":"https:\/\/api.w.org\/{rel}","templated":true}]}}

TELEKI Ádám, széki gr.

<p>Kv., 1900. nov. 24., † Mv., 1972. jan. 8., temetve feleségével Kv-t a Házsongárdi temetőbe: földbirtokos. – Ádám Ferenc (1867–1918) és br. Zeyk Ágnes fia. Testvére T. Károly. Felesége Krémer Margit színművésznő. – Középiskolai tanulmányait Kv.-on, a Ref. Koll.-ban végezte, majd a Ref. Teológián és a Mezőgazdasági Akad. agrármérnöki szakán tanult, jogot is hallgatott. A marosújvári birtokán gazdálkodott. Tégla és Cserépgyára volt (alapítási év 1925). Az Erdélyi M. Gazdasági Egyesület, az EMGE egyik vezetője. A kisebbségi közéletben közgazdasági és politikai cikkeivel jelentkezett (1927). Az OMP képviselőjelöltje (1939). Megszervezte az Országos M. Ipartestületet, amelynek egy ideig elnöke volt. Vezető tisztségeket töltött be az Erdélyi Ref. Egyházkerületben, az EME és az EMKE keretében. A Hitelt létrehozófiatal értelmiséghez tartozott. Az Erdélyi Gazda főszerkesztője (1936–42), az Ellenzékben is közölt szakcikkeket. Kiadta az Erdélyi Gazda Naptára (1938–40) és a Gazdák zsebnaptára (1937) évkönyveket. A Teleki Téka alapítvánnyal is foglalkozott (1936. jan. 1.–): „Gr. Teleki Sámuel Könyvtár- Múzeum és Levéltár Alapítvány” első intézőbizottságának tagja (1942). Kissé bohém, a kortársak szerint kicsit „kelekótyának” tartott arisztokratát, kitűnő zongorista, aki több hangversenyt is adott pl. Kiss László költővel a tordai Helikon-esten. Birtokait kisajátították, Mv.-en élt (1945 után). Az államosítás után cukorgyári kampánymunkás Mv.-en. A securitate megfigyeltette (1951. k.–). Márton Áron-perben tartóztatták le (1950. febr. 17.), a buk.-i Katonai Bíróság 10 év nehézbörtönre és 15 év kényszermunkára ítélte (1951. aug. 17.). Hét év múlva egyéni kegyelemmel szabadult. Neve szerepel a rendőrségi jelentésben „az erdélyi reakciós m. nemesség” képviselőjeként. Kv.-on kapcsolatot teremtett az angol misszióval, tájékoztatta Reuben H. Markham amerikai újságírót az erdélyi magyarság helyzetéről. Egyéni kegyelemmel szabadult a börtönből (1955). Másodszor is letartóztatták (1961. április 29.), a népi demokratikus társadalmi rend elleni szervezkedés vádjával állította bíróság elé, A vád szerint kapcsolatba lépett Bükkösi Györggyel és Sipos Jánossal (1960), akikkel rendszer elleni beszélgetéseket folytatott, irredenta énekeket énekelt, hallgatta a Szabad Európa rádiót. A kegyelmi törvénnyel szabadult (1964). <br /><strong>– Irod.:</strong> 1956 Erdélyben; Áldozatok; Autonóm magyarok; Bánffy – Marosi; Bartos 2012; Bicsok–Orbán; Bottoni 2006; EBKL; Gudenus; Időtár 3; Lőwy 2013; Marosi-KZST; Mikó; Mv. Molter; Osváth; Sas Péter, Teleki Téka; Tófalvi Zoltán: Az érmihályfalvi csoport pere (II. rész) (Székelyföld, 7. sz., 2007. júl.); Vincze Gábor: A Márton Áron-per történetéről (Székelyföld, 1999, 11. sz.).</br></p>

<p>Kv., 1900. nov. 24., † Mv., 1972. jan. 8., temetve feleségével Kv-t a Házsongárdi temetőbe: földbirtokos. – Ádám Ferenc (1867–1918) és br. Zeyk Ágnes fia. Testvére T. Károly. Felesége Krémer Margit színművésznő. – Középiskolai tanulmányait Kv.-on, a Ref. Koll.-ban végezte, majd a Ref. Teológián és a Mezőgazdasági Akad. agrármérnöki szakán tanult, jogot is hallgatott. A [&hellip;]</p>
