{"id":22773,"date":"2025-08-01T16:59:23","date_gmt":"2025-08-01T14:59:23","guid":{"rendered":"https:\/\/uj.adatbank.ro\/lexikon\/termek\/teleki-adam-ferenc-%c2%a7-szeki-gr\/"},"modified":"2025-08-01T16:59:23","modified_gmt":"2025-08-01T14:59:23","slug":"teleki-adam-ferenc-%c2%a7-szeki-gr","status":"publish","type":"product","link":"https:\/\/uj.adatbank.ro\/lexikon\/termek\/teleki-adam-ferenc-%c2%a7-szeki-gr\/","title":{"rendered":"TELEKI \u00c1d\u00e1m Ferenc, \u00a7 sz\u00e9ki gr."},"content":{"rendered":"<p>Kv., 1867. dec. 27., \u2020 Kv., 1918. nov. 5.: f\u00f6ldbirtokos. \u2013 K\u00e1roly (1836\u20131912) \u00e9s gr. Mik\u00f3 M\u00e1ria fia. Feles\u00e9ge: zeykfalvi br. Zeyk \u00c1gnes (S\u00e1romberke, 1878. j\u00fan. 10. \u2013 G\u00f6d\u00f6ll\u0151, 1977. j\u00fan. 6.). Fiai: K\u00e1roly, \u00c1d\u00e1m, J\u00f3zsef. A f\u0151rendh\u00e1z \u00f6r\u00f6k\u00f6s tagja, Szepes vm. f\u0151isp\u00e1nja. Maros\u00fajv\u00e1ri f\u00f6ldbirtokos, a kast\u00e9ly tulajdonosa, amit nagyapj\u00e1t\u00f3l gr. Mik\u00f3 Imr\u00e9t\u0151l \u00f6r\u00f6k\u00f6lt. Birtokai voltak Maros-Torda vm.-ben is. Marosludason volt k\u00f6z\u00e9pbirtoka, Mez\u0151nyulason udvarh\u00e1zat \u00e9p\u00edttetett. Szolg\u00e1laton k\u00edv\u00fcli viszonybeli tiszt, besorozt\u00e1k (1889), a 70. honv\u00e9d gyaloghadoszt\u00e1ly parancsnoks\u00e1g\u00e1n\u00e1l a bevonul\u00e1st\u00f3l felmentve (1914. nov. 1.). Az I. vh. ut\u00e1ni f\u00f6ldreform k\u00f6vetkezt\u00e9ben eladta a bels\u0151s\u00e9gekkel egy\u00fctt Hosu ortodox papnak. A Mv.-i Ref. Koll. \u00e9s a Teleki T\u00e9ka kur\u00e1tora (1903\u201318), a koll. tervezett \u00e9p\u00edtkez\u00e9seihez anyagilag is hozz\u00e1j\u00e1rult. A Johannita-rend tiszteleti lovagja (1917\u201318). <br \/><strong>\u2013 Irod.:<\/strong> \u00c1goston Albert: Alkot\u00e1sainkra, \u00e9rt\u00e9keinkre eml\u00e9kezve (N\u00fa., 1993. dec. 14.); Bicsok\u2013Orb\u00e1n; Keresztes 1995; Keresztes Gyula: \u00d6r\u00f6ks\u00e9g\u00fcnk 61.: A Mez\u0151s\u00e9g udvarh\u00e1zai (N\u00fa., 1994. aug. 5.); Koszta; L\u0151wy 2013; M. Johannita csal\u00e1dt\u00f6rt; Sebesty\u00e9n; Szekeres Ad\u00e9l: A marosludasi Bels\u0151-telep r\u00f6vid t\u00f6rt\u00e9nete (N\u00fa., 1997. j\u00fan. 24.); Teleki T\u00e9ka.<\/br><\/p>\n","protected":false},"excerpt":{"rendered":"<p>Kv., 1867. dec. 27., \u2020 Kv., 1918. nov. 5.: f\u00f6ldbirtokos. \u2013 K\u00e1roly (1836\u20131912) \u00e9s gr. Mik\u00f3 M\u00e1ria fia. Feles\u00e9ge: zeykfalvi br. Zeyk \u00c1gnes (S\u00e1romberke, 1878. j\u00fan. 10. \u2013 G\u00f6d\u00f6ll\u0151, 1977. j\u00fan. 6.). Fiai: K\u00e1roly, \u00c1d\u00e1m, J\u00f3zsef. A f\u0151rendh\u00e1z \u00f6r\u00f6k\u00f6s tagja, Szepes vm. f\u0151isp\u00e1nja. Maros\u00fajv\u00e1ri f\u00f6ldbirtokos, a kast\u00e9ly tulajdonosa, amit nagyapj\u00e1t\u00f3l gr. Mik\u00f3 Imr\u00e9t\u0151l \u00f6r\u00f6k\u00f6lt. Birtokai [&hellip;]<\/p>\n","protected":false},"featured_media":0,"comment_status":"open","ping_status":"closed","template":"","meta":[],"product_brand":[],"product_cat":[137],"product_tag":[],"class_list":{"0":"post-22773","1":"product","2":"type-product","3":"status-publish","5":"product_cat-maros-megyei-eletrajzi-lexikon","7":"first","8":"instock","9":"shipping-taxable","10":"product-type-simple"},"_links":{"self":[{"href":"https:\/\/uj.adatbank.ro\/lexikon\/wp-json\/wp\/v2\/product\/22773","targetHints":{"allow":["GET"]}}],"collection":[{"href":"https:\/\/uj.adatbank.ro\/lexikon\/wp-json\/wp\/v2\/product"}],"about":[{"href":"https:\/\/uj.adatbank.ro\/lexikon\/wp-json\/wp\/v2\/types\/product"}],"replies":[{"embeddable":true,"href":"https:\/\/uj.adatbank.ro\/lexikon\/wp-json\/wp\/v2\/comments?post=22773"}],"wp:attachment":[{"href":"https:\/\/uj.adatbank.ro\/lexikon\/wp-json\/wp\/v2\/media?parent=22773"}],"wp:term":[{"taxonomy":"product_brand","embeddable":true,"href":"https:\/\/uj.adatbank.ro\/lexikon\/wp-json\/wp\/v2\/product_brand?post=22773"},{"taxonomy":"product_cat","embeddable":true,"href":"https:\/\/uj.adatbank.ro\/lexikon\/wp-json\/wp\/v2\/product_cat?post=22773"},{"taxonomy":"product_tag","embeddable":true,"href":"https:\/\/uj.adatbank.ro\/lexikon\/wp-json\/wp\/v2\/product_tag?post=22773"}],"curies":[{"name":"wp","href":"https:\/\/api.w.org\/{rel}","templated":true}]}}

TELEKI Ádám Ferenc, § széki gr.

<p>Kv., 1867. dec. 27., † Kv., 1918. nov. 5.: földbirtokos. – Károly (1836–1912) és gr. Mikó Mária fia. Felesége: zeykfalvi br. Zeyk Ágnes (Sáromberke, 1878. jún. 10. – Gödöllő, 1977. jún. 6.). Fiai: Károly, Ádám, József. A főrendház örökös tagja, Szepes vm. főispánja. Marosújvári földbirtokos, a kastély tulajdonosa, amit nagyapjától gr. Mikó Imrétől örökölt. Birtokai voltak Maros-Torda vm.-ben is. Marosludason volt középbirtoka, Mezőnyulason udvarházat építtetett. Szolgálaton kívüli viszonybeli tiszt, besorozták (1889), a 70. honvéd gyaloghadosztály parancsnokságánál a bevonulástól felmentve (1914. nov. 1.). Az I. vh. utáni földreform következtében eladta a belsőségekkel együtt Hosu ortodox papnak. A Mv.-i Ref. Koll. és a Teleki Téka kurátora (1903–18), a koll. tervezett építkezéseihez anyagilag is hozzájárult. A Johannita-rend tiszteleti lovagja (1917–18). <br /><strong>– Irod.:</strong> Ágoston Albert: Alkotásainkra, értékeinkre emlékezve (Nú., 1993. dec. 14.); Bicsok–Orbán; Keresztes 1995; Keresztes Gyula: Örökségünk 61.: A Mezőség udvarházai (Nú., 1994. aug. 5.); Koszta; Lőwy 2013; M. Johannita családtört; Sebestyén; Szekeres Adél: A marosludasi Belső-telep rövid története (Nú., 1997. jún. 24.); Teleki Téka.</br></p>

<p>Kv., 1867. dec. 27., † Kv., 1918. nov. 5.: földbirtokos. – Károly (1836–1912) és gr. Mikó Mária fia. Felesége: zeykfalvi br. Zeyk Ágnes (Sáromberke, 1878. jún. 10. – Gödöllő, 1977. jún. 6.). Fiai: Károly, Ádám, József. A főrendház örökös tagja, Szepes vm. főispánja. Marosújvári földbirtokos, a kastély tulajdonosa, amit nagyapjától gr. Mikó Imrétől örökölt. Birtokai [&hellip;]</p>
