{"id":22777,"date":"2025-08-01T16:59:34","date_gmt":"2025-08-01T14:59:34","guid":{"rendered":"https:\/\/uj.adatbank.ro\/lexikon\/termek\/teleki-anna-szeki-gr-apaffi-miklosne-kemeny-janosne\/"},"modified":"2025-08-01T16:59:34","modified_gmt":"2025-08-01T14:59:34","slug":"teleki-anna-szeki-gr-apaffi-miklosne-kemeny-janosne","status":"publish","type":"product","link":"https:\/\/uj.adatbank.ro\/lexikon\/termek\/teleki-anna-szeki-gr-apaffi-miklosne-kemeny-janosne\/","title":{"rendered":"TELEKI Anna, sz\u00e9ki gr; Apaffi Mikl\u00f3sn\u00e9; Kem\u00e9ny J\u00e1nosn\u00e9"},"content":{"rendered":"<p>1661 dec. \u2020 1720.: birtokos. \u2013 Teleki Mih\u00e1ly \u00e9s Ve\u00e9r Judit legnagyobb l\u00e1nya. Apafi Mikl\u00f3shoz, a fejedelem unoka\u00f6ccs\u00e9hez ment f\u00e9rjhez (1676), meg\u00f6zvegy\u00fclt (\u2020 1679) \u00e9s Kem\u00e9ny Simon fi\u00e1hoz, Kem\u00e9ny J\u00e1noshoz ment n\u0151\u00fcl. <br \/><strong>\u2013 Irod.:<\/strong> Gyallay; Magyar h\u00f6lgyek levelei (Bp., 1879); Mo. k\u00f6zgazdas\u00e1gi \u00e9s k\u00f6zm\u0171vel\u0151d\u00e9si \u00e1llapota ezer\u00e9ves fenn\u00e1ll\u00e1sakor \u00e9s az 1896. \u00e9vi ezred\u00e9ves ki\u00e1ll\u00edt\u00e1s eredm\u00e9nye (Bp., 1897\u201398); Tab\u00e9ry G\u00e9za: Eml\u00e9kk\u00f6nyv (Kv., 1930); Teleki Mih\u00e1ly udvartart\u00e1si napl\u00f3ja (1673\u20131681) (Kv., 2007).<\/br><\/p>\n","protected":false},"excerpt":{"rendered":"<p>1661 dec. \u2020 1720.: birtokos. \u2013 Teleki Mih\u00e1ly \u00e9s Ve\u00e9r Judit legnagyobb l\u00e1nya. Apafi Mikl\u00f3shoz, a fejedelem unoka\u00f6ccs\u00e9hez ment f\u00e9rjhez (1676), meg\u00f6zvegy\u00fclt (\u2020 1679) \u00e9s Kem\u00e9ny Simon fi\u00e1hoz, Kem\u00e9ny J\u00e1noshoz ment n\u0151\u00fcl. \u2013 Irod.: Gyallay; Magyar h\u00f6lgyek levelei (Bp., 1879); Mo. k\u00f6zgazdas\u00e1gi \u00e9s k\u00f6zm\u0171vel\u0151d\u00e9si \u00e1llapota ezer\u00e9ves fenn\u00e1ll\u00e1sakor \u00e9s az 1896. \u00e9vi ezred\u00e9ves ki\u00e1ll\u00edt\u00e1s eredm\u00e9nye (Bp., [&hellip;]<\/p>\n","protected":false},"featured_media":0,"comment_status":"open","ping_status":"closed","template":"","meta":[],"product_brand":[],"product_cat":[137],"product_tag":[],"class_list":{"0":"post-22777","1":"product","2":"type-product","3":"status-publish","5":"product_cat-maros-megyei-eletrajzi-lexikon","7":"first","8":"instock","9":"shipping-taxable","10":"product-type-simple"},"_links":{"self":[{"href":"https:\/\/uj.adatbank.ro\/lexikon\/wp-json\/wp\/v2\/product\/22777","targetHints":{"allow":["GET"]}}],"collection":[{"href":"https:\/\/uj.adatbank.ro\/lexikon\/wp-json\/wp\/v2\/product"}],"about":[{"href":"https:\/\/uj.adatbank.ro\/lexikon\/wp-json\/wp\/v2\/types\/product"}],"replies":[{"embeddable":true,"href":"https:\/\/uj.adatbank.ro\/lexikon\/wp-json\/wp\/v2\/comments?post=22777"}],"wp:attachment":[{"href":"https:\/\/uj.adatbank.ro\/lexikon\/wp-json\/wp\/v2\/media?parent=22777"}],"wp:term":[{"taxonomy":"product_brand","embeddable":true,"href":"https:\/\/uj.adatbank.ro\/lexikon\/wp-json\/wp\/v2\/product_brand?post=22777"},{"taxonomy":"product_cat","embeddable":true,"href":"https:\/\/uj.adatbank.ro\/lexikon\/wp-json\/wp\/v2\/product_cat?post=22777"},{"taxonomy":"product_tag","embeddable":true,"href":"https:\/\/uj.adatbank.ro\/lexikon\/wp-json\/wp\/v2\/product_tag?post=22777"}],"curies":[{"name":"wp","href":"https:\/\/api.w.org\/{rel}","templated":true}]}}

TELEKI Anna, széki gr; Apaffi Miklósné; Kemény Jánosné

<p>1661 dec. † 1720.: birtokos. – Teleki Mihály és Veér Judit legnagyobb lánya. Apafi Miklóshoz, a fejedelem unokaöccséhez ment férjhez (1676), megözvegyült († 1679) és Kemény Simon fiához, Kemény Jánoshoz ment nőül. <br /><strong>– Irod.:</strong> Gyallay; Magyar hölgyek levelei (Bp., 1879); Mo. közgazdasági és közművelődési állapota ezeréves fennállásakor és az 1896. évi ezredéves kiállítás eredménye (Bp., 1897–98); Tabéry Géza: Emlékkönyv (Kv., 1930); Teleki Mihály udvartartási naplója (1673–1681) (Kv., 2007).</br></p>

<p>1661 dec. † 1720.: birtokos. – Teleki Mihály és Veér Judit legnagyobb lánya. Apafi Miklóshoz, a fejedelem unokaöccséhez ment férjhez (1676), megözvegyült († 1679) és Kemény Simon fiához, Kemény Jánoshoz ment nőül. – Irod.: Gyallay; Magyar hölgyek levelei (Bp., 1879); Mo. közgazdasági és közművelődési állapota ezeréves fennállásakor és az 1896. évi ezredéves kiállítás eredménye (Bp., [&hellip;]</p>
