{"id":22780,"date":"2025-08-01T16:59:41","date_gmt":"2025-08-01T14:59:41","guid":{"rendered":"https:\/\/uj.adatbank.ro\/lexikon\/termek\/teleki-arctur-szeki-gr-teleki-arthur-teleki-artur\/"},"modified":"2025-08-01T16:59:41","modified_gmt":"2025-08-01T14:59:41","slug":"teleki-arctur-szeki-gr-teleki-arthur-teleki-artur","status":"publish","type":"product","link":"https:\/\/uj.adatbank.ro\/lexikon\/termek\/teleki-arctur-szeki-gr-teleki-arthur-teleki-artur\/","title":{"rendered":"TELEKI Arct\u00far, sz\u00e9ki gr., Teleki Arth\u00far; Teleki Art\u00far"},"content":{"rendered":"<p>Bp., 1873. aug. 26., \u2020 Mv., 1959. j\u00fal. 23., temetve Tancson egy a kast\u00e9ly k\u00f6zeli kis feny\u0151erd\u0151ben: nagybirtokos, k\u00e9pvisel\u0151, mez\u0151gazd\u00e1sz. \u2013 Guszt\u00e1v Adolf \u00e9s nagyk\u00e1ll\u00f3i K\u00e1llay Gemma fia. Beceneve: Dudu. Feles\u00e9ge: hadadi br. Wessel\u00e9nyi Ilona (Zsib\u00f3, 1877. aug. 14.\u2013 Mv., 1959. febr. 6.), W. B\u00e9la (1847\u20131904) \u00e9s D\u2019Aubein Franciska le\u00e1nya. Esk\u00fcv\u0151 Zsib\u00f3n volt (1898. j\u00fal. 31.). Gyermekei: B\u00e9la (1899\u20131990), Ilona (1901\u20131993), Margit (1904\u20131990), Gemma (1908\u20132001). \u2013 Angli\u00e1ban v\u00e9gezte tanulm\u00e1nyait. Erd\u00e9lyi Kereskedelmi \u00e9s Hitelbank igazgat\u00f3s\u00e1gi tagja (1924). Az OMP megyei tagozat\u00e1nak t\u00e1rseln\u00f6ke (1924), szen\u00e1tor (1926\u2013). A Mv.-i \u00e9s Vid\u00e9ke Cukorgy\u00e1r Rt igazgat\u00f3tan\u00e1cs\u00e1nak tagja (1940). Az Erd\u00e9lyi P\u00e1rt mv.-i eln\u00f6ke (1942). A ref. egyh\u00e1z patr\u00f3nusa, az eg\u00e9sz erd\u00e9lyi egyh\u00e1zker\u00fcletnek f\u0151gondnoka. \u00d3ri\u00e1si birtokai voltak (3600 hold), sz\u00e1nt\u00f3f\u00f6ldek, legel\u0151k \u00e9s erd\u0151k, amelyekb\u0151l az agr\u00e1rreform alkalm\u00e1val 464 holdat kisaj\u00e1t\u00edtottak, \u00e9s sz\u00e9tosztott\u00e1k Mez\u0151szokol lakosai k\u00f6z\u00f6tt, a g. kat. templom, az iskola \u00e9s k\u00f6zhaszn\u00fa \u00e9p\u00fcletek emel\u00e9s\u00e9re (iskola kert, tan\u00edt\u00f3i kert, h\u00e1zhelyek, sportp\u00e1lya, stb., 1921). Mez\u0151szokolban, Tancson, Tek\u00e9ben, F\u00fclp\u00f6s\u00f6n \u00e9s m\u00e1s h\u00e1rom marosi faluban, valamint Zsib\u00f3n voltak birtokai, m\u00e9nese, az utols\u00f3 zsuki falkanagy volt. Tancson udvarh\u00e1za \u00e9s malma volt (alap\u00edtva 1906), melynek kapacit\u00e1sa napi egy vagon gabona meg\u0151rl\u00e9se \u00e9s 500 l olaj kipr\u00e9sel\u00e9se, hat alkalmazottal. A malmot le\u00e1nya adta \u00e1t az \u00e1llamos\u00edt\u00f3 bizotts\u00e1gnak (1948), ma is m\u0171k\u00f6dik. Az udvarh\u00e1zat lebontott\u00e1k. A maross\u00e1rpataki fels\u0151 kast\u00e9lyt eladt\u00e1k Mircea Vaida-Voievod parlamenti k\u00e9pvisel\u0151nek (1935). Mv.-en volt a k\u00e9nyszerlakhelye (1949\u2013), az itt k\u00e9nyszerlakhelyen \u00e9l\u0151 volt m. f\u00f6ldbirtokosok k\u00e9t nagyobb csoportba t\u00f6m\u00f6r\u00fcltek \u00e9s heti gyakoris\u00e1ggal tal\u00e1lkoztak. Az egyik csoport vezet\u0151je Rozsnyai Gy\u00f6rgy volt, ebbe tartozott. Napsz\u00e1mosmunk\u00e1t v\u00e9gzett. Tanulm\u00e1nyt \u00edrt a h\u00e1tas- \u00e9s fogatlovak nevel\u00e9s\u00e9r\u0151l (k\u00e9zirata kiad\u00e1sra v\u00e1r). <br \/><strong>\u2013 Irod.:<\/strong> Bern\u00e1dy; Gudenus; Halotti besz\u00e9dek; Id\u0151t\u00e1r 3; Kem\u00e9ny J\u00e1nosn\u00e9; Keresztes 1995; L\u0151wy 2013; Mik\u00f3; Nagy Lajos: Mindenre van er\u0151m a Krisztusban (Mv., 2005.); Pan\u0103; Socolul de C\u00e2mpie; Teleki \u00c9va: T\u00f6lgy \u00e9s repk\u00e9ny.<\/br><\/p>\n","protected":false},"excerpt":{"rendered":"<p>Bp., 1873. aug. 26., \u2020 Mv., 1959. j\u00fal. 23., temetve Tancson egy a kast\u00e9ly k\u00f6zeli kis feny\u0151erd\u0151ben: nagybirtokos, k\u00e9pvisel\u0151, mez\u0151gazd\u00e1sz. \u2013 Guszt\u00e1v Adolf \u00e9s nagyk\u00e1ll\u00f3i K\u00e1llay Gemma fia. Beceneve: Dudu. Feles\u00e9ge: hadadi br. Wessel\u00e9nyi Ilona (Zsib\u00f3, 1877. aug. 14.\u2013 Mv., 1959. febr. 6.), W. B\u00e9la (1847\u20131904) \u00e9s D\u2019Aubein Franciska le\u00e1nya. Esk\u00fcv\u0151 Zsib\u00f3n volt (1898. j\u00fal. [&hellip;]<\/p>\n","protected":false},"featured_media":0,"comment_status":"open","ping_status":"closed","template":"","meta":[],"product_brand":[],"product_cat":[137],"product_tag":[],"class_list":{"0":"post-22780","1":"product","2":"type-product","3":"status-publish","5":"product_cat-maros-megyei-eletrajzi-lexikon","7":"first","8":"instock","9":"shipping-taxable","10":"product-type-simple"},"_links":{"self":[{"href":"https:\/\/uj.adatbank.ro\/lexikon\/wp-json\/wp\/v2\/product\/22780","targetHints":{"allow":["GET"]}}],"collection":[{"href":"https:\/\/uj.adatbank.ro\/lexikon\/wp-json\/wp\/v2\/product"}],"about":[{"href":"https:\/\/uj.adatbank.ro\/lexikon\/wp-json\/wp\/v2\/types\/product"}],"replies":[{"embeddable":true,"href":"https:\/\/uj.adatbank.ro\/lexikon\/wp-json\/wp\/v2\/comments?post=22780"}],"wp:attachment":[{"href":"https:\/\/uj.adatbank.ro\/lexikon\/wp-json\/wp\/v2\/media?parent=22780"}],"wp:term":[{"taxonomy":"product_brand","embeddable":true,"href":"https:\/\/uj.adatbank.ro\/lexikon\/wp-json\/wp\/v2\/product_brand?post=22780"},{"taxonomy":"product_cat","embeddable":true,"href":"https:\/\/uj.adatbank.ro\/lexikon\/wp-json\/wp\/v2\/product_cat?post=22780"},{"taxonomy":"product_tag","embeddable":true,"href":"https:\/\/uj.adatbank.ro\/lexikon\/wp-json\/wp\/v2\/product_tag?post=22780"}],"curies":[{"name":"wp","href":"https:\/\/api.w.org\/{rel}","templated":true}]}}