{"id":22782,"date":"2025-08-01T16:59:47","date_gmt":"2025-08-01T14:59:47","guid":{"rendered":"https:\/\/uj.adatbank.ro\/lexikon\/termek\/teleki-bela-szeki-gr\/"},"modified":"2025-08-01T16:59:47","modified_gmt":"2025-08-01T14:59:47","slug":"teleki-bela-szeki-gr","status":"publish","type":"product","link":"https:\/\/uj.adatbank.ro\/lexikon\/termek\/teleki-bela-szeki-gr\/","title":{"rendered":"TELEKI B\u00e9la, sz\u00e9ki gr."},"content":{"rendered":"<p>Kv., 1899 m\u00e1j. 16., \u2020 New York, 1990. febr. 7.: f\u00f6ldbirtokos, bankvez\u00e9r, k\u00e9pvisel\u0151. \u2013 Arctur fia. Az EGE \u00e9s a MP vezet\u0151je, az Erd\u00e9lyi Kereskedelmi \u00e9s Hitelbank igazgat\u00f3s\u00e1gi tagja. Az EMGE \u00e9s az Erd\u00e9lyi P\u00e1rt eln\u00f6ke (1941\u2013). A maross\u00e1rpataki fels\u0151 kast\u00e9ly \u00e9s birtok \u00f6r\u00f6k\u00f6se, amelyet eladott Mircea Vaida-Voevodnak (1933).\u2013  <strong>F. m..:<\/strong> El\u0151sz\u00f3: Erd\u00e9lyi k\u00e9rd\u00e9sek \u2013 magyar k\u00e9rd\u00e9sek (Kv., 1943). <br \/><strong>\u2013 Irod.:<\/strong> Aranykorszak; Berekm\u00e9ri\u2013G\u00e1lfi; Bicsok\u2013Orb\u00e1n; EM, Gudenus; Nagy Iv\u00e1n; Sz\u00e1sz Istv\u00e1n Tas: Pillant\u00e1s az Erd\u00e9lyi Magyar Gazdas\u00e1gi Egyes\u00fclet utols\u00f3 \u00e9veire (Korunk, 2012, 11. sz.); Mur\u00e1din J\u00e1nos Krist\u00f3f: \u201eA\u2019kis magyar vil\u00e1g\u201d politikai keresztmetszete. Az Erd\u00e9lyi P\u00e1rt Maros-Torda v\u00e1rmegyei \u00e9s marosv\u00e1s\u00e1rhelyi v\u00e1rosi szervezete 1940 \u00e9s 1944 k\u00f6z\u00f6tt = Maros megyei t\u00f6rt; V\u00e9gh J\u00f3zsef: Erd\u00e9ly a magyar k\u00e9pvisel\u0151h\u00e1zban (Kv., 1942\u201343).<\/br><\/p>\n","protected":false},"excerpt":{"rendered":"<p>Kv., 1899 m\u00e1j. 16., \u2020 New York, 1990. febr. 7.: f\u00f6ldbirtokos, bankvez\u00e9r, k\u00e9pvisel\u0151. \u2013 Arctur fia. Az EGE \u00e9s a MP vezet\u0151je, az Erd\u00e9lyi Kereskedelmi \u00e9s Hitelbank igazgat\u00f3s\u00e1gi tagja. Az EMGE \u00e9s az Erd\u00e9lyi P\u00e1rt eln\u00f6ke (1941\u2013). A maross\u00e1rpataki fels\u0151 kast\u00e9ly \u00e9s birtok \u00f6r\u00f6k\u00f6se, amelyet eladott Mircea Vaida-Voevodnak (1933).\u2013 F. m..: El\u0151sz\u00f3: Erd\u00e9lyi k\u00e9rd\u00e9sek \u2013 [&hellip;]<\/p>\n","protected":false},"featured_media":0,"comment_status":"open","ping_status":"closed","template":"","meta":[],"product_brand":[],"product_cat":[137],"product_tag":[],"class_list":{"0":"post-22782","1":"product","2":"type-product","3":"status-publish","5":"product_cat-maros-megyei-eletrajzi-lexikon","7":"first","8":"instock","9":"shipping-taxable","10":"product-type-simple"},"_links":{"self":[{"href":"https:\/\/uj.adatbank.ro\/lexikon\/wp-json\/wp\/v2\/product\/22782","targetHints":{"allow":["GET"]}}],"collection":[{"href":"https:\/\/uj.adatbank.ro\/lexikon\/wp-json\/wp\/v2\/product"}],"about":[{"href":"https:\/\/uj.adatbank.ro\/lexikon\/wp-json\/wp\/v2\/types\/product"}],"replies":[{"embeddable":true,"href":"https:\/\/uj.adatbank.ro\/lexikon\/wp-json\/wp\/v2\/comments?post=22782"}],"wp:attachment":[{"href":"https:\/\/uj.adatbank.ro\/lexikon\/wp-json\/wp\/v2\/media?parent=22782"}],"wp:term":[{"taxonomy":"product_brand","embeddable":true,"href":"https:\/\/uj.adatbank.ro\/lexikon\/wp-json\/wp\/v2\/product_brand?post=22782"},{"taxonomy":"product_cat","embeddable":true,"href":"https:\/\/uj.adatbank.ro\/lexikon\/wp-json\/wp\/v2\/product_cat?post=22782"},{"taxonomy":"product_tag","embeddable":true,"href":"https:\/\/uj.adatbank.ro\/lexikon\/wp-json\/wp\/v2\/product_tag?post=22782"}],"curies":[{"name":"wp","href":"https:\/\/api.w.org\/{rel}","templated":true}]}}

TELEKI Béla, széki gr.

<p>Kv., 1899 máj. 16., † New York, 1990. febr. 7.: földbirtokos, bankvezér, képviselő. – Arctur fia. Az EGE és a MP vezetője, az Erdélyi Kereskedelmi és Hitelbank igazgatósági tagja. Az EMGE és az Erdélyi Párt elnöke (1941–). A marossárpataki felső kastély és birtok örököse, amelyet eladott Mircea Vaida-Voevodnak (1933).–  <strong>F. m..:</strong> Előszó: Erdélyi kérdések – magyar kérdések (Kv., 1943). <br /><strong>– Irod.:</strong> Aranykorszak; Berekméri–Gálfi; Bicsok–Orbán; EM, Gudenus; Nagy Iván; Szász István Tas: Pillantás az Erdélyi Magyar Gazdasági Egyesület utolsó éveire (Korunk, 2012, 11. sz.); Murádin János Kristóf: „A’kis magyar világ” politikai keresztmetszete. Az Erdélyi Párt Maros-Torda vármegyei és marosvásárhelyi városi szervezete 1940 és 1944 között = Maros megyei tört; Végh József: Erdély a magyar képviselőházban (Kv., 1942–43).</br></p>

<p>Kv., 1899 máj. 16., † New York, 1990. febr. 7.: földbirtokos, bankvezér, képviselő. – Arctur fia. Az EGE és a MP vezetője, az Erdélyi Kereskedelmi és Hitelbank igazgatósági tagja. Az EMGE és az Erdélyi Párt elnöke (1941–). A marossárpataki felső kastély és birtok örököse, amelyet eladott Mircea Vaida-Voevodnak (1933).– F. m..: Előszó: Erdélyi kérdések – [&hellip;]</p>
