{"id":22788,"date":"2025-08-01T17:00:05","date_gmt":"2025-08-01T15:00:05","guid":{"rendered":"https:\/\/uj.adatbank.ro\/lexikon\/termek\/teleki-domokos-szeki-gr-teleki-domokos\/"},"modified":"2025-08-01T17:00:05","modified_gmt":"2025-08-01T15:00:05","slug":"teleki-domokos-szeki-gr-teleki-domokos","status":"publish","type":"product","link":"https:\/\/uj.adatbank.ro\/lexikon\/termek\/teleki-domokos-szeki-gr-teleki-domokos\/","title":{"rendered":"TELEKI Domokos, sz\u00e9ki gr., Teleki Domokos"},"content":{"rendered":"<p>1748-50 k. ? \u2020 1824. m\u00e1rc. 20., temetve S\u00e1rpatak Teleki kripta: f\u0151isp\u00e1n, \u00fcln\u00f6k, cs. k. kamar\u00e1s, \u00edr\u00f3. \u2013 T. Lajos (1716\u20131758) \u00e9s ikt\u00e1ri gr. Bethlen Kata (\u2020 1790) fia., a Teleki csal\u00e1d s\u00e1rpataki \u00e1g\u00e1nak megalap\u00edt\u00f3i. Feles\u00e9ge: 1. nagyercsei \u00e9s gelencei Tholdalagi Anna (1758\u20131780, esk.1777); 2. bethleni br. Bethlen Judit (\u2020 1784), l\u00e1nyuk Anna \u2013 Kem\u00e9ny Simonn\u00e9; 3. malomvizi gr. Kendeffy Zsuzsanna (1771\u20131821) kit\u0151l gyermekei: R\u00e1chel (1794\u20131868), Polix\u00e9nia (1798\u2013), Elek (1799\u20131866), Krisztina (1803\u2013). Mint gyermek h\u00e1rom \u00e9vig nagysz\u00fclein\u00e9l nevelkedett. Iskol\u00e1it a mv.-i \u00e9s a nagyenyedi Koll.-ban v\u00e9gezte. El\u0151bb katonai p\u00e1ly\u00e1ra l\u00e9pett, f\u0151hadnagyi rangot \u00e9rt el. Szabads\u00e1gra haza\u00e9rkezve ismerte meg Koronk\u00e1n Toldalaghi L\u00e1szl\u00f3 Anna nev\u0171 l\u00e1ny\u00e1t \u00e9s feles\u00e9g\u00fcl vette (1777), felmondott a katonas\u00e1gn\u00e1l, de feles\u00e9ge nemsok\u00e1ra meghalt. Az \u0151szi erd\u00e9lyi forradalom idej\u00e9n a sz\u00e9kelyekkel a Maros mellett t\u00e1borozott (1784). Szebenben ment szolg\u00e1latra az ott sz\u00e9kel\u0151 F\u0151korm\u00e1nysz\u00e9k mell\u00e9 (1786) ott ismerte meg harmadik nej\u00e9t malomvizi Kendeffy Zsuzsann\u00e1t. S\u00e1rpatakon f\u00e9nyes \u00faj kast\u00e9lyt \u00e9p\u00edtett, ez volt a fels\u0151 kast\u00e9ly (1792\u20131795). Ekkor m\u00e1r cs. kir. kamar\u00e1s, Torda megye f\u0151isp\u00e1nja volt, amely szolg\u00e1latot 20 \u00e9vig viselt. \u00c9lete h\u00e1tralev\u0151 r\u00e9sz\u00e9t nagy r\u00e9szben S\u00e1rpatakon vagy mv.-i h\u00e1z\u00e1n\u00e1l t\u00f6lt\u00f6tte, melyeket \u0151 \u00e9p\u00edttetett. A mv.-i v\u00e1rtemplom alatti h\u00e1zat (1797\u20131803) \u00e9s a s\u00e1rpataki fels\u0151 ma m\u00e1r elpusztult kast\u00e9lyt (1792\u201395). Maross\u00e1rpatakon sz\u00fclei s\u00edrja f\u00f6l\u00e9 latin feliratos s\u00edrk\u00f6vet k\u00e9sz\u00edttetett (1808). Mindv\u00e9gig m. ruh\u00e1ban j\u00e1rt, amiben fia Elek is k\u00f6vette. A gyulafeh\u00e9rv\u00e1ri ref. egyh\u00e1zmegye \u00e9s a mv.-i ref. koll\u00e9gium f\u0151gondnoka (1784. \u00e1pr. 18. \u2013). Nej\u00e9vel malomv\u00edzi gr. Kendeffy Zsuzsann\u00e1val 400 rajnai frtot aj\u00e1nlott a ref. koll.-nak botanikus-kert l\u00e9tes\u00edt\u00e9s\u00e9re (1808), tov\u00e1bb\u00e1 a bank\u00f3c\u00e9dul\u00e1k devalv\u00e1ci\u00f3ja \u00e1ltal szenvedett k\u00e1r miatt \u201en\u00e9mi nem\u0171 felseg\u00e9ll\u00e9s\u00e9re a koll\u00e9giumnak, mind az emberis\u00e9g, mind hazafis\u00e1g \u00e9s kereszty\u00e9ni indulatokn\u00e1l fogva\u201d (1816), m\u00e9g 1811-ben leg\u00e1lt 1000 n\u00e9metforintot, a m\u00e1r akkor behozott v\u00e1lt\u00f3c\u00e9dul\u00e1knak becse szerint \u00e9rtve, ez \u00f6sszeget befizette. A K\u00f6vecses utc\u00e1ban l\u00e9v\u0151 telk\u00e9t a k\u00f3rh\u00e1z \u00e9p\u00edt\u00e9s\u00e9re adom\u00e1nyozta, ami fel is \u00e9p\u00fclt Szotyori doktor er\u0151fesz\u00edt\u00e9sei nyom\u00e1n (1812). Mv.-i h\u00e1z\u00e1ra, mely a v\u00e1rtemplom l\u00e9pcs\u0151felj\u00e1r\u00f3ja el\u0151tti K\u00e1lvin-t\u00e9ren \u00e9p\u00edttetett- ma Bern\u00e1dy t\u00e9r 3. (1797- 1803), ma is l\u00e1that\u00f3 latin feliratot tett arr\u00f3l, hogy a h\u00e1z igaz szerzem\u00e9nyb\u0151l ered. Megv\u00e1s\u00e1rolta a telket (1797) \u00e9s a lebontott Kis Pipa alapj\u00e1ra saj\u00e1t tervei szerint \u00e9p\u00edttette fel a h\u00e1zat, amely erd\u00e9lyi barokk st\u00edlusban k\u00e9sz\u00fclt el (1803). Az \u00e9p\u00edttet\u0151 nev\u00e9t a homlokzatra helyezett eml\u00e9kt\u00e1bla \u00f6r\u00f6k\u00edti meg. Hossz\u00fa ideig a G\u00f6r\u00f6g K\u00e1roly birtok\u00e1ban volt, de a Teleki-csal\u00e1d visszav\u00e1s\u00e1rolta, T. Domokos (1880\u20131955) eladta a ref. egyh\u00e1znak (1935), az\u00f3ta esperesi hivatal, Teleki-h\u00e1z n\u00e9ven ismert \u201eA\u201d kateg\u00f3ri\u00e1ba tartoz\u00f3 m\u0171eml\u00e9k, eml\u00e9kt\u00e1bla jelzi, hogy \u201eEbben a h\u00e1zban sz\u00e1llt meg a vil\u00e1gszabads\u00e1g nagy harcosa Bem J\u00f3zsef t\u00e1bornok, aki 1849. j\u00fal. 30-\u00e1n reggel indult Pet\u0151fi S\u00e1ndor k\u00eds\u00e9ret\u00e9ben a feh\u00e9regyh\u00e1zi csatat\u00e9rre. Eml\u00e9k\u00fck legyen \u00e1ldott minden szabads\u00e1gszeret\u0151 ember sz\u00edv\u00e9ben.\u201d Az \u00e9p\u00fclet a ref. egyh\u00e1z tulajdona (1935\u2013). K\u00e9ziratban hagyta saj\u00e1t \u00e9let\u00e9t: \u201eAz emberi sorsnak v\u00e1ltozand\u00f3s\u00e1ga&#8230;.\u201d alexandrinus r\u00edmekben j\u00f3kora k\u00e9t k\u00f6tetben meg\u00edrva. \u2013  <strong>F. m..:<\/strong> Az emberi sorsnak v\u00e1ltozand\u00f3s\u00e1ga, melyet maga p\u00e9ld\u00e1j\u00e1val lerajzolt&#8230; \u00e9s versekbe foglalt. (Kv., 1815), Elbutsuz\u00f3, beiktat\u00f3 b\u00e9k\u00f6sz\u00f6nt\u0151 besz\u00e9dek \u00e9s ezekre tett feleletek (Kv., 1816). <br \/><strong>\u2013 Irod.:<\/strong> Berekm\u00e9ri\u2013G\u00e1lfi; Bicsok\u2013Orb\u00e1n; B\u00edr\u00f3 J\u00f3zsef; Fodor S\u00e1ndor S.: A Teleki- \u00e9s G\u00f6r\u00f6g-h\u00e1z (K\u00f6zpont, 25. sz., 2010. j\u00fan. 23\u201329); Gudenus; Gy\u00e1szjelent\u0151; Halotti besz\u00e9dek; Id\u0151t\u00e1r 1; Kelemen Lajos 2006; Keresztes 1998; Keresztes Gyula: A hajdani Mv., 11.: A v\u00e1ros r\u00e9gi \u00e9p\u00fcletei (N\u00fa., 1996. febr. 3.); Keresztes Gyula: Teleki-h\u00e1z (N\u00fa., 1990. aug. 31.); Koncz; Kr\u00f3n. F\u00fcz. (1939. 4\/9); M. t\u00f6rt. \u00e9vk. napl\u00f3k; Maros megye; Nagy Iv\u00e1n; P\u00e1l-Antal 2006; P\u00e1l-Antal 2009; RMIL; Szinnyei; Szotyori; T\u00eergu Mure\u015f; Valori mure\u015fene de patrimoniu.<\/br><\/p>\n","protected":false},"excerpt":{"rendered":"<p>1748-50 k. ? \u2020 1824. m\u00e1rc. 20., temetve S\u00e1rpatak Teleki kripta: f\u0151isp\u00e1n, \u00fcln\u00f6k, cs. k. kamar\u00e1s, \u00edr\u00f3. \u2013 T. Lajos (1716\u20131758) \u00e9s ikt\u00e1ri gr. Bethlen Kata (\u2020 1790) fia., a Teleki csal\u00e1d s\u00e1rpataki \u00e1g\u00e1nak megalap\u00edt\u00f3i. Feles\u00e9ge: 1. nagyercsei \u00e9s gelencei Tholdalagi Anna (1758\u20131780, esk.1777); 2. bethleni br. Bethlen Judit (\u2020 1784), l\u00e1nyuk Anna \u2013 Kem\u00e9ny [&hellip;]<\/p>\n","protected":false},"featured_media":0,"comment_status":"open","ping_status":"closed","template":"","meta":[],"product_brand":[],"product_cat":[137],"product_tag":[],"class_list":{"0":"post-22788","1":"product","2":"type-product","3":"status-publish","5":"product_cat-maros-megyei-eletrajzi-lexikon","7":"first","8":"instock","9":"shipping-taxable","10":"product-type-simple"},"_links":{"self":[{"href":"https:\/\/uj.adatbank.ro\/lexikon\/wp-json\/wp\/v2\/product\/22788","targetHints":{"allow":["GET"]}}],"collection":[{"href":"https:\/\/uj.adatbank.ro\/lexikon\/wp-json\/wp\/v2\/product"}],"about":[{"href":"https:\/\/uj.adatbank.ro\/lexikon\/wp-json\/wp\/v2\/types\/product"}],"replies":[{"embeddable":true,"href":"https:\/\/uj.adatbank.ro\/lexikon\/wp-json\/wp\/v2\/comments?post=22788"}],"wp:attachment":[{"href":"https:\/\/uj.adatbank.ro\/lexikon\/wp-json\/wp\/v2\/media?parent=22788"}],"wp:term":[{"taxonomy":"product_brand","embeddable":true,"href":"https:\/\/uj.adatbank.ro\/lexikon\/wp-json\/wp\/v2\/product_brand?post=22788"},{"taxonomy":"product_cat","embeddable":true,"href":"https:\/\/uj.adatbank.ro\/lexikon\/wp-json\/wp\/v2\/product_cat?post=22788"},{"taxonomy":"product_tag","embeddable":true,"href":"https:\/\/uj.adatbank.ro\/lexikon\/wp-json\/wp\/v2\/product_tag?post=22788"}],"curies":[{"name":"wp","href":"https:\/\/api.w.org\/{rel}","templated":true}]}}

TELEKI Domokos, széki gr., Teleki Domokos

<p>1748-50 k. ? † 1824. márc. 20., temetve Sárpatak Teleki kripta: főispán, ülnök, cs. k. kamarás, író. – T. Lajos (1716–1758) és iktári gr. Bethlen Kata († 1790) fia., a Teleki család sárpataki ágának megalapítói. Felesége: 1. nagyercsei és gelencei Tholdalagi Anna (1758–1780, esk.1777); 2. bethleni br. Bethlen Judit († 1784), lányuk Anna – Kemény Simonné; 3. malomvizi gr. Kendeffy Zsuzsanna (1771–1821) kitől gyermekei: Ráchel (1794–1868), Polixénia (1798–), Elek (1799–1866), Krisztina (1803–). Mint gyermek három évig nagyszüleinél nevelkedett. Iskoláit a mv.-i és a nagyenyedi Koll.-ban végezte. Előbb katonai pályára lépett, főhadnagyi rangot ért el. Szabadságra hazaérkezve ismerte meg Koronkán Toldalaghi László Anna nevű lányát és feleségül vette (1777), felmondott a katonaságnál, de felesége nemsokára meghalt. Az őszi erdélyi forradalom idején a székelyekkel a Maros mellett táborozott (1784). Szebenben ment szolgálatra az ott székelő Főkormányszék mellé (1786) ott ismerte meg harmadik nejét malomvizi Kendeffy Zsuzsannát. Sárpatakon fényes új kastélyt épített, ez volt a felső kastély (1792–1795). Ekkor már cs. kir. kamarás, Torda megye főispánja volt, amely szolgálatot 20 évig viselt. Élete hátralevő részét nagy részben Sárpatakon vagy mv.-i házánál töltötte, melyeket ő építtetett. A mv.-i vártemplom alatti házat (1797–1803) és a sárpataki felső ma már elpusztult kastélyt (1792–95). Marossárpatakon szülei sírja fölé latin feliratos sírkövet készíttetett (1808). Mindvégig m. ruhában járt, amiben fia Elek is követte. A gyulafehérvári ref. egyházmegye és a mv.-i ref. kollégium főgondnoka (1784. ápr. 18. –). Nejével malomvízi gr. Kendeffy Zsuzsannával 400 rajnai frtot ajánlott a ref. koll.-nak botanikus-kert létesítésére (1808), továbbá a bankócédulák devalvációja által szenvedett kár miatt „némi nemű felsegéllésére a kollégiumnak, mind az emberiség, mind hazafiság és keresztyéni indulatoknál fogva” (1816), még 1811-ben legált 1000 németforintot, a már akkor behozott váltócéduláknak becse szerint értve, ez összeget befizette. A Kövecses utcában lévő telkét a kórház építésére adományozta, ami fel is épült Szotyori doktor erőfeszítései nyomán (1812). Mv.-i házára, mely a vártemplom lépcsőfeljárója előtti Kálvin-téren építtetett- ma Bernády tér 3. (1797- 1803), ma is látható latin feliratot tett arról, hogy a ház igaz szerzeményből ered. Megvásárolta a telket (1797) és a lebontott Kis Pipa alapjára saját tervei szerint építtette fel a házat, amely erdélyi barokk stílusban készült el (1803). Az építtető nevét a homlokzatra helyezett emléktábla örökíti meg. Hosszú ideig a Görög Károly birtokában volt, de a Teleki-család visszavásárolta, T. Domokos (1880–1955) eladta a ref. egyháznak (1935), azóta esperesi hivatal, Teleki-ház néven ismert „A” kategóriába tartozó műemlék, emléktábla jelzi, hogy „Ebben a házban szállt meg a világszabadság nagy harcosa Bem József tábornok, aki 1849. júl. 30-án reggel indult Petőfi Sándor kíséretében a fehéregyházi csatatérre. Emlékük legyen áldott minden szabadságszerető ember szívében.” Az épület a ref. egyház tulajdona (1935–). Kéziratban hagyta saját életét: „Az emberi sorsnak változandósága&#8230;.” alexandrinus rímekben jókora két kötetben megírva. –  <strong>F. m..:</strong> Az emberi sorsnak változandósága, melyet maga példájával lerajzolt&#8230; és versekbe foglalt. (Kv., 1815), Elbutsuzó, beiktató béköszöntő beszédek és ezekre tett feleletek (Kv., 1816). <br /><strong>– Irod.:</strong> Berekméri–Gálfi; Bicsok–Orbán; Bíró József; Fodor Sándor S.: A Teleki- és Görög-ház (Központ, 25. sz., 2010. jún. 23–29); Gudenus; Gyászjelentő; Halotti beszédek; Időtár 1; Kelemen Lajos 2006; Keresztes 1998; Keresztes Gyula: A hajdani Mv., 11.: A város régi épületei (Nú., 1996. febr. 3.); Keresztes Gyula: Teleki-ház (Nú., 1990. aug. 31.); Koncz; Krón. Füz. (1939. 4/9); M. tört. évk. naplók; Maros megye; Nagy Iván; Pál-Antal 2006; Pál-Antal 2009; RMIL; Szinnyei; Szotyori; Tîrgu Mureş; Valori mureşene de patrimoniu.</br></p>

<p>1748-50 k. ? † 1824. márc. 20., temetve Sárpatak Teleki kripta: főispán, ülnök, cs. k. kamarás, író. – T. Lajos (1716–1758) és iktári gr. Bethlen Kata († 1790) fia., a Teleki család sárpataki ágának megalapítói. Felesége: 1. nagyercsei és gelencei Tholdalagi Anna (1758–1780, esk.1777); 2. bethleni br. Bethlen Judit († 1784), lányuk Anna – Kemény [&hellip;]</p>
