{"id":22791,"date":"2025-08-01T17:00:11","date_gmt":"2025-08-01T15:00:11","guid":{"rendered":"https:\/\/uj.adatbank.ro\/lexikon\/termek\/teleki-domokos-szeki-gr\/"},"modified":"2025-08-01T17:00:11","modified_gmt":"2025-08-01T15:00:11","slug":"teleki-domokos-szeki-gr","status":"publish","type":"product","link":"https:\/\/uj.adatbank.ro\/lexikon\/termek\/teleki-domokos-szeki-gr\/","title":{"rendered":"TELEKI Domokos, sz\u00e9ki gr."},"content":{"rendered":"<p>Mv., 1825. j\u00fan. 10. \u2020 V\u00e1rhegy, 1897. m\u00e1rc. 21., temetve Maross\u00e1rpatakon a csal\u00e1di s\u00edrboltba: ogy.-i k\u00e9pvisel\u0151, birtokos gr. \u2013 T. Elek \u00e9s We\u00e9r Julianna fia. Testv\u00e9re: Gy\u00f6rgy (1826\u20131896). Feles\u00e9ge Rad\u00e1k Anna (Esk.: Nagyabony, 1855\u2013) (? \u20131863. ?). Gyermekeik: J\u00f3zsef Mih\u00e1ly (1859\u20131913); Polix\u00e9nia nagyk\u00e1szoni br. Bornemisza Andr\u00e1sn\u00e9; Anna (1856. \u2013 S\u00e1rpatak, 1875. j\u00fal. 19); Gy\u00f6rgy, feles\u00e9ge Kendeffi Ilka. \u2013 Kv.-on \u00e9lt. R\u00e9szt vett az 1848\u201349 es szabads\u00e1gharcban mint sz\u00e1zados, a forradalom lever\u00e9se ut\u00e1n gazd\u00e1lkod\u00e1s\u00e1nak \u00e9lt. Gernyeszegen k\u0151b\u0151l \u00e9p\u00fclt iskol\u00e1t \u00e9p\u00edttetett sz\u00e1z gyermek sz\u00e1m\u00e1ra (1863). Tev\u00e9keny r\u00e9szt vett a megye \u00e9let\u00e9ben Kem\u00e9ny K\u00e1lm\u00e1n Als\u00f3feh\u00e9rmegye f\u0151isp\u00e1nj\u00e1v\u00e1 t\u00f6rt\u00e9nt kinevez\u00e9se ut\u00e1n a sz\u00e1szr\u00e9geni ker\u00fcletben ogy.-i k\u00e9pvisel\u0151v\u00e9 v\u00e1lasztott\u00e1k (1885, 1887) szabadelv\u0171p\u00e1rti programmal. Az erd\u00e9lyi Kereskedelmi \u00e9s Hitelbank Rt. igazgat\u00f3s\u00e1ga alap\u00edt\u00f3ja \u00e9s eln\u00f6ke. A maross\u00e1rpataki fels\u0151 kast\u00e9ly tulajdonosa, birtokos, kit\u0171n\u0151 borai\u00e9rt ki\u00e1ll.-i nagy \u00e9rmet kapott a Bp.-i Orsz\u00e1gos \u00c1ltal\u00e1nos Ki\u00e1ll.-on (1885). Tulajdon\u00e1ba ker\u00fclt a v\u00e1rhegyi Keresztes kast\u00e9ly, valamint a magyar\u00f3zdi G\u00e1ti-udvarh\u00e1z, amelyet fia J\u00f3zsef Mih\u00e1ly \u00f6r\u00f6k\u00f6lt. A romoss\u00e1 v\u00e1lt kast\u00e9lyb\u00f3l \u00e9p\u00fclt (19. sz. v\u00e9g\u00e9n) a Teleki-kast\u00e9ly, amit nagy park vett k\u00f6r\u00fcl. <br \/><strong>\u2013 Irod.:<\/strong> 1885. \u00e9vi ki\u00e1ll.; Fekete; Gudenus; Gy\u00e1szjelent\u0151; Id\u0151t\u00e1r 2; MNZsK; Nagy Iv\u00e1n; Pesty 2014; \u00daj orsz\u00e1ggy\u0171l\u00e9si almanach 1887\u20131892 (Bp., 1888).<\/br><\/p>\n","protected":false},"excerpt":{"rendered":"<p>Mv., 1825. j\u00fan. 10. \u2020 V\u00e1rhegy, 1897. m\u00e1rc. 21., temetve Maross\u00e1rpatakon a csal\u00e1di s\u00edrboltba: ogy.-i k\u00e9pvisel\u0151, birtokos gr. \u2013 T. Elek \u00e9s We\u00e9r Julianna fia. Testv\u00e9re: Gy\u00f6rgy (1826\u20131896). Feles\u00e9ge Rad\u00e1k Anna (Esk.: Nagyabony, 1855\u2013) (? \u20131863. ?). Gyermekeik: J\u00f3zsef Mih\u00e1ly (1859\u20131913); Polix\u00e9nia nagyk\u00e1szoni br. Bornemisza Andr\u00e1sn\u00e9; Anna (1856. \u2013 S\u00e1rpatak, 1875. j\u00fal. 19); Gy\u00f6rgy, feles\u00e9ge [&hellip;]<\/p>\n","protected":false},"featured_media":0,"comment_status":"open","ping_status":"closed","template":"","meta":[],"product_brand":[],"product_cat":[137],"product_tag":[],"class_list":{"0":"post-22791","1":"product","2":"type-product","3":"status-publish","5":"product_cat-maros-megyei-eletrajzi-lexikon","7":"first","8":"instock","9":"shipping-taxable","10":"product-type-simple"},"_links":{"self":[{"href":"https:\/\/uj.adatbank.ro\/lexikon\/wp-json\/wp\/v2\/product\/22791","targetHints":{"allow":["GET"]}}],"collection":[{"href":"https:\/\/uj.adatbank.ro\/lexikon\/wp-json\/wp\/v2\/product"}],"about":[{"href":"https:\/\/uj.adatbank.ro\/lexikon\/wp-json\/wp\/v2\/types\/product"}],"replies":[{"embeddable":true,"href":"https:\/\/uj.adatbank.ro\/lexikon\/wp-json\/wp\/v2\/comments?post=22791"}],"wp:attachment":[{"href":"https:\/\/uj.adatbank.ro\/lexikon\/wp-json\/wp\/v2\/media?parent=22791"}],"wp:term":[{"taxonomy":"product_brand","embeddable":true,"href":"https:\/\/uj.adatbank.ro\/lexikon\/wp-json\/wp\/v2\/product_brand?post=22791"},{"taxonomy":"product_cat","embeddable":true,"href":"https:\/\/uj.adatbank.ro\/lexikon\/wp-json\/wp\/v2\/product_cat?post=22791"},{"taxonomy":"product_tag","embeddable":true,"href":"https:\/\/uj.adatbank.ro\/lexikon\/wp-json\/wp\/v2\/product_tag?post=22791"}],"curies":[{"name":"wp","href":"https:\/\/api.w.org\/{rel}","templated":true}]}}

TELEKI Domokos, széki gr.

<p>Mv., 1825. jún. 10. † Várhegy, 1897. márc. 21., temetve Marossárpatakon a családi sírboltba: ogy.-i képviselő, birtokos gr. – T. Elek és Weér Julianna fia. Testvére: György (1826–1896). Felesége Radák Anna (Esk.: Nagyabony, 1855–) (? –1863. ?). Gyermekeik: József Mihály (1859–1913); Polixénia nagykászoni br. Bornemisza Andrásné; Anna (1856. – Sárpatak, 1875. júl. 19); György, felesége Kendeffi Ilka. – Kv.-on élt. Részt vett az 1848–49 es szabadságharcban mint százados, a forradalom leverése után gazdálkodásának élt. Gernyeszegen kőből épült iskolát építtetett száz gyermek számára (1863). Tevékeny részt vett a megye életében Kemény Kálmán Alsófehérmegye főispánjává történt kinevezése után a szászrégeni kerületben ogy.-i képviselővé választották (1885, 1887) szabadelvűpárti programmal. Az erdélyi Kereskedelmi és Hitelbank Rt. igazgatósága alapítója és elnöke. A marossárpataki felső kastély tulajdonosa, birtokos, kitűnő boraiért kiáll.-i nagy érmet kapott a Bp.-i Országos Általános Kiáll.-on (1885). Tulajdonába került a várhegyi Keresztes kastély, valamint a magyarózdi Gáti-udvarház, amelyet fia József Mihály örökölt. A romossá vált kastélyból épült (19. sz. végén) a Teleki-kastély, amit nagy park vett körül. <br /><strong>– Irod.:</strong> 1885. évi kiáll.; Fekete; Gudenus; Gyászjelentő; Időtár 2; MNZsK; Nagy Iván; Pesty 2014; Új országgyűlési almanach 1887–1892 (Bp., 1888).</br></p>

<p>Mv., 1825. jún. 10. † Várhegy, 1897. márc. 21., temetve Marossárpatakon a családi sírboltba: ogy.-i képviselő, birtokos gr. – T. Elek és Weér Julianna fia. Testvére: György (1826–1896). Felesége Radák Anna (Esk.: Nagyabony, 1855–) (? –1863. ?). Gyermekeik: József Mihály (1859–1913); Polixénia nagykászoni br. Bornemisza Andrásné; Anna (1856. – Sárpatak, 1875. júl. 19); György, felesége [&hellip;]</p>
